{"id":9954,"date":"2024-10-14T17:46:21","date_gmt":"2024-10-14T15:46:21","guid":{"rendered":"https:\/\/ziolazycia.com\/nowa\/?post_type=product&#038;p=9954"},"modified":"2025-11-26T15:59:30","modified_gmt":"2025-11-26T14:59:30","slug":"zycie-miedzy-wcieleniami-autor-dr-michael-newton","status":"publish","type":"product","link":"https:\/\/ziolazycia.com\/nowa\/product\/zycie-miedzy-wcieleniami-autor-dr-michael-newton\/","title":{"rendered":"\u017bycie mi\u0119dzy wcieleniami. Autor: dr Michael Newton"},"content":{"rendered":"<p>Jest to trzecia z serii ksi\u0105\u017cka doktora Michaela Newton&#8217;a, kt\u00f3ry stworzy\u0142 autorsk\u0105 technik\u0119 duchowej regresji. Dwie poprzednie cz\u0119\u015bci zatytu\u0142owane &#8222;<u>W\u0119dr\u00f3wka dusz<\/u>&#8221; i &#8222;<u>Przeznaczenie duszy<\/u>&#8221; zyska\u0142y ogromne uznanie w\u015br\u00f3d czytelnik\u00f3w na ca\u0142ym \u015bwiecie. Ludzie zapragn\u0119li pozna\u0107 historie swojej duszy i jej przeznaczenie w danym \u017cyciu.<\/p>\n<p>Newton, jako renomowany hipnoterapeuta, przez lata prowadzi\u0142 sesje regresji, podczas kt\u00f3rych jego pacjenci pod hipnoz\u0105 opowiadali o swoich do\u015bwiadczeniach z \u017cycia pomi\u0119dzy wcieleniami.<\/p>\n<p data-sourcepos=\"11:1-11:147\">Jego badania sugeruj\u0105, \u017ce:<\/p>\n<ul data-sourcepos=\"13:1-17:0\">\n<li data-sourcepos=\"13:1-13:102\"><strong>Dusza jest wieczna:<\/strong> Nie umiera wraz z cia\u0142em, ale kontynuuje swoj\u0105 egzystencj\u0119 w innym wymiarze.<\/li>\n<li data-sourcepos=\"14:1-14:105\"><strong>Wcielenia s\u0105 cz\u0119\u015bci\u0105 procesu rozwoju:<\/strong> Ka\u017cde kolejne \u017cycie jest okazj\u0105 do nauki i rozwoju duchowego.<\/li>\n<li data-sourcepos=\"15:1-15:123\"><strong>Pami\u0119\u0107 o poprzednich wcieleniach istnieje:<\/strong> Cho\u0107 cz\u0119sto jest ukryta, mo\u017cna j\u0105 odzyska\u0107 za pomoc\u0105 odpowiednich technik.<\/li>\n<li data-sourcepos=\"16:1-17:0\"><strong>Istnieje \u015bwiat duchowy:<\/strong> Miejsce, w kt\u00f3rym dusze spotykaj\u0105 si\u0119 mi\u0119dzy wcieleniami, gdzie planuj\u0105 swoje przysz\u0142e \u017cycie i otrzymuj\u0105 wsparcie duchowych przewodnik\u00f3w.<\/li>\n<\/ul>\n<div class=\"avatar-gutter ng-tns-c80800739-129 ng-star-inserted\"><\/div>\n<div class=\"response-container-content ng-tns-c80800739-129\">\n<div class=\"response-content ng-tns-c80800739-129\">\n<div class=\"markdown markdown-main-panel\" dir=\"ltr\">\n<p data-sourcepos=\"33:1-33:299\">&#8222;\u017bycie mi\u0119dzy wcieleniami&#8221; to fascynuj\u0105ca lektura, kt\u00f3ra zmusza do refleksji nad natur\u0105 rzeczywisto\u015bci i miejscem cz\u0142owieka w kosmosie. Cho\u0107 nie wszystkie przedstawione w niej teorie maj\u0105 naukowe potwierdzenie, ksi\u0105\u017cka ta mo\u017ce by\u0107 inspiracj\u0105 do w\u0142asnych poszukiwa\u0144 i odkrywania tajemnic \u015bwiadomo\u015bci.<\/p>\n<\/div>\n<\/div>\n<\/div>\n<p>&nbsp;<\/p>\n<p><strong>Wydawnictwo:<\/strong> \u00a0\u00a0\u00a0\u00a0\u00a0\u00a0 Illuminatio<br \/>\n<strong>Rok wydania<\/strong>:\u00a0\u00a0\u00a0\u00a0\u00a0\u00a0\u00a0\u00a0\u00a0 2022<br \/>\n<strong>Liczba stron:\u00a0\u00a0 <\/strong>\u00a0\u00a0\u00a0\u00a0\u00a0\u00a0\u00a0 280<br \/>\n<strong>Ok\u0142adka:<\/strong> \u00a0\u00a0\u00a0\u00a0\u00a0\u00a0\u00a0\u00a0\u00a0\u00a0\u00a0\u00a0\u00a0\u00a0\u00a0\u00a0 Mi\u0119kka<br \/>\n<strong>Format [mm]:\u00a0<\/strong> \u00a0\u00a0\u00a0\u00a0\u00a0\u00a0\u00a0 145 x 205<\/p>\n","protected":false},"excerpt":{"rendered":"<p>Ksi\u0105\u017cka &#8222;\u017bycie mi\u0119dzy wcieleniami&#8221; autorstwa dr Michaela Newtona to fascynuj\u0105ca podr\u00f3\u017c w g\u0142\u0105b ludzkiej \u015bwiadomo\u015bci, kt\u00f3ra od lat intryguje czytelnik\u00f3w na ca\u0142ym \u015bwiecie. Dzi\u0119ki unikalnej metodzie hipnoterapii regresyjnej, Newton zabiera nas w niezwyk\u0142\u0105 podr\u00f3\u017c do \u015bwiata dusz, gdzie mo\u017cemy odkry\u0107 tajemnice naszych poprzednich wciele\u0144 i zrozumie\u0107 sens naszego obecnego \u017cycia.<\/p>\n","protected":false},"featured_media":9955,"comment_status":"open","ping_status":"closed","template":"","meta":[],"product_brand":[],"product_cat":[66],"product_tag":[],"class_list":{"0":"post-9954","1":"product","2":"type-product","3":"status-publish","4":"has-post-thumbnail","6":"product_cat-ksiazki","8":"first","9":"instock","10":"taxable","11":"shipping-taxable","12":"purchasable","13":"product-type-simple"},"_links":{"self":[{"href":"https:\/\/ziolazycia.com\/nowa\/wp-json\/wp\/v2\/product\/9954","targetHints":{"allow":["GET"]}}],"collection":[{"href":"https:\/\/ziolazycia.com\/nowa\/wp-json\/wp\/v2\/product"}],"about":[{"href":"https:\/\/ziolazycia.com\/nowa\/wp-json\/wp\/v2\/types\/product"}],"replies":[{"embeddable":true,"href":"https:\/\/ziolazycia.com\/nowa\/wp-json\/wp\/v2\/comments?post=9954"}],"wp:featuredmedia":[{"embeddable":true,"href":"https:\/\/ziolazycia.com\/nowa\/wp-json\/wp\/v2\/media\/9955"}],"wp:attachment":[{"href":"https:\/\/ziolazycia.com\/nowa\/wp-json\/wp\/v2\/media?parent=9954"}],"wp:term":[{"taxonomy":"product_brand","embeddable":true,"href":"https:\/\/ziolazycia.com\/nowa\/wp-json\/wp\/v2\/product_brand?post=9954"},{"taxonomy":"product_cat","embeddable":true,"href":"https:\/\/ziolazycia.com\/nowa\/wp-json\/wp\/v2\/product_cat?post=9954"},{"taxonomy":"product_tag","embeddable":true,"href":"https:\/\/ziolazycia.com\/nowa\/wp-json\/wp\/v2\/product_tag?post=9954"}],"curies":[{"name":"wp","href":"https:\/\/api.w.org\/{rel}","templated":true}]}}