{"id":9946,"date":"2024-10-14T16:23:13","date_gmt":"2024-10-14T14:23:13","guid":{"rendered":"https:\/\/ziolazycia.com\/nowa\/?post_type=product&#038;p=9946"},"modified":"2025-11-26T15:59:30","modified_gmt":"2025-11-26T14:59:30","slug":"wylecz-cukrzyce-autor-dr-joel-fuhrman","status":"publish","type":"product","link":"https:\/\/ziolazycia.com\/nowa\/product\/wylecz-cukrzyce-autor-dr-joel-fuhrman\/","title":{"rendered":"Wylecz cukrzyc\u0119. Autor: dr Joel Fuhrman"},"content":{"rendered":"<p>Wielu chorych zastanawia si\u0119, jak \u017cy\u0107 z t\u0105 podst\u0119pn\u0105 chorob\u0105. W Polsce cierpi na ni\u0105 ponad 3 mln os\u00f3b. Cukrzyca objawia si\u0119 zbyt wysokim poziomem cukru we krwi, jednak nie wszyscy s\u0105 tego \u015bwiadomi. Wi\u0105\u017c\u0105 si\u0119 z ni\u0105 niestety powa\u017cne powik\u0142ania m.in. \u015blepota czy niewydolno\u015b\u0107 nerek. Sama cukrzyca typu 2 jest, zaraz po nadci\u015bnieniu t\u0119tniczym, najcz\u0119\u015bciej wyst\u0119puj\u0105c\u0105 chorob\u0105 przewlek\u0142\u0105, b\u0119d\u0105ca \u015bcis\u0142ym skutkiem nadwagi i oty\u0142o\u015bci. Ka\u017cda z jej typ\u00f3w wymaga ogromnej samokontroli, organizacji i systematyczno\u015bci.<\/p>\n<p>Autor przekonuje, \u017ce chorobie mo\u017cna nie tylko zapobiec, lecz r\u00f3wnie\u017c j\u0105 wyleczy\u0107. Tajniki leczenia tkwi\u0105 w uruchomieniu mechanizmu drzemi\u0105cego w organizmie cz\u0142owieka, kt\u00f3ry jest w stanie przywr\u00f3ci\u0107 diabetyka do wcze\u015bniejszej sprawno\u015bci. Program, kt\u00f3ry przedstawia w swej publikacji autor ukazuje, \u017ce do samouzdrawiaj\u0105cej aktywacji mo\u017cna doprowadzi\u0107 opieraj\u0105c si\u0119 na diecie zasobnej g\u0142\u00f3wnie w sk\u0142adniki od\u017cywcze. Jak si\u0119 okazuje przyjmowanie insuliny mo\u017cna ograniczy\u0107, a nawet j\u0105 wyeliminowa\u0107. Dzi\u0119ki poradnikowi pozb\u0119dziesz si\u0119 skok\u00f3w cukru, zachowasz odpowiedni\u0105 mas\u0119 cia\u0142a, a tak\u017ce uchronisz si\u0119 przed niebezpiecznymi powik\u0142aniami. W oparciu o wyniki, do\u015bwiadczenie i wiele tysi\u0119cy wyleczonych pacjent\u00f3w, mo\u017cna wykaza\u0107, \u017ce program leczenia jest skuteczny nie tylko w przypadku cukrzycy typu drugiego, ale r\u00f3wnie\u017c pierwszego.<\/p>\n<h3 data-sourcepos=\"7:1-7:33\">Czym wyr\u00f3\u017cnia si\u0119 ta ksi\u0105\u017cka?<\/h3>\n<ul data-sourcepos=\"9:1-13:0\">\n<li data-sourcepos=\"9:1-9:160\"><strong>Holistyczne podej\u015bcie:<\/strong> Fuhrman nie skupia si\u0119 jedynie na farmakologicznym leczeniu cukrzycy, ale przede wszystkim na zmianie stylu \u017cycia, zw\u0142aszcza diety.<\/li>\n<li data-sourcepos=\"10:1-10:150\"><strong>Naukowe uzasadnienie:<\/strong> Autor opiera swoje teorie na licznych badaniach naukowych, przedstawiaj\u0105c czytelnikowi solidne podstawy jego rekomendacji.<\/li>\n<li data-sourcepos=\"11:1-11:159\"><strong>Praktyczne wskaz\u00f3wki:<\/strong> Ksi\u0105\u017cka zawiera wiele konkretnych porad dotycz\u0105cych \u017cywienia, stylu \u017cycia i suplementacji, kt\u00f3re mo\u017cna \u0142atwo wdro\u017cy\u0107 w codzienno\u015b\u0107.<\/li>\n<li data-sourcepos=\"12:1-13:0\"><strong>Optymistyczne przes\u0142anie:<\/strong> Fuhrman pokazuje, \u017ce cukrzyca nie musi by\u0107 wyrokiem, a dzi\u0119ki odpowiednim dzia\u0142aniom mo\u017cna znacz\u0105co poprawi\u0107 swoje zdrowie i jako\u015b\u0107 \u017cycia.<\/li>\n<\/ul>\n<h3 data-sourcepos=\"21:1-21:29\">Dla kogo jest ta ksi\u0105\u017cka?<\/h3>\n<ul data-sourcepos=\"23:1-26:0\">\n<li data-sourcepos=\"23:1-23:167\"><strong>Osoby z cukrzyc\u0105 typu 2:<\/strong> Ksi\u0105\u017cka jest niezwykle przydatna dla os\u00f3b zmagaj\u0105cych si\u0119 z cukrzyc\u0105, kt\u00f3re chc\u0105 poprawi\u0107 swoje zdrowie i zmniejszy\u0107 zale\u017cno\u015b\u0107 od lek\u00f3w.<\/li>\n<li data-sourcepos=\"24:1-24:137\"><strong>Osoby z insulinooporno\u015bci\u0105:<\/strong> Ksi\u0105\u017cka mo\u017ce by\u0107 r\u00f3wnie\u017c pomocna dla os\u00f3b z insulinooporno\u015bci\u0105, kt\u00f3re chc\u0105 zapobiec rozwojowi cukrzycy.<\/li>\n<li data-sourcepos=\"25:1-26:0\"><strong>Ka\u017cdy, kto chce zadba\u0107 o swoje zdrowie:<\/strong> Wiedza zawarta w ksi\u0105\u017cce jest przydatna dla ka\u017cdego, kto chce poprawi\u0107 swoje samopoczucie i zapobiec rozwojowi chor\u00f3b przewlek\u0142ych.<\/li>\n<\/ul>\n<div class=\"attachment-container search-images\">\n<div class=\"image-container hide-from-message-actions ng-star-inserted\">\n<div class=\"overlay-container ng-star-inserted\">\n<p data-sourcepos=\"31:1-31:306\">&#8222;Wylecz Cukrzyc\u0119&#8221; to ksi\u0105\u017cka, kt\u00f3ra daje nadziej\u0119 osobom z cukrzyc\u0105. Autor przekonuje, \u017ce dzi\u0119ki odpowiednim zmianom w stylu \u017cycia mo\u017cna znacz\u0105co poprawi\u0107 swoje zdrowie i jako\u015b\u0107 \u017cycia. Je\u015bli chcesz dowiedzie\u0107 si\u0119 wi\u0119cej o tym, jak pokona\u0107 cukrzyc\u0119 za pomoc\u0105 diety i stylu \u017cycia, ta ksi\u0105\u017cka jest dla Ciebie.<\/p>\n<p data-sourcepos=\"33:1-33:121\"><strong>Wa\u017cne:<\/strong> Przed wprowadzeniem jakichkolwiek znacz\u0105cych zmian w diecie lub stylu \u017cycia, zawsze skonsultuj si\u0119 z lekarzem.<\/p>\n<\/div>\n<\/div>\n<\/div>\n<p><strong>Wydawnictwo:<\/strong> \u00a0\u00a0\u00a0\u00a0 Vital<br \/>\n<strong>Rok wydania<\/strong>:\u00a0\u00a0\u00a0\u00a0\u00a0\u00a0\u00a0 2022<br \/>\n<strong>Liczba stron:\u00a0\u00a0 <\/strong>\u00a0\u00a0\u00a0\u00a0\u00a0 352<br \/>\n<strong>Ok\u0142adka:<\/strong> \u00a0\u00a0\u00a0\u00a0\u00a0\u00a0\u00a0\u00a0\u00a0\u00a0\u00a0\u00a0\u00a0\u00a0 Mi\u0119kka<br \/>\n<strong>Format [mm]:\u00a0<\/strong> \u00a0\u00a0\u00a0\u00a0\u00a0 155 x 228<\/p>\n","protected":false},"excerpt":{"rendered":"<p>Ksi\u0105\u017cka <strong>&#8222;Wylecz Cukrzyc\u0119&#8221;<\/strong> autorstwa Joela Fuhrmana to prawdziwa rewolucja w podej\u015bciu do leczenia cukrzycy. Autor, b\u0119d\u0105c zar\u00f3wno lekarzem, jak i ekspertem w dziedzinie \u017cywienia, przedstawia przekonuj\u0105ce dowody na to, \u017ce cukrzyca typu 2 nie jest nieuleczalna, a odpowiednia dieta mo\u017ce odmieni\u0107 \u017cycie wielu os\u00f3b.<\/p>\n","protected":false},"featured_media":9947,"comment_status":"open","ping_status":"closed","template":"","meta":[],"product_brand":[],"product_cat":[66],"product_tag":[],"class_list":{"0":"post-9946","1":"product","2":"type-product","3":"status-publish","4":"has-post-thumbnail","6":"product_cat-ksiazki","8":"first","9":"instock","10":"taxable","11":"shipping-taxable","12":"purchasable","13":"product-type-simple"},"_links":{"self":[{"href":"https:\/\/ziolazycia.com\/nowa\/wp-json\/wp\/v2\/product\/9946","targetHints":{"allow":["GET"]}}],"collection":[{"href":"https:\/\/ziolazycia.com\/nowa\/wp-json\/wp\/v2\/product"}],"about":[{"href":"https:\/\/ziolazycia.com\/nowa\/wp-json\/wp\/v2\/types\/product"}],"replies":[{"embeddable":true,"href":"https:\/\/ziolazycia.com\/nowa\/wp-json\/wp\/v2\/comments?post=9946"}],"wp:featuredmedia":[{"embeddable":true,"href":"https:\/\/ziolazycia.com\/nowa\/wp-json\/wp\/v2\/media\/9947"}],"wp:attachment":[{"href":"https:\/\/ziolazycia.com\/nowa\/wp-json\/wp\/v2\/media?parent=9946"}],"wp:term":[{"taxonomy":"product_brand","embeddable":true,"href":"https:\/\/ziolazycia.com\/nowa\/wp-json\/wp\/v2\/product_brand?post=9946"},{"taxonomy":"product_cat","embeddable":true,"href":"https:\/\/ziolazycia.com\/nowa\/wp-json\/wp\/v2\/product_cat?post=9946"},{"taxonomy":"product_tag","embeddable":true,"href":"https:\/\/ziolazycia.com\/nowa\/wp-json\/wp\/v2\/product_tag?post=9946"}],"curies":[{"name":"wp","href":"https:\/\/api.w.org\/{rel}","templated":true}]}}