{"id":9940,"date":"2024-10-14T15:37:07","date_gmt":"2024-10-14T13:37:07","guid":{"rendered":"https:\/\/ziolazycia.com\/nowa\/?post_type=product&#038;p=9940"},"modified":"2025-11-26T15:59:28","modified_gmt":"2025-11-26T14:59:28","slug":"mysl-jak-wojownik-piec-przekonan-ktore-sprawia-ze-staniesz-sie-niepokonany-autor-darrin-donnelly","status":"publish","type":"product","link":"https:\/\/ziolazycia.com\/nowa\/product\/mysl-jak-wojownik-piec-przekonan-ktore-sprawia-ze-staniesz-sie-niepokonany-autor-darrin-donnelly\/","title":{"rendered":"My\u015bl jak wojownik. Pi\u0119\u0107 przekona\u0144, kt\u00f3re sprawi\u0105, \u017ce staniesz si\u0119 niepokonany. Autor: Darrin Donnelly"},"content":{"rendered":"<p data-sourcepos=\"5:1-5:27\"><strong>Ksi\u0105\u017cka Darrina Donnelly&#8217;ego to prawdziwa skarbnica wiedzy dla tych, kt\u00f3rzy pragn\u0105 rozwin\u0105\u0107 w sobie mentalno\u015b\u0107 zwyci\u0119zcy.<\/strong><\/p>\n<p data-sourcepos=\"5:1-5:27\">Autor, czerpi\u0105c inspiracj\u0119 z do\u015bwiadcze\u0144 pi\u0119ciu legendarnych trener\u00f3w, przedstawia czytelnikom pi\u0119\u0107 fundamentalnych przekona\u0144, kt\u00f3re mog\u0105 zmieni\u0107 \u017cycie.<\/p>\n<h3 data-sourcepos=\"5:1-5:27\">Co wyr\u00f3\u017cnia t\u0119 ksi\u0105\u017ck\u0119?<\/h3>\n<ul data-sourcepos=\"7:1-10:0\">\n<li data-sourcepos=\"7:1-7:277\"><strong>Unikalna forma:<\/strong> Ksi\u0105\u017cka jest napisana w formie opowie\u015bci, co czyni j\u0105 niezwykle anga\u017cuj\u0105c\u0105. Czytelnik towarzyszy g\u0142\u00f3wnemu bohaterowi, kt\u00f3ry dzi\u0119ki spotkaniom z legendarnymi trenerami sportowymi, takimi jak John Wooden czy Vince Lombardi, przechodzi g\u0142\u0119bok\u0105 transformacj\u0119.<\/li>\n<li data-sourcepos=\"8:1-8:203\"><strong>Praktyczne wskaz\u00f3wki:<\/strong> Ka\u017cde z pi\u0119ciu przekona\u0144 jest szczeg\u00f3\u0142owo om\u00f3wione i zilustrowane przyk\u0142adami z \u017cycia. Autor podaje konkretne narz\u0119dzia i techniki, kt\u00f3re mo\u017cemy zastosowa\u0107 w codziennym \u017cyciu.<\/li>\n<li data-sourcepos=\"9:1-10:0\"><strong>Holistyczne podej\u015bcie:<\/strong> Donnelly podkre\u015bla, \u017ce bycie wojownikiem to nie tylko si\u0142a fizyczna, ale tak\u017ce mentalna i duchowa. Ksi\u0105\u017cka porusza tematy takie jak pewno\u015b\u0107 siebie, determinacja, pozytywne my\u015blenie czy rozw\u00f3j osobisty.<\/li>\n<\/ul>\n<h3 data-sourcepos=\"7:1-7:162\">&#8222;My\u015bl jak wojownik&#8221; to nie tylko poradnik dla sportowc\u00f3w.<\/h3>\n<p data-sourcepos=\"7:1-7:162\">To uniwersalna instrukcja, kt\u00f3ra mo\u017ce by\u0107 zastosowana w ka\u017cdej dziedzinie \u017cycia. Donnelly pokazuje, jak:<\/p>\n<ul data-sourcepos=\"9:1-14:0\">\n<li data-sourcepos=\"9:1-9:100\"><strong>Zbudowa\u0107 niez\u0142omn\u0105 pewno\u015b\u0107 siebie,<\/strong> pokonuj\u0105c w\u0142asne ograniczenia i wierz\u0105c w swoje mo\u017cliwo\u015bci.<\/li>\n<li data-sourcepos=\"10:1-10:96\"><strong>Rozwia\u0107 wytrzyma\u0142o\u015b\u0107 psychiczn\u0105,<\/strong> ucz\u0105c si\u0119 radzi\u0107 sobie ze stresem i przeciwno\u015bciami losu.<\/li>\n<li data-sourcepos=\"11:1-11:95\"><strong>Zapocz\u0105tkowa\u0107 ka\u017cdy dzie\u0144 z entuzjazmem,<\/strong> odkrywaj\u0105c rado\u015b\u0107 w dzia\u0142aniu i osi\u0105ganiu cel\u00f3w.<\/li>\n<li data-sourcepos=\"12:1-12:80\"><strong>Wykorzysta\u0107 moc pozytywnego my\u015blenia,<\/strong> przekszta\u0142caj\u0105c przeszkody w okazje.<\/li>\n<li data-sourcepos=\"13:1-14:0\"><strong>Zmobilizowa\u0107 wewn\u0119trzn\u0105 si\u0142\u0119, <\/strong>odkrywaj\u0105c sw\u00f3j potencja\u0142 i d\u0105\u017c\u0105c do doskona\u0142o\u015bci.<\/li>\n<\/ul>\n<p>&#8222;My\u015bl jak wojownik&#8221; to ksi\u0105\u017cka, kt\u00f3ra mo\u017ce zmieni\u0107 Twoje \u017cycie. Je\u015bli chcesz osi\u0105gn\u0105\u0107 wi\u0119cej, rozwin\u0105\u0107 sw\u00f3j potencja\u0142 i sta\u0107 si\u0119 najlepsz\u0105 wersj\u0105 siebie, si\u0119gnij po t\u0119 lektur\u0119.<\/p>\n<p><strong>Wydawnictwo:<\/strong> \u00a0\u00a0\u00a0 Galaktyka<br \/>\n<strong>Rok wydania<\/strong>:\u00a0\u00a0\u00a0\u00a0\u00a0\u00a0 2024<br \/>\n<strong>Liczba stron:\u00a0\u00a0 <\/strong>\u00a0\u00a0\u00a0\u00a0 208<br \/>\n<strong>Ok\u0142adka:<\/strong> \u00a0\u00a0\u00a0\u00a0\u00a0\u00a0\u00a0\u00a0\u00a0\u00a0\u00a0\u00a0\u00a0 Mi\u0119kka<br \/>\n<strong>Format [mm]:\u00a0<\/strong> \u00a0\u00a0\u00a0\u00a0 152 x 227<\/p>\n","protected":false},"excerpt":{"rendered":"<p><strong>&#8222;My\u015bl jak wojownik&#8221;<\/strong> to ksi\u0105\u017cka, kt\u00f3ra wykracza poza ramy typowej motywacyjnej lektury. Autor, Darrin Donnelly, zabiera nas w inspiruj\u0105c\u0105 podr\u00f3\u017c, podczas kt\u00f3rej poznajemy pi\u0119\u0107 fundamentalnych przekona\u0144, kt\u00f3re mog\u0105 przekszta\u0142ci\u0107 nasze \u017cycie. To nie jest zwyk\u0142y poradnik \u2013 to przewodnik dla tych, kt\u00f3rzy pragn\u0105 odkry\u0107 w sobie si\u0142\u0119 wojownika i osi\u0105gn\u0105\u0107 nieograniczone mo\u017cliwo\u015bci.<\/p>\n","protected":false},"featured_media":9941,"comment_status":"open","ping_status":"closed","template":"","meta":[],"product_brand":[],"product_cat":[66],"product_tag":[],"class_list":{"0":"post-9940","1":"product","2":"type-product","3":"status-publish","4":"has-post-thumbnail","6":"product_cat-ksiazki","8":"first","9":"instock","10":"taxable","11":"shipping-taxable","12":"purchasable","13":"product-type-simple"},"_links":{"self":[{"href":"https:\/\/ziolazycia.com\/nowa\/wp-json\/wp\/v2\/product\/9940","targetHints":{"allow":["GET"]}}],"collection":[{"href":"https:\/\/ziolazycia.com\/nowa\/wp-json\/wp\/v2\/product"}],"about":[{"href":"https:\/\/ziolazycia.com\/nowa\/wp-json\/wp\/v2\/types\/product"}],"replies":[{"embeddable":true,"href":"https:\/\/ziolazycia.com\/nowa\/wp-json\/wp\/v2\/comments?post=9940"}],"wp:featuredmedia":[{"embeddable":true,"href":"https:\/\/ziolazycia.com\/nowa\/wp-json\/wp\/v2\/media\/9941"}],"wp:attachment":[{"href":"https:\/\/ziolazycia.com\/nowa\/wp-json\/wp\/v2\/media?parent=9940"}],"wp:term":[{"taxonomy":"product_brand","embeddable":true,"href":"https:\/\/ziolazycia.com\/nowa\/wp-json\/wp\/v2\/product_brand?post=9940"},{"taxonomy":"product_cat","embeddable":true,"href":"https:\/\/ziolazycia.com\/nowa\/wp-json\/wp\/v2\/product_cat?post=9940"},{"taxonomy":"product_tag","embeddable":true,"href":"https:\/\/ziolazycia.com\/nowa\/wp-json\/wp\/v2\/product_tag?post=9940"}],"curies":[{"name":"wp","href":"https:\/\/api.w.org\/{rel}","templated":true}]}}