{"id":9900,"date":"2024-10-07T11:05:13","date_gmt":"2024-10-07T09:05:13","guid":{"rendered":"https:\/\/ziolazycia.com\/nowa\/?post_type=product&#038;p=9900"},"modified":"2025-11-26T15:59:24","modified_gmt":"2025-11-26T14:59:24","slug":"olej-z-nasion-opuncji-figowej-saharacactus-z-certyfikatem-ecocert-30-ml-z-pompka","status":"publish","type":"product","link":"https:\/\/ziolazycia.com\/nowa\/product\/olej-z-nasion-opuncji-figowej-saharacactus-z-certyfikatem-ecocert-30-ml-z-pompka\/","title":{"rendered":"Olej z nasion opuncji figowej Saharacactus z certyfikatem ECOCERT 30 ml z pompk\u0105"},"content":{"rendered":"<h3><strong>Olej z opuncji figowej Saharacactus \u2013 skarb maroka\u0144skiej pustyni<\/strong><\/h3>\n<h3><strong>Dlaczego olej z opuncji figowej jest tak wyj\u0105tkowy? Decyduje o tym:<br \/>\n<\/strong><\/h3>\n<ul>\n<li><strong>Bogactwo witamin i antyoksydant\u00f3w:<\/strong> Zawiera witaminy E, K i A, kt\u00f3re maj\u0105 silne dzia\u0142anie antyoksydacyjne. Zwalczaj\u0105 wolne rodniki, op\u00f3\u017aniaj\u0105c proces starzenia si\u0119 sk\u00f3ry.<\/li>\n<li><strong>Kwasy t\u0142uszczowe omega-6:<\/strong> Od\u017cywiaj\u0105 sk\u00f3r\u0119, poprawiaj\u0105 jej elastyczno\u015b\u0107 i uj\u0119drnienie.<\/li>\n<li><strong>Beta-karoten:<\/strong> Stymuluje produkcj\u0119 kolagenu, dzi\u0119ki czemu sk\u00f3ra staje si\u0119 bardziej napi\u0119ta i wyg\u0142adzona.<\/li>\n<li><strong>Lekka konsystencja:<\/strong> Szybko si\u0119 wch\u0142ania, nie pozostawiaj\u0105c t\u0142ustego filmu.<\/li>\n<\/ul>\n<h3><strong>W\u0142a\u015bciwo\u015bci piel\u0119gnacyjne oleju z opuncji figowej<\/strong><\/h3>\n<p>Olej z opuncji figowej jest tak\u017ce nazywany &#8222;naturalnym botoksem&#8221; ze wzgl\u0119du na jego zdolno\u015b\u0107 do stymulowania regeneracji sk\u00f3ry i redukcji oznak starzenia. Jego wyj\u0105tkowa formu\u0142a zawiera bogactwo witamin, przeciwutleniaczy i nienasyconych kwas\u00f3w t\u0142uszczowych, kt\u00f3re maj\u0105 wykazuj\u0105 takie dzia\u0142ania jak:<\/p>\n<ul>\n<li><strong>Nawil\u017cenie i od\u017cywienie:<\/strong> G\u0142\u0119boko nawil\u017ca sk\u00f3r\u0119, poprawia jej elastyczno\u015b\u0107 i uj\u0119drnienie. Dzi\u0119ki witaminom i minera\u0142om zawartym w oleju sk\u00f3ra odzyskuje zdrowy blask i naturalne pi\u0119kno. Fitosterole naturalnie wyst\u0119puj\u0105ce w oleju z opuncji figowej pomagaj\u0105 zwi\u0119kszy\u0107 elastyczno\u015b\u0107 sk\u00f3ry, co mo\u017ce przyczyni\u0107 si\u0119 do jej j\u0119drno\u015bci i spr\u0119\u017cysto\u015bci.<\/li>\n<li><strong>Regeneracja:<\/strong> wspomaga gojenie si\u0119 ran, zmniejsza widoczno\u015b\u0107 blizn i rozst\u0119p\u00f3w.<\/li>\n<li><strong>Ochrona przed wolnymi rodnikami:<\/strong> Op\u00f3\u017ania proces starzenia si\u0119 sk\u00f3ry, zmniejsza liczb\u0119 zmarszczek.<\/li>\n<li><strong>Dzia\u0142anie przeciwzapalne:<\/strong> \u0141agodzi podra\u017cnienia i zaczerwienienia sk\u00f3ry.<\/li>\n<li><strong>Ochrona przed promieniowaniem UV:<\/strong> Tworzy na sk\u00f3rze delikatn\u0105 warstw\u0119 ochronn\u0105.<\/li>\n<li><strong>Redukcja Zmarszczek:<\/strong>\u00a0Dzi\u0119ki wysokiej zawarto\u015bci witaminy E i kwas\u00f3w t\u0142uszczowych, olej z opuncji figowej mo\u017ce pom\u00f3c w wyg\u0142adzeniu i zredukowaniu widoczno\u015bci drobnych linii i zmarszczek, nadaj\u0105c Twojej sk\u00f3rze m\u0142odszy wygl\u0105d.<\/li>\n<\/ul>\n<h3><strong>Dla kogo jest olej z opuncji figowej?<\/strong><\/h3>\n<p>Olej z opuncji figowej jest odpowiedni dla ka\u017cdego rodzaju sk\u00f3ry, szczeg\u00f3lnie:<\/p>\n<ul>\n<li><strong>Sk\u00f3ry dojrza\u0142ej:<\/strong> Wyg\u0142adza zmarszczki, poprawia j\u0119drno\u015b\u0107 i elastyczno\u015b\u0107.<\/li>\n<li><strong>Sk\u00f3ry suchej i odwodnionej:<\/strong> G\u0142\u0119boko nawil\u017ca i od\u017cywia.<\/li>\n<li><strong>Sk\u00f3ry wra\u017cliwej:<\/strong> \u0141agodzi podra\u017cnienia i zaczerwienienia.<\/li>\n<li><strong>Sk\u00f3ry z tr\u0105dzikiem:<\/strong> Reguluje prac\u0119 gruczo\u0142\u00f3w \u0142ojowych, zmniejsza stany zapalne.<\/li>\n<\/ul>\n<h3><strong>Jak stosowa\u0107 olej z opuncji figowej?<\/strong><\/h3>\n<p>Olej z opuncji figowej mo\u017cna stosowa\u0107 na wiele sposob\u00f3w:<\/p>\n<ul>\n<li><strong>Jako serum:<\/strong> Nanie\u015b kilka kropel na oczyszczon\u0105 i zwil\u017con\u0105 sk\u00f3r\u0119 twarzy. Delikatnie wklep opuszkami palc\u00f3w. Stosuj raz dziennie, najlepiej na noc, aby dok\u0142adnie si\u0119 wch\u0142on\u0105\u0142.<\/li>\n<li><strong>Jako dodatek do kremu:<\/strong> Dodaj kilka kropel oleju do swojego ulubionego kremu, aby wzbogaci\u0107 jego dzia\u0142anie.<\/li>\n<li><strong>Do w\u0142os\u00f3w:<\/strong> Na\u0142\u00f3\u017c kilka kropel oleju na ko\u0144c\u00f3wki w\u0142os\u00f3w lub na ca\u0142\u0105 d\u0142ugo\u015b\u0107, aby je nawil\u017cy\u0107 i zregenerowa\u0107.<\/li>\n<\/ul>\n<p><strong>Dlaczego warto wybra\u0107 olej z opuncji figowej Saharacactus?<\/strong><\/p>\n<p>Marka Saharacactus to gwarancja najwy\u017cszej jako\u015bci. Oleje s\u0105 t\u0142oczone na zimno, dzi\u0119ki czemu zachowuj\u0105 wszystkie swoje cenne w\u0142a\u015bciwo\u015bci. Produkty posiadaj\u0105 certyfikaty ekologiczne, co oznacza, \u017ce s\u0105 wolne od szkodliwych substancji.<\/p>\n<p>Olej z opuncji figowej Saharacactus to prawdziwy skarb natury, kt\u00f3ry pomo\u017ce Ci zadba\u0107 o pi\u0119kno i zdrowie Twojej sk\u00f3ry i w\u0142os\u00f3w. Jego wyj\u0105tkowe w\u0142a\u015bciwo\u015bci i delikatna konsystencja sprawiaj\u0105, \u017ce jest idealny do codziennej piel\u0119gnacji.<\/p>\n<p><strong>Spos\u00f3b otrzymywania:<\/strong> Z pierwszego t\u0142oczenia na zimno, nierafinowany.<br \/>\n<strong>Sk\u0142ad:<\/strong> 100% BIO Opuntia ficus indica seed oil.<br \/>\n<strong>Jako\u015b\u0107<\/strong>: 100% czysty i naturalny, pochodz\u0105cy z biologicznych upraw certyfikowanych przez<strong> ECOCERT<\/strong> (mi\u0119dzynarodowy certyfikat jako\u015bci produkt\u00f3w BIO).<br \/>\n<strong>Warunki przechowywania<\/strong>: Przechowywa\u0107 w suchym miejscu, z dala od \u017ar\u00f3d\u0142a \u015bwiat\u0142a i ciep\u0142a, w temperaturze do 25\u00baC.<br \/>\n<strong>Dystrybutor<\/strong>: Maroko Product<br \/>\n<strong>Kraj pochodzenia:<\/strong> Maroko<\/p>\n","protected":false},"excerpt":{"rendered":"<h3><strong>Olej z nasion opuncji figowej<\/strong> zwany jest cz\u0119sto <strong>&#8222;maroka\u0144skim z\u0142otem&#8221;<\/strong>.<\/h3>\n<p>To jeden z najbardziej luksusowych i cenionych olei ro\u015blinnych na \u015bwiecie. Jego wyj\u0105tkowe w\u0142a\u015bciwo\u015bci sprawiaj\u0105, \u017ce jest niezwykle skuteczny w piel\u0119gnacji sk\u00f3ry i w\u0142os\u00f3w. Olej z opuncji figowej Saharacactus to prawdziwy skarb natury. Jego wyj\u0105tkowe w\u0142a\u015bciwo\u015bci i delikatna konsystencja sprawiaj\u0105, \u017ce jest idealny do codziennej piel\u0119gnacji.<\/p>\n","protected":false},"featured_media":9901,"comment_status":"open","ping_status":"closed","template":"","meta":[],"product_brand":[],"product_cat":[82],"product_tag":[],"class_list":{"0":"post-9900","1":"product","2":"type-product","3":"status-publish","4":"has-post-thumbnail","6":"product_cat-kosmetyki-naturalne","8":"first","9":"instock","10":"sale","11":"taxable","12":"shipping-taxable","13":"purchasable","14":"product-type-simple"},"_links":{"self":[{"href":"https:\/\/ziolazycia.com\/nowa\/wp-json\/wp\/v2\/product\/9900","targetHints":{"allow":["GET"]}}],"collection":[{"href":"https:\/\/ziolazycia.com\/nowa\/wp-json\/wp\/v2\/product"}],"about":[{"href":"https:\/\/ziolazycia.com\/nowa\/wp-json\/wp\/v2\/types\/product"}],"replies":[{"embeddable":true,"href":"https:\/\/ziolazycia.com\/nowa\/wp-json\/wp\/v2\/comments?post=9900"}],"wp:featuredmedia":[{"embeddable":true,"href":"https:\/\/ziolazycia.com\/nowa\/wp-json\/wp\/v2\/media\/9901"}],"wp:attachment":[{"href":"https:\/\/ziolazycia.com\/nowa\/wp-json\/wp\/v2\/media?parent=9900"}],"wp:term":[{"taxonomy":"product_brand","embeddable":true,"href":"https:\/\/ziolazycia.com\/nowa\/wp-json\/wp\/v2\/product_brand?post=9900"},{"taxonomy":"product_cat","embeddable":true,"href":"https:\/\/ziolazycia.com\/nowa\/wp-json\/wp\/v2\/product_cat?post=9900"},{"taxonomy":"product_tag","embeddable":true,"href":"https:\/\/ziolazycia.com\/nowa\/wp-json\/wp\/v2\/product_tag?post=9900"}],"curies":[{"name":"wp","href":"https:\/\/api.w.org\/{rel}","templated":true}]}}