{"id":978,"date":"2023-11-28T19:33:02","date_gmt":"2023-11-28T18:33:02","guid":{"rendered":"https:\/\/ziolazycia.com\/nowa\/?post_type=product&#038;p=978"},"modified":"2025-11-26T15:58:19","modified_gmt":"2025-11-26T14:58:19","slug":"moc-modlitwy-niezwykla-potega-podswiadomosci-joseph-murphy","status":"publish","type":"product","link":"https:\/\/ziolazycia.com\/nowa\/product\/moc-modlitwy-niezwykla-potega-podswiadomosci-joseph-murphy\/","title":{"rendered":"Moc modlitwy. Niezwyk\u0142a pot\u0119ga pod\u015bwiadomo\u015bci Autor: Joseph Murphy"},"content":{"rendered":"<p>B\u00f3g jest wszechobecny. Oznacza to, \u017ce istnieje w ka\u017cdym u\u0142amku czasu i w ka\u017cdym skrawku przestrzeni. Nie nale\u017cy o tym zapomina\u0107 ani na chwil\u0119. Praktyka Bo\u017cej obecno\u015bci przez ca\u0142y dzie\u0144 stanowi klucz do harmonii, zdrowia, spokoju i poczucia szcz\u0119\u015bcia. Wystarczy, \u017ce b\u0119dziesz widzie\u0107 Boga w ka\u017cdym cz\u0142owieku i we wszystkim, co napotykasz na swojej drodze, oraz \u017ce z pe\u0142n\u0105 wiar\u0105 i ufno\u015bci\u0105 otworzysz si\u0119 na Jego obecno\u015b\u0107. Bosko\u015b\u0107 bowiem jest w Tobie i Twoim umy\u015ble. Sprawia, \u017ce nosisz w sobie moc uzdrawiania i mo\u017cesz znale\u017a\u0107 w\u0142asn\u0105 drog\u0119 ku zdrowiu, harmonii i dobrobytowi, a r\u00f3wnocze\u015bnie stawa\u0107 si\u0119 coraz lepszym cz\u0142owiekiem.<\/p>\n<p>Wiedza na ten temat znajduje si\u0119 w Biblii. W tej cudownej ksi\u0119dze zawarte s\u0105 teksty m\u00f3wi\u0105ce o prawach duchowych i umys\u0142owych, kt\u00f3re od zawsze kszta\u0142towa\u0142y \u015bwiat i ludzi. Niekt\u00f3re z tych prawd zosta\u0142y ukryte &#8211; by je ujawni\u0107, potrzeba znajomo\u015bci symboliki i alfabetu hebrajskiego. Ich studiowanie pozwala uzyska\u0107 wiedz\u0119, dzi\u0119ki kt\u00f3rej mo\u017cliwe staj\u0105 si\u0119 modlitwa i ci\u0105g\u0142e praktykowanie Bo\u017cej obecno\u015bci.<\/p>\n<p>Dzi\u0119ki tej ksi\u0105\u017cce odkryjesz prawdziw\u0105 moc modlitwy. Dowiesz si\u0119, co zrobi\u0107, aby znale\u017a\u0107 w\u0142asn\u0105 \u015bcie\u017ck\u0119 rozwoju i \u015bwiadomego do\u015bwiadczania obecno\u015bci Boga. W zawartych tu niezwyk\u0142ych tekstach odnajdziesz znaczenie niekt\u00f3rych fragment\u00f3w Biblii. Kiedy jeszcze raz je przestudiujesz, przekonasz si\u0119, jak pi\u0119kny, doskona\u0142y i pot\u0119\u017cny jest Tw\u00f3j umys\u0142, je\u015bli tylko zwr\u00f3cisz go ku Bogu. Znajdziesz tu wskaz\u00f3wki dotycz\u0105ce modlitw o zdrowie, spok\u00f3j, bogactwo, a tak\u017ce o szcz\u0119\u015bliwe i spe\u0142nione ma\u0142\u017ce\u0144stwo. Zainspirujesz si\u0119 do prostej, szczerej i ufnej modlitwy &#8211; i ju\u017c wkr\u00f3tce odczujesz, jak wspania\u0142ym jest darem!<\/p>\n<p>Pan, Tw\u00f3j B\u00f3g jest po\u015br\u00f3d ciebie, Mocarz!<\/p>\n<p><strong>Wydawnictwo<\/strong>. Sensus<br \/>\n<strong>Rok wydania<\/strong>: 2022<br \/>\n<strong>Liczba stron<\/strong>: 152<br \/>\n<strong>Ok\u0142adka<\/strong>: Twarda<br \/>\n<strong>Format [mm]<\/strong>: 127&#215;200<\/p>\n","protected":false},"excerpt":{"rendered":"<p>Dzi\u0119ki tej ksi\u0105\u017cce odkryjesz prawdziw\u0105 moc modlitwy. Dowiesz si\u0119, co zrobi\u0107, aby znale\u017a\u0107 w\u0142asn\u0105 \u015bcie\u017ck\u0119 rozwoju i \u015bwiadomego do\u015bwiadczania obecno\u015bci Boga. W zawartych tu niezwyk\u0142ych tekstach odnajdziesz znaczenie niekt\u00f3rych fragment\u00f3w Biblii. Kiedy jeszcze raz je przestudiujesz, przekonasz si\u0119, jak pi\u0119kny, doskona\u0142y i pot\u0119\u017cny jest Tw\u00f3j umys\u0142, je\u015bli tylko zwr\u00f3cisz go ku Bogu. Znajdziesz tu wskaz\u00f3wki dotycz\u0105ce modlitw o zdrowie, spok\u00f3j, bogactwo, a tak\u017ce o szcz\u0119\u015bliwe i spe\u0142nione ma\u0142\u017ce\u0144stwo. Zainspirujesz si\u0119 do prostej, szczerej i ufnej modlitwy &#8211; i ju\u017c wkr\u00f3tce odczujesz, jak wspania\u0142ym jest darem!<\/p>\n","protected":false},"featured_media":9395,"comment_status":"closed","ping_status":"closed","template":"","meta":[],"product_brand":[],"product_cat":[66],"product_tag":[],"class_list":{"0":"post-978","1":"product","2":"type-product","3":"status-publish","4":"has-post-thumbnail","6":"product_cat-ksiazki","8":"first","9":"instock","10":"taxable","11":"shipping-taxable","12":"purchasable","13":"product-type-simple"},"_links":{"self":[{"href":"https:\/\/ziolazycia.com\/nowa\/wp-json\/wp\/v2\/product\/978","targetHints":{"allow":["GET"]}}],"collection":[{"href":"https:\/\/ziolazycia.com\/nowa\/wp-json\/wp\/v2\/product"}],"about":[{"href":"https:\/\/ziolazycia.com\/nowa\/wp-json\/wp\/v2\/types\/product"}],"replies":[{"embeddable":true,"href":"https:\/\/ziolazycia.com\/nowa\/wp-json\/wp\/v2\/comments?post=978"}],"wp:featuredmedia":[{"embeddable":true,"href":"https:\/\/ziolazycia.com\/nowa\/wp-json\/wp\/v2\/media\/9395"}],"wp:attachment":[{"href":"https:\/\/ziolazycia.com\/nowa\/wp-json\/wp\/v2\/media?parent=978"}],"wp:term":[{"taxonomy":"product_brand","embeddable":true,"href":"https:\/\/ziolazycia.com\/nowa\/wp-json\/wp\/v2\/product_brand?post=978"},{"taxonomy":"product_cat","embeddable":true,"href":"https:\/\/ziolazycia.com\/nowa\/wp-json\/wp\/v2\/product_cat?post=978"},{"taxonomy":"product_tag","embeddable":true,"href":"https:\/\/ziolazycia.com\/nowa\/wp-json\/wp\/v2\/product_tag?post=978"}],"curies":[{"name":"wp","href":"https:\/\/api.w.org\/{rel}","templated":true}]}}