{"id":743,"date":"2022-11-25T08:48:07","date_gmt":"2022-11-25T07:48:07","guid":{"rendered":"https:\/\/ziolazycia.com\/nowa\/?post_type=product&#038;p=743"},"modified":"2025-11-26T15:58:15","modified_gmt":"2025-11-26T14:58:15","slug":"olejek-eteryczny-doterra-balance-spokoj-roll-on-10-ml","status":"publish","type":"product","link":"https:\/\/ziolazycia.com\/nowa\/product\/olejek-eteryczny-doterra-balance-spokoj-roll-on-10-ml\/","title":{"rendered":"doTERRA Mieszanka olejk\u00f3w eterycznych BALANCE TOUCH (R\u00f3wnowaga) roll on 10 ml"},"content":{"rendered":"<div class=\"_5pbx userContent _3576\" data-testid=\"post_message\" data-ft=\"{&quot;tn&quot;:&quot;K&quot;}\">\n<div class=\"text_exposed_root text_exposed\">\n<h2><\/h2>\n<h2>WSKAZANIA DO STOSOWANIA OLEJKU ETERYCZNEGO doTERRA BALANCE BALANCE TOUCH?<strong><br \/>\n<\/strong><\/h2>\n<ul>\n<li style=\"list-style-type: none;\">\n<ul>\n<li style=\"list-style-type: none;\">\n<ul>\n<li>gdy potrzebne jest odpr\u0119\u017cenie i wyciszenie<\/li>\n<li>dla z\u0142agodzenia uczucia niepokoju<\/li>\n<li>\u015bwietny do masa\u017cu d\u0142oni<\/li>\n<li>w podr\u00f3\u017cy &#8211; dla zapewnienia relaksuj\u0105cej atmosfery<\/li>\n<\/ul>\n<\/li>\n<\/ul>\n<\/li>\n<\/ul>\n<div class=\"product-whats-inside__footer-content\" data-js-clip-word-length-mob=\"\">\n<p><strong>Sk\u0142adniki<\/strong>: Olej kokosowy (Cocos nucifera), olejek z ga\u0142\u0119zi\/igie\u0142 \u015bwierku (Picea mariana), olejek z li\u015bci cynamonowca kamforowego (Cinnamomum camphora linaloolifera), olejek z kadzid\u0142owca (Boswellia carterii), olejek z kwiat\u00f3w\/li\u015bci\/\u0142odygi wrotycza maroka\u0144skiego (Tanacetum annuum), olejek z rumianku (Matricaria chamomilla), ekstrakt z kwiat\u00f3w osmantusa (Osmanthus fragrans), linalol*, limonen*.* Naturalnie wyst\u0119puj\u0105ce zwi\u0105zki olejowe.<\/p>\n<\/div>\n<h2>JAK STOSOWA\u0106 OLEJEK ETERYCZNY DoTERRA BALANCE TOUCH?<strong><br \/>\n<\/strong><\/h2>\n<p><strong>Olejki z aplikatorem s\u0105 przeznaczone tylko do nak\u0142adania miejscowo!!!<br \/>\nNie stosowa\u0107 do u\u017cytku wewn\u0119trznego oraz do dyfuzor\u00f3w !!<\/strong><\/p>\n<div class=\"product-uses__block-list\">\n<ul class=\"custom-list\">\n<li>Stosuj mieszank\u0119 doTERRA Balance Touch na szyj\u0119 i nadgarstki, aby wzmocni\u0107 uczucie spokoju.<\/li>\n<li>Stosuj miejscowo, aby stworzy\u0107 odpr\u0119\u017caj\u0105c\u0105 atmosfer\u0119 podczas medytacji lub jogi.<\/li>\n<li>Na\u0142\u00f3\u017c na podeszwy st\u00f3p, aby wzmocni\u0107 poczucie r\u00f3wnowagi emocjonalnej przez ca\u0142y dzie\u0144.<\/li>\n<li>Stosuj miejscowo przed snem, aby si\u0119 wyciszy\u0107 i zapewni\u0107 sobie spokojny sen.<\/li>\n<\/ul>\n<\/div>\n<p>Wszystkie olejki firmy doTERRA s\u0105 czyste i bezpieczne. Posiadaj\u0105 certyfikat \u2013 CPTG (Certified Pure Therapeutic Grade\u00ae ) \u2013 testowana Czysta Klasa Terapeutyczna. Mo\u017cna je bezpiecznie stosowa\u0107 doustnie, smarowa\u0107 swoje cia\u0142o oraz wdycha\u0107.<\/p>\n<p><strong>CPTG \u2013 Certified Pure Therapeutic Grade (ACKT \u2013 Atestowana Czysta Klasa Terapeutyczna)<\/strong> olejk\u00f3w doTERRA, kt\u00f3ry pozwala na absolutnie bezpieczne stosowanie olejk\u00f3w doustnie (tych, kt\u00f3re s\u0105 przeznaczone do u\u017cytku wewn\u0119trznego), oraz u ma\u0142ych dzieci.<\/p>\n<p>Co oznacza taki atest?<\/p>\n<ul>\n<li>jako\u015b\u0107 woln\u0105 od pestycyd\u00f3w i metali ci\u0119\u017ckich,<\/li>\n<li>brak sztucznych barwnik\u00f3w i wype\u0142niaczy,<\/li>\n<li>kontrolowane uprawy na obszarach, gdzie naturalnie wyst\u0119puje dana ro\u015blina i zbieranie jej w optymalnym momencie<\/li>\n<li>brak domieszek olejk\u00f3w z innych ro\u015blinnych<\/li>\n<li>brak domieszek olejk\u00f3w syntetycznych<\/li>\n<\/ul>\n<p><strong>\u015arodki ostro\u017cno\u015bci:<\/strong><br \/>\nMo\u017ce powodowa\u0107 podra\u017cnienia sk\u00f3ry. Przechowywa\u0107 poza zasi\u0119giem dzieci. Je\u015bli jeste\u015b w ci\u0105\u017cy lub znajdujesz si\u0119 pod opiek\u0105 lekarsk\u0105, skonsultuj si\u0119 ze swoim lekarzem. Unika\u0107 kontaktu z oczami, wewn\u0119trzn\u0105 cz\u0119\u015bci\u0105 uszu i innymi wra\u017cliwymi obszarami.<\/p>\n<p><strong>Pojemno\u015b\u0107:<\/strong> 10 ml (buteleczka z ciemnego szk\u0142a z aplikatorem kulkowym)<\/p>\n<\/div>\n<\/div>\n<p><strong>Producent<\/strong>: doTERRA.<\/p>\n","protected":false},"excerpt":{"rendered":"<p>Mieszanka doTERRA Balance Touch to cudowne po\u0142\u0105czenie olejk\u00f3w o ciep\u0142ym, drzewnym aromacie daj\u0105ce uczucie spokoju i dobrego samopoczucia. Aromaty \u015bwierku, drewna Ho, kadzid\u0142a, wrotycza maroka\u0144skiego, niebieskiego rumianku i olejku kokosowego \u0142agodz\u0105 niepok\u00f3j daj\u0105c odpr\u0119\u017cenie i relaks zar\u00f3wno na poziomie umys\u0142owym jak i cielesnym.<\/p>\n","protected":false},"featured_media":9368,"comment_status":"closed","ping_status":"closed","template":"","meta":[],"product_brand":[],"product_cat":[70,122,67,119],"product_tag":[],"class_list":{"0":"post-743","1":"product","2":"type-product","3":"status-publish","4":"has-post-thumbnail","6":"product_cat-doterra-mieszanki-olejkow-eterycznych","7":"product_cat-doterra-miesz-oe","8":"product_cat-produkty-doterra","9":"product_cat-doterra-produkty","11":"first","12":"instock","13":"taxable","14":"shipping-taxable","15":"purchasable","16":"product-type-simple"},"_links":{"self":[{"href":"https:\/\/ziolazycia.com\/nowa\/wp-json\/wp\/v2\/product\/743","targetHints":{"allow":["GET"]}}],"collection":[{"href":"https:\/\/ziolazycia.com\/nowa\/wp-json\/wp\/v2\/product"}],"about":[{"href":"https:\/\/ziolazycia.com\/nowa\/wp-json\/wp\/v2\/types\/product"}],"replies":[{"embeddable":true,"href":"https:\/\/ziolazycia.com\/nowa\/wp-json\/wp\/v2\/comments?post=743"}],"wp:featuredmedia":[{"embeddable":true,"href":"https:\/\/ziolazycia.com\/nowa\/wp-json\/wp\/v2\/media\/9368"}],"wp:attachment":[{"href":"https:\/\/ziolazycia.com\/nowa\/wp-json\/wp\/v2\/media?parent=743"}],"wp:term":[{"taxonomy":"product_brand","embeddable":true,"href":"https:\/\/ziolazycia.com\/nowa\/wp-json\/wp\/v2\/product_brand?post=743"},{"taxonomy":"product_cat","embeddable":true,"href":"https:\/\/ziolazycia.com\/nowa\/wp-json\/wp\/v2\/product_cat?post=743"},{"taxonomy":"product_tag","embeddable":true,"href":"https:\/\/ziolazycia.com\/nowa\/wp-json\/wp\/v2\/product_tag?post=743"}],"curies":[{"name":"wp","href":"https:\/\/api.w.org\/{rel}","templated":true}]}}