{"id":7375,"date":"2024-02-14T16:47:45","date_gmt":"2024-02-14T15:47:45","guid":{"rendered":"https:\/\/ziolazycia.com\/nowa\/?post_type=product&#038;p=7375"},"modified":"2025-11-26T15:59:11","modified_gmt":"2025-11-26T14:59:11","slug":"pasta-do-zebow-z-aloesem-dabur","status":"publish","type":"product","link":"https:\/\/ziolazycia.com\/nowa\/product\/pasta-do-zebow-z-aloesem-dabur\/","title":{"rendered":"Pasta do z\u0119b\u00f3w z aloesem ALOE VERA ORGANIC 100ml Dabur"},"content":{"rendered":"<div id=\"long_desc\">\n<p>Chroni przed pr\u00f3chnic\u0105 i wzmacnia z\u0119by. Olejek z drzewa herbacianego niweluje nie\u015bwie\u017cy oddech. Jest pomocny przy wra\u017cliwych i krwawi\u0105cych dzi\u0105s\u0142ach. Drzewo arakowe pomaga zapobiega\u0107 pr\u00f3chnicy, zawiera naturalny antybiotyk hamuj\u0105cy przyrost bakterii, a tak\u017ce przywraca z\u0119bom ich naturaln\u0105 biel.<\/p>\n<p><strong>Pasta jest niezwykle skuteczna, ale zarazem \u0142agodna dla po\u017cytecznych bakterii bytuj\u0105cych w jamie ustnej.<\/strong><\/p>\n<p><strong>Pasta nie zawiera: <\/strong>paraben\u00f3w, fluoru, alkoholu.<\/p>\n<p><strong>Sk\u0142adniki: <\/strong>Aqua, Sorbitol, Silica, PEG-32, Sodium coco-sulfate, Aroma (Flavor), Aloe barbadensis (Aloe vera) leaf extract, Trisodium phosphate, Xanthan gum, Salvadora persica (Miswak) extract, Sodium saccharin, Propylene glycol, Potassium sorbate, Benzyl alcohol, Limonene, CI 77891, CI 42090, CI 19140, CI 16035.<\/p>\n<p><strong>Pojemno\u015b\u0107<\/strong>: 100 ml<\/p>\n<p><strong>Producent:<\/strong><br \/>\nDabur, Indie<\/p>\n<\/div>\n","protected":false},"excerpt":{"rendered":"<p>Aloesowa pasta do z\u0119b\u00f3w Dabur zosta\u0142a wzbogacone w <strong>naturalne sk\u0142adniki<\/strong> znane od tysi\u0119cy lat ze swoich dobroczynnych w\u0142a\u015bciwo\u015bci. Aloes jest naturalnym \u015brodkiem \u0142agodz\u0105cym stany zapalne i wspomagaj\u0105cym gojenie ran.<\/p>\n","protected":false},"featured_media":9819,"comment_status":"open","ping_status":"closed","template":"","meta":[],"product_brand":[],"product_cat":[82],"product_tag":[],"class_list":{"0":"post-7375","1":"product","2":"type-product","3":"status-publish","4":"has-post-thumbnail","6":"product_cat-kosmetyki-naturalne","8":"first","9":"instock","10":"sale","11":"taxable","12":"shipping-taxable","13":"purchasable","14":"product-type-simple"},"_links":{"self":[{"href":"https:\/\/ziolazycia.com\/nowa\/wp-json\/wp\/v2\/product\/7375","targetHints":{"allow":["GET"]}}],"collection":[{"href":"https:\/\/ziolazycia.com\/nowa\/wp-json\/wp\/v2\/product"}],"about":[{"href":"https:\/\/ziolazycia.com\/nowa\/wp-json\/wp\/v2\/types\/product"}],"replies":[{"embeddable":true,"href":"https:\/\/ziolazycia.com\/nowa\/wp-json\/wp\/v2\/comments?post=7375"}],"wp:featuredmedia":[{"embeddable":true,"href":"https:\/\/ziolazycia.com\/nowa\/wp-json\/wp\/v2\/media\/9819"}],"wp:attachment":[{"href":"https:\/\/ziolazycia.com\/nowa\/wp-json\/wp\/v2\/media?parent=7375"}],"wp:term":[{"taxonomy":"product_brand","embeddable":true,"href":"https:\/\/ziolazycia.com\/nowa\/wp-json\/wp\/v2\/product_brand?post=7375"},{"taxonomy":"product_cat","embeddable":true,"href":"https:\/\/ziolazycia.com\/nowa\/wp-json\/wp\/v2\/product_cat?post=7375"},{"taxonomy":"product_tag","embeddable":true,"href":"https:\/\/ziolazycia.com\/nowa\/wp-json\/wp\/v2\/product_tag?post=7375"}],"curies":[{"name":"wp","href":"https:\/\/api.w.org\/{rel}","templated":true}]}}