{"id":7372,"date":"2024-02-14T16:45:55","date_gmt":"2024-02-14T15:45:55","guid":{"rendered":"https:\/\/ziolazycia.com\/nowa\/?post_type=product&#038;p=7372"},"modified":"2025-11-26T15:59:10","modified_gmt":"2025-11-26T14:59:10","slug":"olejek-z-drzewa-herbacianago-10ml-doterra-roll-on","status":"publish","type":"product","link":"https:\/\/ziolazycia.com\/nowa\/product\/olejek-z-drzewa-herbacianago-10ml-doterra-roll-on\/","title":{"rendered":"doTERRA Olejek eteryczny TEA TREE TOUCH (Drzewo Herbaciane) 10ml roll-on"},"content":{"rendered":"<h2 class=\"spotlight__foot-block-title\">Podstawowe korzy\u015bci stosowania olejku doTERRA Tea Trea Touch:<\/h2>\n<div class=\"spotlight__foot-block-content\">\n<ul class=\"spotlight__list-custom custom-list\">\n<li>Znany jest ze swojego dzia\u0142ania oczyszczaj\u0105cego, rewitalizuj\u0105cego i\u00a0odm\u0142adzaj\u0105cego sk\u00f3r\u0119.<\/li>\n<li>Ze wzgl\u0119du na swoje dobroczynne w\u0142a\u015bciwo\u015bci olejek z drzewa herbacianego (Melaleuca) pomaga zredukowa\u0107 widoczno\u015b\u0107 niedoskona\u0142o\u015bci.<\/li>\n<li>Ma w\u0142a\u015bciwo\u015bci wzmacniaj\u0105ce i\u00a0odm\u0142adzaj\u0105ce w\u0142osy, sk\u00f3r\u0119 i\u00a0paznokcie.<\/li>\n<li>Olejek z drzewa herbacianego (Melaleuca) pomaga \u0142agodzi\u0107 sporadyczne podra\u017cnienia sk\u00f3ry.<\/li>\n<\/ul>\n<h2 class=\"product-uses__block-title\">Zastosowania olejku doTERRA Tea Tree Touch:<\/h2>\n<div class=\"product-uses__block-list\">\n<ul class=\"custom-list\">\n<li>Stosuj na niedoskona\u0142o\u015bci sk\u00f3ry, aby uzyska\u0107 efekt oczyszczaj\u0105cy i\u00a0odm\u0142adzaj\u0105cy.<\/li>\n<li>Stosuj na sporadyczne podra\u017cnienia sk\u00f3ry, wcieraj\u0105c olejek Tea Tree (Melaleuca) Touch (olejek z drzewa herbacianego w kulce) w dotkni\u0119te obszary.<\/li>\n<li>Stosuj po goleniu, aby ukoi\u0107 sk\u00f3r\u0119.<\/li>\n<li>Wcieraj w paznokcie st\u00f3p i d\u0142oni po k\u0105pieli, aby je oczy\u015bci\u0107 i nada\u0107 im zdrowy wygl\u0105d.<\/li>\n<li>Nak\u0142adaj na podeszwy st\u00f3p i wewn\u0105trz but\u00f3w, aby zapewni\u0107 \u015bwie\u017cy zapach i poczucie \u015bwie\u017co\u015bci.<\/li>\n<\/ul>\n<p><strong>Sk\u0142adniki<\/strong>: frakcjonowany olej kokosowy, olejek z drzewa herbacianego (<em>Melaleuca alternifolia).<\/em><\/p>\n<h2>Spos\u00f3b u\u017cycia olejku Tea Tree Touch z aplikatorem kulkowym:<\/h2>\n<p><strong>Wy\u0142\u0105cznie do u\u017cytku miejscowego.<\/strong> U\u017cyj aplikatora z kulk\u0105, kt\u00f3ry jednocze\u015bnie perfumuje i masuje sk\u00f3r\u0119.<\/p>\n<p><strong>\u015arodki ostro\u017cno\u015bci<\/strong>: Mo\u017ce powodowa\u0107 podra\u017cnienia sk\u00f3ry. Przechowywa\u0107 poza zasi\u0119giem dzieci. Je\u015bli jeste\u015b w ci\u0105\u017cy lub znajdujesz si\u0119 pod opiek\u0105 medyczn\u0105, skonsultuj si\u0119 ze swoim lekarzem. Unika\u0107 kontaktu z oczami, wewn\u0119trzn\u0105 cz\u0119\u015bci\u0105 uszu i innymi wra\u017cliwymi obszarami.<\/p>\n<p><strong>Pojemno\u015b\u0107:<\/strong> 10 ml (buteleczka z ciemnego szk\u0142a z aplikatorem kulkowym).<\/p>\n<p><strong>UWAGA:<\/strong><\/p>\n<p>Opis i w\u0142a\u015bciwo\u015bci olejk\u00f3w opisane na stronie maj\u0105 wy\u0142\u0105cznie charakter informacyjny. W razie choroby lub problem\u00f3w ze zdrowiem skontaktuj si\u0119 z lekarzem i zastosuj si\u0119 do jego zalece\u0144 i wskaz\u00f3wek. W \u017cadnym wypadku kuracje olejkami nie zast\u0119puj\u0105 leczenia prowadzonego przez lekarza. Olejki nie s\u0105 lekami, suplementami diety ani \u017cywno\u015bci\u0105 specjalnego przeznaczenia! Zastosowanie produkt\u00f3w, olejk\u00f3w le\u017c\u0105 wy\u0142\u0105cznie w gestii, inwencji kupuj\u0105cego. Olejki doTERRA posiadaj\u0105 certyfikat doTERRA CPTG Certified Pure Tested Grade\u00ae. Olejki te s\u0105 czystymi, naturalnymi aromatycznymi zwi\u0105zkami starannie wyekstrahowanymi z ro\u015blin. Nie zawieraj\u0105 sztucznych sk\u0142adnik\u00f3w ani wype\u0142niaczy, kt\u00f3re os\u0142abi\u0142yby ich czynne w\u0142a\u015bciwo\u015bci oraz nie zawieraj\u0105 zanieczyszcze\u0144 i innych pozosta\u0142o\u015bci chemicznych. Certyfikat ten oznacza, \u017ce olejek zosta\u0142 poddany rygorystycznym procesom testowym, kt\u00f3re oceniaj\u0105 czysto\u015b\u0107 i moc olejk\u00f3w eterycznych. Je\u015bli oleje zostan\u0105 przetestowane w systemie CPTG i oka\u017c\u0105 si\u0119 czyste i mocne, s\u0105 one nast\u0119pnie sprzedawane jako pojedyncze oleje lub stosowane w mieszankach olejk\u00f3w eterycznych, takich jak mieszanka doTERRA Purify.<\/p>\n<p><strong>Producent:<\/strong> doTERRA.<\/p>\n<\/div>\n<\/div>\n","protected":false},"excerpt":{"rendered":"<p>Olejek z drzewa herbacianego w kulce doTERRA Tea Tree Touch w wygodnym opakowaniu z aplikatorem zapewnia korzy\u015bci oczyszczaj\u0105ce olejku eterycznego z drzewa herbacianego rozcie\u0144czonego we frakcjonowanym oleju kokosowym. Olejek z drzewa herbacianego w kulce Tea Tree Touch mo\u017cna stosowa\u0107 do oczyszczania sk\u00f3ry i paznokci oraz w celu zapewnienia zdrowej cery. Olejek z drzewa herbacianego idealnie \u0142agodzi podra\u017cnienia sk\u00f3ry, mo\u017cna go stosowa\u0107 po goleniu lub na podeszwy st\u00f3p.<\/p>\n","protected":false},"featured_media":9817,"comment_status":"open","ping_status":"closed","template":"","meta":[],"product_brand":[],"product_cat":[69,125,67,119],"product_tag":[],"class_list":{"0":"post-7372","1":"product","2":"type-product","3":"status-publish","4":"has-post-thumbnail","6":"product_cat-doterra-olejki-eteryczne-pojedyncze","7":"product_cat-doterra-oe-poj","8":"product_cat-produkty-doterra","9":"product_cat-doterra-produkty","11":"first","12":"instock","13":"taxable","14":"shipping-taxable","15":"purchasable","16":"product-type-simple"},"_links":{"self":[{"href":"https:\/\/ziolazycia.com\/nowa\/wp-json\/wp\/v2\/product\/7372","targetHints":{"allow":["GET"]}}],"collection":[{"href":"https:\/\/ziolazycia.com\/nowa\/wp-json\/wp\/v2\/product"}],"about":[{"href":"https:\/\/ziolazycia.com\/nowa\/wp-json\/wp\/v2\/types\/product"}],"replies":[{"embeddable":true,"href":"https:\/\/ziolazycia.com\/nowa\/wp-json\/wp\/v2\/comments?post=7372"}],"wp:featuredmedia":[{"embeddable":true,"href":"https:\/\/ziolazycia.com\/nowa\/wp-json\/wp\/v2\/media\/9817"}],"wp:attachment":[{"href":"https:\/\/ziolazycia.com\/nowa\/wp-json\/wp\/v2\/media?parent=7372"}],"wp:term":[{"taxonomy":"product_brand","embeddable":true,"href":"https:\/\/ziolazycia.com\/nowa\/wp-json\/wp\/v2\/product_brand?post=7372"},{"taxonomy":"product_cat","embeddable":true,"href":"https:\/\/ziolazycia.com\/nowa\/wp-json\/wp\/v2\/product_cat?post=7372"},{"taxonomy":"product_tag","embeddable":true,"href":"https:\/\/ziolazycia.com\/nowa\/wp-json\/wp\/v2\/product_tag?post=7372"}],"curies":[{"name":"wp","href":"https:\/\/api.w.org\/{rel}","templated":true}]}}