{"id":7369,"date":"2024-02-14T16:44:17","date_gmt":"2024-02-14T15:44:17","guid":{"rendered":"https:\/\/ziolazycia.com\/nowa\/?post_type=product&#038;p=7369"},"modified":"2025-11-26T15:59:09","modified_gmt":"2025-11-26T14:59:09","slug":"olejek-wzmacniajacy-do-wlosow-beaute-marrakesh","status":"publish","type":"product","link":"https:\/\/ziolazycia.com\/nowa\/product\/olejek-wzmacniajacy-do-wlosow-beaute-marrakesh\/","title":{"rendered":"Olejek wzmacniaj\u0105cy do w\u0142os\u00f3w 100 ml Beaute Marrakesh"},"content":{"rendered":"<div>Serum do olejowania <strong>przyspiesza<\/strong><strong> odbudow\u0119 zniszczonych w\u0142os\u00f3w<\/strong>, sprawia, \u017ce staj\u0105 si\u0119 one jedwabi\u015bcie g\u0142adkie i mi\u0119kkie. Wyg\u0142adza w\u0142osy, utrzymuje odpowiedni poziom nawil\u017cenia. Dodatek oleju z opuncji figowej, uwa\u017canego za najbardziej luksusowy olej na \u015bwiecie, skutecznie wzmacnia w\u0142osy, od\u017cywia ja i regeneruje, zapobiega r\u00f3wnie\u017c rozdwajaniu ko\u0144c\u00f3wek.<\/div>\n<div>Olejek jest odpowiedni dla ka\u017cdego typu w\u0142os\u00f3w, zw\u0142aszcza zniszczonych i os\u0142abionych, pozbawionych blasku.<\/div>\n<div><\/div>\n<div><strong>Sk\u0142adniki:<\/strong><\/div>\n<div>\n<div class=\"con7 content\">INCI: Zea Mays Oil, Argania Spinosa Kernel Oil, Sesamum Indicum Seed Oil, Cocos Nucifera Oil, Opuntia Ficus Indica Seed Oil, Olea Europaea Fruit Oil, Aloe Barbadenis Leaf Extract, Parfum, Tocopherol<\/div>\n<\/div>\n<div><\/div>\n<div><strong>Spos\u00f3b u\u017cycia:<\/strong> Wetrze\u0107 olejek we w\u0142osy. Na g\u0142ow\u0119 na\u0142o\u017cy\u0107 czepek i owin\u0105\u0107 r\u0119cznikiem nast\u0119pnie pozostawi\u0107 na kilka godzin lub ca\u0142a noc. Na koniec zabiegu olejowania umy\u0107 w\u0142osy szamponem.<\/div>\n<div><\/div>\n<div><strong>Pojemno\u015b\u0107<\/strong>: 100 ml<\/div>\n<div><\/div>\n<div><strong>Podmiot odpowiedzialny:<\/strong><\/div>\n<div>Maroko Sklep<br \/>\nul. Je\u017cynowa 1<br \/>\n62-002 Suchy Las k\/Poznania<\/div>\n","protected":false},"excerpt":{"rendered":"<h2>Naturalne serum do olejowania w\u0142os\u00f3w.<\/h2>\n<p>Stworzone na bazie starannie wybranych olej\u00f3w ro\u015blinnych (m.in. arganowego czy kukurydzianego), ekstraktu z aloesu oraz witaminy E. Bogactwo sk\u0142adnik\u00f3w od\u017cywczych, witamin oraz minera\u0142\u00f3w zapewnia w\u0142osom doskona\u0142\u0105 piel\u0119gnacj\u0119 i ochron\u0119.<\/p>\n","protected":false},"featured_media":9815,"comment_status":"open","ping_status":"closed","template":"","meta":[],"product_brand":[],"product_cat":[82],"product_tag":[],"class_list":{"0":"post-7369","1":"product","2":"type-product","3":"status-publish","4":"has-post-thumbnail","6":"product_cat-kosmetyki-naturalne","8":"first","9":"instock","10":"sale","11":"taxable","12":"shipping-taxable","13":"purchasable","14":"product-type-simple"},"_links":{"self":[{"href":"https:\/\/ziolazycia.com\/nowa\/wp-json\/wp\/v2\/product\/7369","targetHints":{"allow":["GET"]}}],"collection":[{"href":"https:\/\/ziolazycia.com\/nowa\/wp-json\/wp\/v2\/product"}],"about":[{"href":"https:\/\/ziolazycia.com\/nowa\/wp-json\/wp\/v2\/types\/product"}],"replies":[{"embeddable":true,"href":"https:\/\/ziolazycia.com\/nowa\/wp-json\/wp\/v2\/comments?post=7369"}],"wp:featuredmedia":[{"embeddable":true,"href":"https:\/\/ziolazycia.com\/nowa\/wp-json\/wp\/v2\/media\/9815"}],"wp:attachment":[{"href":"https:\/\/ziolazycia.com\/nowa\/wp-json\/wp\/v2\/media?parent=7369"}],"wp:term":[{"taxonomy":"product_brand","embeddable":true,"href":"https:\/\/ziolazycia.com\/nowa\/wp-json\/wp\/v2\/product_brand?post=7369"},{"taxonomy":"product_cat","embeddable":true,"href":"https:\/\/ziolazycia.com\/nowa\/wp-json\/wp\/v2\/product_cat?post=7369"},{"taxonomy":"product_tag","embeddable":true,"href":"https:\/\/ziolazycia.com\/nowa\/wp-json\/wp\/v2\/product_tag?post=7369"}],"curies":[{"name":"wp","href":"https:\/\/api.w.org\/{rel}","templated":true}]}}