{"id":735,"date":"2022-11-25T08:41:00","date_gmt":"2022-11-25T07:41:00","guid":{"rendered":"https:\/\/ziolazycia.com\/nowa\/?post_type=product&#038;p=735"},"modified":"2025-11-26T15:58:15","modified_gmt":"2025-11-26T14:58:15","slug":"olejek-eteryczny-doterra-geranium-pelargonia-15-ml","status":"publish","type":"product","link":"https:\/\/ziolazycia.com\/nowa\/product\/olejek-eteryczny-doterra-geranium-pelargonia-15-ml\/","title":{"rendered":"doTERRA Olejek eteryczny GERANIUM (Pelargonia Pachn\u0105ca) 15 ml\u00a0"},"content":{"rendered":"<div class=\"_5pbx userContent _3576\" data-testid=\"post_message\" data-ft=\"{&quot;tn&quot;:&quot;K&quot;}\">\n<div class=\"text_exposed_root text_exposed\">\n<p><strong>Sk\u0142adniki: <\/strong>Citronellol, citronellyl formate, geraniol (cz\u0119\u015b\u0107 ro\u015bliny, li\u015b\u0107 i kwiat).<\/p>\n<p><strong>Aromat: <\/strong>zielny, kwiatowy, s\u0142odki, wytrawny.<\/p>\n<h2>KORZY\u015aCI STOSOWANIA olejku doTERRA Geranium:<strong><br \/>\n<\/strong><\/h2>\n<ul>\n<li>piel\u0119gnacja sk\u00f3ry i w\u0142os\u00f3w,<\/li>\n<li>pomaga tak\u017ce uspokoi\u0107 nerwy i zmniejszy\u0107 uczucie stresu,<\/li>\n<li>odstraszanie owad\u00f3w<\/li>\n<\/ul>\n<h2>Zastosowania olejku doTERRA Geranium:<\/h2>\n<ul>\n<li>u\u017cywaj olejku geraniowego do aromaterapeutycznego zabiegu parowego, aby upi\u0119kszy\u0107 sk\u00f3r\u0119,<\/li>\n<li>dodaj kropl\u0119 do kremu nawil\u017caj\u0105cego, aby uzyska\u0107 efekt wyg\u0142adzenia,<\/li>\n<li>olejek eteryczny z geranium jest doskona\u0142y zar\u00f3wno do w\u0142os\u00f3w suchych, jak i przet\u0142uszczaj\u0105cych si\u0119,<\/li>\n<li>na\u0142\u00f3\u017c kilka kropli na butelk\u0119 szamponu lub od\u017cywki lub u\u0142\u00f3\u017c w\u0142asn\u0105 od\u017cywk\u0119 do g\u0142\u0119bokich w\u0142os\u00f3w,<\/li>\n<li>rozproszona aromatycznie dla uspokajaj\u0105cego efektu,<\/li>\n<li>rozpraszanie: u\u017cyj trzech do czterech kropli w wybranym dyfuzorze,<\/li>\n<li>u\u017cycie wewn\u0119trzne: rozcie\u0144czy\u0107 jedn\u0105 kropl\u0119 w 4 fl. oz. cieczy,<\/li>\n<li>stosowanie miejscowe: nanie\u015b jedn\u0105 lub dwie krople na wybrany obszar,<\/li>\n<li>rozcie\u0144czy\u0107 z frakcjonowanym olejem kokosowym doTERRA, aby zminimalizowa\u0107 wra\u017cliwo\u015b\u0107 sk\u00f3ry.<\/li>\n<\/ul>\n<p><strong>\u015arodki ostro\u017cno\u015bci:<\/strong> Mo\u017cliwa wra\u017cliwo\u015b\u0107 sk\u00f3ry. Trzyma\u0107 poza zasi\u0119giem dzieci. Je\u015bli jeste\u015b w ci\u0105\u017cy, karmisz piersi\u0105 lub jeste\u015b pod opiek\u0105 lekarza, skonsultuj si\u0119 z lekarzem. Unikaj kontaktu z oczami, uszami wewn\u0119trznymi i wra\u017cliwymi obszarami.<\/p>\n<p><strong>Pojemno\u015b\u0107:<\/strong> 15 ml (buteleczka z ciemnego szk\u0142a).<\/p>\n<p><strong>UWAGA:<\/strong><\/p>\n<div id=\"box_description\" class=\"box tab\">\n<div class=\"innerbox\">\n<div class=\"resetcss\">\n<p><span style=\"font-size: 8pt;\">Opis i w\u0142a\u015bciwo\u015bci olejk\u00f3w opisane na stronie maj\u0105 wy\u0142\u0105cznie charakter informacyjny. W razie choroby lub problem\u00f3w ze zdrowiem skontaktuj si\u0119 z lekarzem i zastosuj si\u0119 do jego zalece\u0144 i wskaz\u00f3wek. W \u017cadnym wypadku kuracje olejkami nie zast\u0119puj\u0105 leczenia prowadzonego przez lekarza. Olejki nie s\u0105 lekami, suplementami diety ani \u017cywno\u015bci\u0105 specjalnego przeznaczenia! Zastosowanie produkt\u00f3w, olejk\u00f3w le\u017c\u0105 wy\u0142\u0105cznie w gestii, inwencji kupuj\u0105cego. Olejki doTERRA posiadaj\u0105 certyfikat doTERRA CPTG Certified Pure Tested Grade\u00ae. Olejki te s\u0105 czystymi, naturalnymi aromatycznymi zwi\u0105zkami starannie wyekstrahowanymi z ro\u015blin. Nie zawieraj\u0105 sztucznych sk\u0142adnik\u00f3w ani wype\u0142niaczy, kt\u00f3re os\u0142abi\u0142yby ich czynne w\u0142a\u015bciwo\u015bci oraz nie zawieraj\u0105 zanieczyszcze\u0144 i innych pozosta\u0142o\u015bci chemicznych. Certyfikat ten oznacza, \u017ce olejek zosta\u0142 poddany rygorystycznym procesom testowym, kt\u00f3re oceniaj\u0105 czysto\u015b\u0107 i moc olejk\u00f3w eterycznych. Je\u015bli oleje zostan\u0105 przetestowane w systemie CPTG i oka\u017c\u0105 si\u0119 czyste i mocne, s\u0105 one nast\u0119pnie sprzedawane jako pojedyncze oleje lub stosowane w mieszankach olejk\u00f3w eterycznych, takich jak mieszanka doTERRA Purify.<\/span><\/p>\n<p><strong>Producent:<\/strong> doTERRA.<\/p>\n<\/div>\n<\/div>\n<\/div>\n<\/div>\n<\/div>\n","protected":false},"excerpt":{"rendered":"<p><strong>Olejek geraniowy (Pelargonium graveolens) <\/strong>pozyskiwany jest metod\u0105 destylacji wodnej z cz\u0119\u015bci ro\u015bliny jak\u0105 jest pelargonia.<strong> Pelargonie<\/strong>, nale\u017c\u0105ce do rodzaju Pelargonium, s\u0105 uprawiane ze wzgl\u0119du na ich pi\u0119kno i s\u0105 podstaw\u0105 przemys\u0142u perfumeryjnego. Chocia\u017c istnieje ponad 200 r\u00f3\u017cnych odmian kwiat\u00f3w Pelargonium, tylko kilka jest u\u017cywanych jako olejki eteryczne. Zastosowania olejku eterycznego z geranium si\u0119gaj\u0105 staro\u017cytnego Egiptu, kiedy Egipcjanie u\u017cywali olejku geraniowego do upi\u0119kszania sk\u00f3ry i innych korzy\u015bci. W epoce wiktoria\u0144skiej \u015bwie\u017ce li\u015bcie geranium by\u0142y umieszczane na oficjalnych sto\u0142ach jako elementy dekoracyjne i w razie potrzeby spo\u017cywane jako \u015bwie\u017ca ga\u0142\u0105zka; w rzeczywisto\u015bci jadalne li\u015bcie i kwiaty ro\u015bliny s\u0105 cz\u0119sto u\u017cywane w deserach, ciastach, galaretkach i herbatach.<\/p>\n","protected":false},"featured_media":9364,"comment_status":"closed","ping_status":"closed","template":"","meta":[],"product_brand":[],"product_cat":[69,125,67,119],"product_tag":[],"class_list":{"0":"post-735","1":"product","2":"type-product","3":"status-publish","4":"has-post-thumbnail","6":"product_cat-doterra-olejki-eteryczne-pojedyncze","7":"product_cat-doterra-oe-poj","8":"product_cat-produkty-doterra","9":"product_cat-doterra-produkty","11":"first","12":"outofstock","13":"taxable","14":"shipping-taxable","15":"purchasable","16":"product-type-simple"},"_links":{"self":[{"href":"https:\/\/ziolazycia.com\/nowa\/wp-json\/wp\/v2\/product\/735","targetHints":{"allow":["GET"]}}],"collection":[{"href":"https:\/\/ziolazycia.com\/nowa\/wp-json\/wp\/v2\/product"}],"about":[{"href":"https:\/\/ziolazycia.com\/nowa\/wp-json\/wp\/v2\/types\/product"}],"replies":[{"embeddable":true,"href":"https:\/\/ziolazycia.com\/nowa\/wp-json\/wp\/v2\/comments?post=735"}],"wp:featuredmedia":[{"embeddable":true,"href":"https:\/\/ziolazycia.com\/nowa\/wp-json\/wp\/v2\/media\/9364"}],"wp:attachment":[{"href":"https:\/\/ziolazycia.com\/nowa\/wp-json\/wp\/v2\/media?parent=735"}],"wp:term":[{"taxonomy":"product_brand","embeddable":true,"href":"https:\/\/ziolazycia.com\/nowa\/wp-json\/wp\/v2\/product_brand?post=735"},{"taxonomy":"product_cat","embeddable":true,"href":"https:\/\/ziolazycia.com\/nowa\/wp-json\/wp\/v2\/product_cat?post=735"},{"taxonomy":"product_tag","embeddable":true,"href":"https:\/\/ziolazycia.com\/nowa\/wp-json\/wp\/v2\/product_tag?post=735"}],"curies":[{"name":"wp","href":"https:\/\/api.w.org\/{rel}","templated":true}]}}