{"id":7341,"date":"2024-02-14T16:13:09","date_gmt":"2024-02-14T15:13:09","guid":{"rendered":"https:\/\/ziolazycia.com\/nowa\/?post_type=product&#038;p=7341"},"modified":"2025-11-26T15:59:08","modified_gmt":"2025-11-26T14:59:08","slug":"olejek-air-x-15ml-doterra","status":"publish","type":"product","link":"https:\/\/ziolazycia.com\/nowa\/product\/olejek-air-x-15ml-doterra\/","title":{"rendered":"doTERRA Mieszanka olejk\u00f3w eterycznych AIR-X 15ml"},"content":{"rendered":"<h2>Korzy\u015bci stosowania mieszanki doTERRA Air-X:<\/h2>\n<ul>\n<li>Aromatyzowanie i oczyszczanie powietrza.<\/li>\n<li>Zmniejszanie niedoskona\u0142o\u015bci sk\u00f3ry i sp\u0142ycanie zmarszczek.<\/li>\n<li>R\u00f3wnowa\u017cenie emocji i poprawa nastroju.<\/li>\n<\/ul>\n<p><strong>Aromat: <\/strong>le\u015bny, cytrusowy, zio\u0142owa nuta.<\/p>\n<p><strong>Sk\u0142adniki<\/strong>: Olejek z owoc\u00f3w litsei (Litsea cubeba), olejek ze sk\u00f3rki mandarynki (Citrus reticulata), olejek ze sk\u00f3rki grejpfruta (Citrus paradisi), olejek z kadzid\u0142owca (Boswellia carterii), olejek z nasion kardamonu (Elettaria cardamomum), cytral*, limonen*, geraniol*, linalol*.<\/p>\n<p>* Naturalnie wyst\u0119puj\u0105ce zwi\u0105zki oleju.<\/p>\n<h3 class=\"product-uses__block-title\">Spos\u00f3b u\u017cycia olejku Air-X:<\/h3>\n<div class=\"product-uses__directions-for-use\">\n<div class=\"product-uses__directions-for-use-item\">\n<div class=\"product-uses__directions-for-use-icon\">\n<div class=\"icon-- icon--xxl\"><\/div>\n<\/div>\n<div class=\"product-uses__directions-for-use-copy\">Masa\u017c: wymiesza\u0107 5 kropli z 10 ml olejku bazowego. K\u0105piel: wymiesza\u0107 5 kropli z 5 ml olejku bazowego.<\/div>\n<div class=\"product-uses__directions-for-use-copy\">Perfumowanie: wymiesza\u0107 1 kropl\u0119 z 10 kroplami olejku bazowego. Wy\u0142\u0105cznie do u\u017cytku miejscowego.<\/div>\n<div><\/div>\n<\/div>\n<\/div>\n<div><strong>\u015arodki ostro\u017cno\u015bci:<\/strong> Mo\u017ce powodowa\u0107 podra\u017cnienia sk\u00f3ry. Przechowywa\u0107 poza zasi\u0119giem dzieci. Skonsultuj si\u0119 z lekarzem, je\u015bli jeste\u015b w ci\u0105\u017cy lub trakcie leczenia. Unika\u0107 kontaktu z oczami, wewn\u0119trzn\u0105 cz\u0119\u015bci\u0105 uszu i innymi wra\u017cliwymi obszarami. Unikaj \u015bwiat\u0142a s\u0142onecznego i promieni UV przez co najmniej 12 godzin po zastosowaniu.<\/div>\n<div class=\"product-uses__directions-for-use\">\n<div class=\"product-uses__directions-for-use-item\">\n<div><\/div>\n<\/div>\n<\/div>\n<p><strong>Pojemno\u015b\u0107:<\/strong> 15 ml (buteleczka z ciemnego szk\u0142a).<\/p>\n<p><strong>UWAGA:<\/strong><\/p>\n<p>Opis i w\u0142a\u015bciwo\u015bci olejk\u00f3w opisane na stronie maj\u0105 wy\u0142\u0105cznie charakter informacyjny. W razie choroby lub problem\u00f3w ze zdrowiem skontaktuj si\u0119 z lekarzem i zastosuj si\u0119 do jego zalece\u0144 i wskaz\u00f3wek. W \u017cadnym wypadku kuracje olejkami nie zast\u0119puj\u0105 leczenia prowadzonego przez lekarza. Olejki nie s\u0105 lekami, suplementami diety ani \u017cywno\u015bci\u0105 specjalnego przeznaczenia! Zastosowanie produkt\u00f3w, olejk\u00f3w le\u017c\u0105 wy\u0142\u0105cznie w gestii, inwencji kupuj\u0105cego. Olejki doTERRA posiadaj\u0105 certyfikat doTERRA CPTG Certified Pure Tested Grade\u00ae. Olejki te s\u0105 czystymi, naturalnymi aromatycznymi zwi\u0105zkami starannie wyekstrahowanymi z ro\u015blin. Nie zawieraj\u0105 sztucznych sk\u0142adnik\u00f3w ani wype\u0142niaczy, kt\u00f3re os\u0142abi\u0142yby ich czynne w\u0142a\u015bciwo\u015bci oraz nie zawieraj\u0105 zanieczyszcze\u0144 i innych pozosta\u0142o\u015bci chemicznych. Certyfikat ten oznacza, \u017ce olejek zosta\u0142 poddany rygorystycznym procesom testowym, kt\u00f3re oceniaj\u0105 czysto\u015b\u0107 i moc olejk\u00f3w eterycznych. Je\u015bli oleje zostan\u0105 przetestowane w systemie CPTG i oka\u017c\u0105 si\u0119 czyste i mocne, s\u0105 one nast\u0119pnie sprzedawane jako pojedyncze oleje lub stosowane w mieszankach olejk\u00f3w eterycznych, takich jak mieszanka doTERRA Purify.<\/p>\n<p><strong>Producent:<\/strong> doTERRA.<\/p>\n","protected":false},"excerpt":{"rendered":"<p class=\"spotlight__head-latin-title\">Air-X\u2122 jest mieszank\u0105 olejk\u00f3w eterycznych z krzewu Litsea cubeba, mandarynki, grejpfruta, kadzid\u0142a i kardamonu, kt\u00f3re nadaj\u0105 jej intensywny, cytrusowy i le\u015bny aromat z delikatn\u0105 zio\u0142ow\u0105 nut\u0105. Mieszanka Air-X stosowana miejscowo mo\u017ce przyczynia\u0107 si\u0119 do uczucia od\u015bwie\u017cenia i oczyszczenia. Dzi\u0119ki dodatkowi olejku eterycznego z kadzid\u0142a mo\u017ce pom\u00f3c ukoi\u0107 sk\u00f3r\u0119, jednocze\u015bnie redukuj\u0105c jej widoczne niedoskona\u0142o\u015bci.<\/p>\n","protected":false},"featured_media":9806,"comment_status":"open","ping_status":"closed","template":"","meta":[],"product_brand":[],"product_cat":[70,122,67,119],"product_tag":[],"class_list":{"0":"post-7341","1":"product","2":"type-product","3":"status-publish","4":"has-post-thumbnail","6":"product_cat-doterra-mieszanki-olejkow-eterycznych","7":"product_cat-doterra-miesz-oe","8":"product_cat-produkty-doterra","9":"product_cat-doterra-produkty","11":"first","12":"outofstock","13":"sale","14":"taxable","15":"shipping-taxable","16":"purchasable","17":"product-type-simple"},"_links":{"self":[{"href":"https:\/\/ziolazycia.com\/nowa\/wp-json\/wp\/v2\/product\/7341","targetHints":{"allow":["GET"]}}],"collection":[{"href":"https:\/\/ziolazycia.com\/nowa\/wp-json\/wp\/v2\/product"}],"about":[{"href":"https:\/\/ziolazycia.com\/nowa\/wp-json\/wp\/v2\/types\/product"}],"replies":[{"embeddable":true,"href":"https:\/\/ziolazycia.com\/nowa\/wp-json\/wp\/v2\/comments?post=7341"}],"wp:featuredmedia":[{"embeddable":true,"href":"https:\/\/ziolazycia.com\/nowa\/wp-json\/wp\/v2\/media\/9806"}],"wp:attachment":[{"href":"https:\/\/ziolazycia.com\/nowa\/wp-json\/wp\/v2\/media?parent=7341"}],"wp:term":[{"taxonomy":"product_brand","embeddable":true,"href":"https:\/\/ziolazycia.com\/nowa\/wp-json\/wp\/v2\/product_brand?post=7341"},{"taxonomy":"product_cat","embeddable":true,"href":"https:\/\/ziolazycia.com\/nowa\/wp-json\/wp\/v2\/product_cat?post=7341"},{"taxonomy":"product_tag","embeddable":true,"href":"https:\/\/ziolazycia.com\/nowa\/wp-json\/wp\/v2\/product_tag?post=7341"}],"curies":[{"name":"wp","href":"https:\/\/api.w.org\/{rel}","templated":true}]}}