{"id":7307,"date":"2024-02-14T15:54:44","date_gmt":"2024-02-14T14:54:44","guid":{"rendered":"https:\/\/ziolazycia.com\/nowa\/?post_type=product&#038;p=7307"},"modified":"2025-11-26T15:59:06","modified_gmt":"2025-11-26T14:59:06","slug":"mk-7-vitamin-k-2-100mcg-60-kapsulek","status":"publish","type":"product","link":"https:\/\/ziolazycia.com\/nowa\/product\/mk-7-vitamin-k-2-100mcg-60-kapsulek\/","title":{"rendered":"MK-7 Vitamin K-2 100mcg 60 kapsu\u0142ek"},"content":{"rendered":"<p><strong>Witamina K:<\/strong><\/p>\n<p>-pomaga w utrzymaniu zdrowych ko\u015bci,<\/p>\n<p>-przyczynia si\u0119 do prawid\u0142owego procesu krzepni\u0119cia krwi,<\/p>\n<p>-pozwala na utrzymaniu prawid\u0142owej elastyczno\u015bci naczy\u0144 krwiono\u015bnych.<\/p>\n<p><strong>Zawarto\u015b\u0107 opakowania<\/strong>:\u00a060 kapsu\u0142ek mi\u0119kkich<\/p>\n<p><strong>Dzienne spo\u017cycie<\/strong>:\u00a01 kapsu\u0142ka<\/p>\n<p><strong>Sk\u0142adniki aktywne:<\/strong><\/p>\n<table width=\"100%\">\n<thead>\n<tr>\n<td><\/td>\n<td width=\"23%\">1 kapsu\u0142ka<\/td>\n<td width=\"1%\"><\/td>\n<\/tr>\n<\/thead>\n<tbody>\n<tr>\n<td>Witamina K2 (w postaci Menachinonu-7 z Natto (soja)(MK-7)<\/td>\n<td width=\"23%\">100 mg<\/td>\n<td width=\"1%\"><\/td>\n<\/tr>\n<\/tbody>\n<\/table>\n<p><strong>Sk\u0142adniki:<\/strong> Witamina K \u2013 menachinon (z Natto \u2013\u00a0soja\u00a0bez GMO); substancja wype\u0142niaj\u0105ca \u2013 m\u0105ka ry\u017cowa; materia\u0142 kapsu\u0142ki \u2013 celuloza; substancja przeciwutleniaj\u0105ca \u2013 palmitynian askorbylu; substancja przeciwzbrylaj\u0105ca \u2013 tlenek krzemu.<\/p>\n<h2>MK-7 Vitamin K-2 100mcg &#8211; spos\u00f3b u\u017cycia:<\/h2>\n<p>1 kapsu\u0142ka dziennie<\/p>\n<p>Nie przekracza\u0107 zalecanej porcji do spo\u017cycia w ci\u0105gu dnia. Produkt nie mo\u017ce by\u0107 stosowany jako substytut zr\u00f3\u017cnicowanej diety. Wa\u017cne jest stosowanie zr\u00f3\u017cnicowanej i zbilansowanej diety oraz prowadzenie zdrowego trybu \u017cycia.<\/p>\n<p><strong>Przechowywanie:<\/strong><br \/>\nPo otwarciu przechowywa\u0107 w suchym i ciemnym miejscu, z dala od ma\u0142ych dzieci.<\/p>\n<p><strong>Producent:<\/strong><br \/>\nNow Foods<br \/>\n395 S. Glen Ellyn Road<br \/>\nIL 60108 Bloomingdale, Stany Zjednoczone<\/p>\n<p>&nbsp;<\/p>\n","protected":false},"excerpt":{"rendered":"<p><strong>Suplement diety<\/strong><\/p>\n<p>G\u0142\u00f3wnym sk\u0142adnikiem suplementu diety <strong>MK-7 Vitamin K-2 100mcg<\/strong> jest witamina K2 MK7 rozpuszczalna w t\u0142uszczach.<\/p>\n","protected":false},"featured_media":9790,"comment_status":"open","ping_status":"closed","template":"","meta":[],"product_brand":[],"product_cat":[72],"product_tag":[],"class_list":{"0":"post-7307","1":"product","2":"type-product","3":"status-publish","4":"has-post-thumbnail","6":"product_cat-suplementy-diety","8":"first","9":"instock","10":"sale","11":"taxable","12":"shipping-taxable","13":"purchasable","14":"product-type-simple"},"_links":{"self":[{"href":"https:\/\/ziolazycia.com\/nowa\/wp-json\/wp\/v2\/product\/7307","targetHints":{"allow":["GET"]}}],"collection":[{"href":"https:\/\/ziolazycia.com\/nowa\/wp-json\/wp\/v2\/product"}],"about":[{"href":"https:\/\/ziolazycia.com\/nowa\/wp-json\/wp\/v2\/types\/product"}],"replies":[{"embeddable":true,"href":"https:\/\/ziolazycia.com\/nowa\/wp-json\/wp\/v2\/comments?post=7307"}],"wp:featuredmedia":[{"embeddable":true,"href":"https:\/\/ziolazycia.com\/nowa\/wp-json\/wp\/v2\/media\/9790"}],"wp:attachment":[{"href":"https:\/\/ziolazycia.com\/nowa\/wp-json\/wp\/v2\/media?parent=7307"}],"wp:term":[{"taxonomy":"product_brand","embeddable":true,"href":"https:\/\/ziolazycia.com\/nowa\/wp-json\/wp\/v2\/product_brand?post=7307"},{"taxonomy":"product_cat","embeddable":true,"href":"https:\/\/ziolazycia.com\/nowa\/wp-json\/wp\/v2\/product_cat?post=7307"},{"taxonomy":"product_tag","embeddable":true,"href":"https:\/\/ziolazycia.com\/nowa\/wp-json\/wp\/v2\/product_tag?post=7307"}],"curies":[{"name":"wp","href":"https:\/\/api.w.org\/{rel}","templated":true}]}}