{"id":7303,"date":"2024-02-14T15:52:25","date_gmt":"2024-02-14T14:52:25","guid":{"rendered":"https:\/\/ziolazycia.com\/nowa\/?post_type=product&#038;p=7303"},"modified":"2025-11-26T15:59:06","modified_gmt":"2025-11-26T14:59:06","slug":"milk-thistle-extract-300mg-50-kapsulek","status":"publish","type":"product","link":"https:\/\/ziolazycia.com\/nowa\/product\/milk-thistle-extract-300mg-50-kapsulek\/","title":{"rendered":"Milk Thistle Extract (Ostropest plamisty ekstrakt) 300mg 50 kapsu\u0142ek"},"content":{"rendered":"<p>Nasiona ostropestu zawieraj\u0105 substancje czynne z grupy flawonolignan\u00f3w znane pod nazw\u0105 sylimaryna, spo\u015br\u00f3d kt\u00f3rych najwa\u017cniejszym sk\u0142adnikiem jest sylibinina (50-60%).<\/p>\n<p>Zawarto\u015b\u0107 substancji czynnych w dziennej porcji produktu: 144 mg silibininy wchodz\u0105cej w sk\u0142ad w sylimaryny z ekstraktu ostropestu plamistego.<\/p>\n<p><strong>Zawarto\u015b\u0107 opakowania<\/strong>: 50 kapsu\u0142ek vege<\/p>\n<p><strong>Dzienne spo\u017cycie<\/strong>: 1 kapsu\u0142ka<\/p>\n<p><strong>Sk\u0142adniki aktywne:<\/strong><br \/>\n1 kapsu\u0142ka<br \/>\n\u0141uska ostropestu plamistego (ekstrakt standaryzowany na 80% sylimaryny)(Sylibum Marianum)\u00a0 300 mg<br \/>\nKorze\u0144 mniszka lekarskiego (proszek) (Taraxacum officinale)\u00a0\u00a0\u00a0\u00a0\u00a0\u00a0\u00a0\u00a0\u00a0\u00a0\u00a0\u00a0\u00a0\u00a0\u00a0\u00a0\u00a0\u00a0\u00a0\u00a0\u00a0\u00a0\u00a0\u00a0\u00a0\u00a0\u00a0\u00a0\u00a0\u00a0\u00a0\u00a0\u00a0\u00a0\u00a0\u00a0\u00a0\u00a0\u00a0\u00a0\u00a0\u00a0\u00a0\u00a0\u00a0\u00a0\u00a0\u00a0\u00a0\u00a0\u00a0\u00a0\u00a0\u00a0\u00a0\u00a0 100 mg<br \/>\nLi\u015b\u0107 karczocha zwyczajnego (proszek) (Cynara scolymus)\u00a0\u00a0\u00a0\u00a0\u00a0\u00a0\u00a0\u00a0\u00a0\u00a0\u00a0\u00a0\u00a0\u00a0\u00a0\u00a0\u00a0\u00a0\u00a0\u00a0\u00a0\u00a0\u00a0\u00a0\u00a0\u00a0\u00a0\u00a0\u00a0\u00a0\u00a0\u00a0\u00a0\u00a0\u00a0\u00a0\u00a0\u00a0\u00a0\u00a0\u00a0\u00a0\u00a0\u00a0\u00a0\u00a0\u00a0\u00a0\u00a0\u00a0\u00a0\u00a0\u00a0\u00a0\u00a0\u00a0\u00a0\u00a0\u00a0\u00a0\u00a0\u00a0\u00a0 50 mg<\/p>\n<p><strong>Sk\u0142adniki:<\/strong> Ekstrakt z \u0142uski ostropestu (Sylibum Marianum) (DER 36,4:1; 80% sylimaryny); korze\u0144 mniszka lekarskiego (Taraxacum officinale) proszek; li\u015b\u0107 karczocha zwyczajnego (Cynara scolymus) proszek; materia\u0142 kapsu\u0142ki: estry pochodne celulozy; subst. wype\u0142niaj\u0105ca: celuloza mikrokrystaliczna; subst. przeciwzbrylaj\u0105ca: krzemionka bezpostaciowa.<\/p>\n<p><strong>Milk Thistle Extract 300 mg &#8211; spos\u00f3b u\u017cycia:<\/strong><\/p>\n<p>1 kapsu\u0142ka dziennie<\/p>\n<p>Nie przekracza\u0107 zalecanej porcji do spo\u017cycia w ci\u0105gu dnia. Produkt nie mo\u017ce by\u0107 stosowany jako substytut zr\u00f3\u017cnicowanej diety. Wa\u017cne jest stosowanie zr\u00f3\u017cnicowanej i zbilansowanej diety oraz prowadzenie zdrowego trybu \u017cycia.<\/p>\n<p><strong>Przechowywanie:<\/strong><br \/>\nPo otwarciu przechowywa\u0107 w suchym i ciemnym miejscu, z dala od ma\u0142ych dzieci.<\/p>\n<p><strong>Producent:<\/strong><br \/>\nNow Foods<br \/>\n395 S. Glen Ellyn Road<br \/>\nIL 60108 Bloomingdale, Stany Zjednoczone<\/p>\n<p>&nbsp;<\/p>\n","protected":false},"excerpt":{"rendered":"<p><strong>Suplement diety<\/strong><br \/>\n<strong>Wsparcie dla w\u0105troby i detox dla organizmu<\/strong><br \/>\nG\u0142\u00f3wnym sk\u0142adnikami suplementu diety <strong>Milk Thistle Extract 300mg<\/strong> s\u0105: ekstrakt z \u0142uski ostropestu plamistego, korze\u0144 mniszka i li\u015b\u0107 karczocha zwyczajnego.<\/p>\n","protected":false},"featured_media":9787,"comment_status":"open","ping_status":"closed","template":"","meta":[],"product_brand":[],"product_cat":[72],"product_tag":[],"class_list":{"0":"post-7303","1":"product","2":"type-product","3":"status-publish","4":"has-post-thumbnail","6":"product_cat-suplementy-diety","8":"first","9":"outofstock","10":"sale","11":"taxable","12":"shipping-taxable","13":"purchasable","14":"product-type-simple"},"_links":{"self":[{"href":"https:\/\/ziolazycia.com\/nowa\/wp-json\/wp\/v2\/product\/7303","targetHints":{"allow":["GET"]}}],"collection":[{"href":"https:\/\/ziolazycia.com\/nowa\/wp-json\/wp\/v2\/product"}],"about":[{"href":"https:\/\/ziolazycia.com\/nowa\/wp-json\/wp\/v2\/types\/product"}],"replies":[{"embeddable":true,"href":"https:\/\/ziolazycia.com\/nowa\/wp-json\/wp\/v2\/comments?post=7303"}],"wp:featuredmedia":[{"embeddable":true,"href":"https:\/\/ziolazycia.com\/nowa\/wp-json\/wp\/v2\/media\/9787"}],"wp:attachment":[{"href":"https:\/\/ziolazycia.com\/nowa\/wp-json\/wp\/v2\/media?parent=7303"}],"wp:term":[{"taxonomy":"product_brand","embeddable":true,"href":"https:\/\/ziolazycia.com\/nowa\/wp-json\/wp\/v2\/product_brand?post=7303"},{"taxonomy":"product_cat","embeddable":true,"href":"https:\/\/ziolazycia.com\/nowa\/wp-json\/wp\/v2\/product_cat?post=7303"},{"taxonomy":"product_tag","embeddable":true,"href":"https:\/\/ziolazycia.com\/nowa\/wp-json\/wp\/v2\/product_tag?post=7303"}],"curies":[{"name":"wp","href":"https:\/\/api.w.org\/{rel}","templated":true}]}}