{"id":7298,"date":"2024-02-14T15:49:24","date_gmt":"2024-02-14T14:49:24","guid":{"rendered":"https:\/\/ziolazycia.com\/nowa\/?post_type=product&#038;p=7298"},"modified":"2025-11-26T15:59:06","modified_gmt":"2025-11-26T14:59:06","slug":"larens-mascara-double-effect-2-x-5ml","status":"publish","type":"product","link":"https:\/\/ziolazycia.com\/nowa\/product\/larens-mascara-double-effect-2-x-5ml\/","title":{"rendered":"Larens Colour Double Effect Mascara 2 x 5ml"},"content":{"rendered":"<p>Opakowanie zawiera dwa zbiorniczki z tuszem, a w nich &#8211; dwie r\u00f3\u017cne szczoteczki:<br \/>\n1. g\u0119st\u0105 typu THICK+VOLUME (pogrubienie i obj\u0119to\u015b\u0107) z klasycznego w\u0142osia &#8211; r\u00f3wnomiernie rozprowadzaj\u0105c\u0105 tusz na w\u0142oskach rz\u0119s, zapewniaj\u0105c tr\u00f3jwymiarowe pogrubienie i zwi\u0119kszenie ich obj\u0119to\u015bci;<br \/>\n2. silikonow\u0105 typu LENGHT+CURL (d\u0142ugo\u015b\u0107 i podkr\u0119cenie) &#8211; wyd\u0142u\u017caj\u0105c\u0105 je, podkr\u0119caj\u0105c\u0105 i unosz\u0105c\u0105, a dzi\u0119ki elastyczno\u015bci g\u0142\u00f3wki &#8211; docieraj\u0105c\u0105 nawet do najkr\u00f3tszych w\u0142osk\u00f3w.<br \/>\nObie szczoteczki doskonale rozdzielaj\u0105 rz\u0119sy, r\u00f3wnomiernie rozprowadzaj\u0105 tusz bez tworzenia grudek nawet w przypadku powt\u00f3rnej aplikacji tuszu.<\/p>\n<p>Larens Colour Double Effect Mascara to kosmetyk idealny dla delikatnych rz\u0119s, r\u00f3wnie\u017c tych os\u0142abionych po usuni\u0119ciu sztucznych w\u0142osk\u00f3w czy te\u017c w wyniku przebytych chor\u00f3b.<\/p>\n<h2>Formu\u0142a tuszu do rz\u0119s Larens Colour Double Effect Mascara 2 x 5 ml zawiera:<\/h2>\n<p><strong>Peptydy<\/strong> (Biopeptide Complex) &#8211; wzmacniaj\u0105 rz\u0119sy, pobudzaj\u0105 ich wzrost i regeneracj\u0119.<br \/>\n<strong>Olejek rycynowy &#8211;\u00a0<\/strong> przyspiesza wzrost w\u0142osk\u00f3w.<br \/>\n<strong>Ro\u015blinny wosk Carnauba<\/strong> &#8211; nadaje w\u0142oskom rz\u0119s spr\u0119\u017cysto\u015bci, aksamitnej g\u0142adko\u015bci i wp\u0142ywa na ich mocn\u0105, odporn\u0105 na \u0142amanie struktur\u0119.<br \/>\n<strong>Oryza Sativa Cera<\/strong> czyli wosk ry\u017cowy &#8211; wyg\u0142adza i zmi\u0119kcza, zwi\u0119ksza elastyczno\u015b\u0107 w\u0142osk\u00f3w, nadaje im mi\u0119kko\u015b\u0107 i obj\u0119to\u015b\u0107.<br \/>\n<strong>Panthenol<\/strong> &#8211; nawil\u017ca, poprawia mo\u017cliwo\u015b\u0107 wi\u0105zania wody przez keratyn\u0119 w\u0142osk\u00f3w rz\u0119s, wnika we w\u0142oski gdzie ulega przemianie do aktywnej biologicznie witaminy B5.<br \/>\n<strong>Ekstrakt z korzenia tarczycy bajkalskiej (Scutellaria baicalensis)<\/strong> &#8211; pozyskiwany z ro\u015bliny stosowanej od tysi\u0119cy lat w medycynie chi\u0144skiej. Antyoksydant, bogate \u017ar\u00f3d\u0142o flawonoid\u00f3w.<br \/>\n<strong>Glukonolakton<\/strong> &#8211; dzia\u0142a antyoksydacyjnie, nawil\u017caj\u0105co, przyspiesza odnow\u0119 kom\u00f3rkow\u0105, pobudza syntez\u0119 kolagenu i elastyny.<br \/>\n<strong>Ekstrakt z kie\u0142k\u00f3w pszenicy<\/strong> &#8211; zapewnia elastyczno\u015b\u0107 w\u0142oskom rz\u0119s, zapobiega ich \u0142amliwo\u015bci, chroni przed utrat\u0105 wilgoci, nawil\u017ca, wyg\u0142adza i zmi\u0119kcza. Charakteryzuje si\u0119 wysok\u0105 zawarto\u015bci\u0105 witaminy E.<br \/>\n<strong>Ekstrakt z nasion soi<\/strong> &#8211; tworzy na powierzchni w\u0142oska warstw\u0119 okluzyjn\u0105 (film), kt\u00f3ra zapobiega nadmiernemu odparowywaniu wody. Przeciwutleniacz bogaty w witamin\u0119 E.<\/p>\n<p>Tusz do rz\u0119s Double Effect Mascara utrzymuje si\u0119 d\u0142ugo na rz\u0119sach. Jest odporny na rozmazywanie i osypywanie si\u0119.<\/p>\n<p><strong>Zawarto\u015b\u0107 opakowania:<\/strong>\u00a0 2 x 5 ml<\/p>\n<p><strong>1 szczoteczka<\/strong><br \/>\n<strong>Sk\u0142adniki (INCI):<\/strong> Aqua, Synthetic Beeswax, Paraffin, CI 77499, Polyurethane-35, Acacia Senegal Gum, Stearic Acid, Triethanolamine, Palmitic Acid, VP\/Eicosene Copolymer, Polybutene, Copernicia Cerifera Cera, Glyceryl Stearate, Butylene Glycol, Oryza Sativa Cera, Panthenol, Phenoxyethanol, Ethylhexylglycerin, Hydroxyethylcellulose, Collagen, Collagen Amino Acids, Elastin, Elastin Amino Acids.<br \/>\nMaskara THICK+VOLUME (pogrubienie i obj\u0119to\u015b\u0107).<\/p>\n<p><strong>2 szczoteczka<\/strong><strong>\u00a0<\/strong><br \/>\n<strong>Sk\u0142adniki (INCI): <\/strong>Aqua, Synthetic Beeswax, Acrylates \/ Octylacrylamide Copolymer, Acacia Senegal Gum, Cyclopentasiloxane, Paraffin, Stearic Acid, VP\/Eicosene Copolymer, Polybutene, Glyceryl Stearate, Palmitic acid, Triethanolamine, Butylene Glycol, Copernicia Cerifera Cera, Propanediol, Panthenol, Tocopheryl Acetate, Arginine, Lactic Acid, Glycine Soja Germ Extract, Triticum Vulgare Germ Extract Phenoxyethanol, Ascorbyl Palmitate, Hydroxyethylcellulose, Ethylhexylglycerin, Scutellaria Baicalensis Root Extract, Sodium Benzoate, Gluconolactone, Calcium Gluconate, Collagen, Collagen Amino Acids, Elastin, Elastin Amino Acids, +\/- CI 77491, CI 77492, CI 77499, CI 77007.<\/p>\n<h2><strong>Larens Colour Double Effect Mascara &#8211; spos\u00f3b u\u017cycia:<\/strong><\/h2>\n<p>Nanie\u015b tusz na rz\u0119sy wg potrzeb do uzyskania optymalnego efektu.<br \/>\n<strong>Dla pogrubienia i zag\u0119szczenia:<\/strong> nano\u015b tusz lekkimi, zygzakowatymi ruchami od nasady a\u017c po ko\u0144ce, na ca\u0142ej d\u0142ugo\u015bci rz\u0119s.<br \/>\n<strong>Dla wyd\u0142u\u017cenia i podkr\u0119cenia:<\/strong> nano\u015b tusz d\u0142ugimi, unosz\u0105cymi ruchami, zaczynaj\u0105c od nasady a\u017c po ich ko\u0144ce.<\/p>\n<p><strong>Przechowywanie: <\/strong>Przechowywa\u0107 w spos\u00f3b niedost\u0119pny dla ma\u0142ych dzieci.<\/p>\n<p><strong>Producent:<\/strong><br \/>\nWell4U<\/p>\n","protected":false},"excerpt":{"rendered":"<h2>Podw\u00f3jny efekt pi\u0119knych, d\u0142ugich rz\u0119s dzi\u0119ki Larens Colour Double Effect Mascara.<\/h2>\n<p>Kremowa emulsja tuszu do rz\u0119s w kolorze g\u0142\u0119bokiej czerni wzbogacona kultowym koktajlem peptyd\u00f3w z kolagenu rybiego, pozyskanym opatentowan\u0105 przez producenta metod\u0105, kt\u00f3ra gwarantuje zachowanie bioaktywno\u015bci dobroczynnych peptyd\u00f3w.<br \/>\nPiel\u0119gnacyjny tusz do rz\u0119s z podw\u00f3jn\u0105 szczoteczk\u0105 dla podw\u00f3jnego efektu.<\/p>\n","protected":false},"featured_media":9784,"comment_status":"open","ping_status":"closed","template":"","meta":[],"product_brand":[],"product_cat":[82,83,128],"product_tag":[],"class_list":{"0":"post-7298","1":"product","2":"type-product","3":"status-publish","4":"has-post-thumbnail","6":"product_cat-kosmetyki-naturalne","7":"product_cat-larens","8":"product_cat-kosmetyki-naturalne-larens","10":"first","11":"outofstock","12":"taxable","13":"shipping-taxable","14":"purchasable","15":"product-type-simple"},"_links":{"self":[{"href":"https:\/\/ziolazycia.com\/nowa\/wp-json\/wp\/v2\/product\/7298","targetHints":{"allow":["GET"]}}],"collection":[{"href":"https:\/\/ziolazycia.com\/nowa\/wp-json\/wp\/v2\/product"}],"about":[{"href":"https:\/\/ziolazycia.com\/nowa\/wp-json\/wp\/v2\/types\/product"}],"replies":[{"embeddable":true,"href":"https:\/\/ziolazycia.com\/nowa\/wp-json\/wp\/v2\/comments?post=7298"}],"wp:featuredmedia":[{"embeddable":true,"href":"https:\/\/ziolazycia.com\/nowa\/wp-json\/wp\/v2\/media\/9784"}],"wp:attachment":[{"href":"https:\/\/ziolazycia.com\/nowa\/wp-json\/wp\/v2\/media?parent=7298"}],"wp:term":[{"taxonomy":"product_brand","embeddable":true,"href":"https:\/\/ziolazycia.com\/nowa\/wp-json\/wp\/v2\/product_brand?post=7298"},{"taxonomy":"product_cat","embeddable":true,"href":"https:\/\/ziolazycia.com\/nowa\/wp-json\/wp\/v2\/product_cat?post=7298"},{"taxonomy":"product_tag","embeddable":true,"href":"https:\/\/ziolazycia.com\/nowa\/wp-json\/wp\/v2\/product_tag?post=7298"}],"curies":[{"name":"wp","href":"https:\/\/api.w.org\/{rel}","templated":true}]}}