{"id":7247,"date":"2024-02-14T15:07:56","date_gmt":"2024-02-14T14:07:56","guid":{"rendered":"https:\/\/ziolazycia.com\/nowa\/?post_type=product&#038;p=7247"},"modified":"2025-11-26T15:59:03","modified_gmt":"2025-11-26T14:59:03","slug":"banka-do-masazu-prozniowego-twarzy-gumowo-szklana","status":"publish","type":"product","link":"https:\/\/ziolazycia.com\/nowa\/product\/banka-do-masazu-prozniowego-twarzy-gumowo-szklana\/","title":{"rendered":"Ba\u0144ka do Masa\u017cu Pr\u00f3\u017cniowego Twarzy &#8211; Gumowo-Szklana"},"content":{"rendered":"<p>Regularne stosowanie ba\u0144ki wspomaga elastyczno\u015b\u0107 i zdrowie tkanki powi\u0119ziowej, a zabieg sam w sobie jest przyjemnym i relaksuj\u0105cym do\u015bwiadczeniem. Masa\u017c pr\u00f3\u017cniowy dociera r\u00f3wnie\u017c do g\u0142\u0119bszych warstw sk\u00f3ry, zwi\u0119kszaj\u0105c jej mo\u017cliwo\u015bci regeneracyjne i przywracaj\u0105c r\u00f3wnowag\u0119 w organizmie.<\/p>\n<p>Korzy\u015bci wynikaj\u0105ce z u\u017cywania ba\u0144ki to rozlu\u017anienie spi\u0119tych mi\u0119\u015bni, redukcja cieni i opuchlizny, a tak\u017ce wyra\u017ana pomoc w walce ze zmarszczkami, co sprawia, \u017ce sk\u00f3ra jest bardziej elastyczna i m\u0142odzie\u0144cza.<\/p>\n","protected":false},"excerpt":{"rendered":"<p>Ta gumowo-szklana ba\u0144ka do masa\u017cu pr\u00f3\u017cniowego twarzy, o \u015brednicy 1,5 cm, jest idealnym narz\u0119dziem do poprawy kr\u0105\u017cenia krwi i limfy. Dzi\u0119ki wywo\u0142ywaniu miejscowego rozszerzenia naczy\u0144 krwiono\u015bnych i limfatycznych, dzia\u0142a stymuluj\u0105co oraz przeciwb\u00f3lowo. Regularne u\u017cywanie baniek pr\u00f3\u017cniowych sprawia, \u017ce sk\u00f3ra lepiej oddycha, staje si\u0119 bardziej elastyczna, a funkcje skurczowe mi\u0119\u015bni ulegaj\u0105 poprawie, zwi\u0119kszaj\u0105c ich napi\u0119cie i elastyczno\u015b\u0107. Masa\u017c twarzy z u\u017cyciem tej ba\u0144ki pomaga rozlu\u017ani\u0107 spi\u0119te mi\u0119\u015bnie, redukuje cienie i opuchlizn\u0119, oraz znacz\u0105co wspomaga walk\u0119 ze zmarszczkami, przywracaj\u0105c sk\u00f3rze m\u0142odzie\u0144czy wygl\u0105d.<\/p>\n","protected":false},"featured_media":9761,"comment_status":"open","ping_status":"closed","template":"","meta":[],"product_brand":[],"product_cat":[80,73,74],"product_tag":[],"class_list":{"0":"post-7247","1":"product","2":"type-product","3":"status-publish","4":"has-post-thumbnail","6":"product_cat-akcesoria","7":"product_cat-akcesoria-do-twarzy-i-ciala","8":"product_cat-masaz-twarzy","10":"first","11":"instock","12":"sale","13":"taxable","14":"shipping-taxable","15":"purchasable","16":"product-type-simple"},"_links":{"self":[{"href":"https:\/\/ziolazycia.com\/nowa\/wp-json\/wp\/v2\/product\/7247","targetHints":{"allow":["GET"]}}],"collection":[{"href":"https:\/\/ziolazycia.com\/nowa\/wp-json\/wp\/v2\/product"}],"about":[{"href":"https:\/\/ziolazycia.com\/nowa\/wp-json\/wp\/v2\/types\/product"}],"replies":[{"embeddable":true,"href":"https:\/\/ziolazycia.com\/nowa\/wp-json\/wp\/v2\/comments?post=7247"}],"wp:featuredmedia":[{"embeddable":true,"href":"https:\/\/ziolazycia.com\/nowa\/wp-json\/wp\/v2\/media\/9761"}],"wp:attachment":[{"href":"https:\/\/ziolazycia.com\/nowa\/wp-json\/wp\/v2\/media?parent=7247"}],"wp:term":[{"taxonomy":"product_brand","embeddable":true,"href":"https:\/\/ziolazycia.com\/nowa\/wp-json\/wp\/v2\/product_brand?post=7247"},{"taxonomy":"product_cat","embeddable":true,"href":"https:\/\/ziolazycia.com\/nowa\/wp-json\/wp\/v2\/product_cat?post=7247"},{"taxonomy":"product_tag","embeddable":true,"href":"https:\/\/ziolazycia.com\/nowa\/wp-json\/wp\/v2\/product_tag?post=7247"}],"curies":[{"name":"wp","href":"https:\/\/api.w.org\/{rel}","templated":true}]}}