{"id":715,"date":"2022-11-25T08:22:03","date_gmt":"2022-11-25T07:22:03","guid":{"rendered":"https:\/\/ziolazycia.com\/nowa\/?post_type=product&#038;p=715"},"modified":"2025-11-26T15:58:13","modified_gmt":"2025-11-26T14:58:13","slug":"olejek-eteryczny-doterra-turmeric-kurkuma-15-ml","status":"publish","type":"product","link":"https:\/\/ziolazycia.com\/nowa\/product\/olejek-eteryczny-doterra-turmeric-kurkuma-15-ml\/","title":{"rendered":"doTERRA Olejek eteryczny TURMERIC (Kurkuma) 15 ml\u00a0"},"content":{"rendered":"<div class=\"_5pbx userContent _3576\" data-testid=\"post_message\" data-ft=\"{&quot;tn&quot;:&quot;K&quot;}\">\n<div class=\"text_exposed_root text_exposed\">\n<h2>Korzy\u015bci stosowania olejku doTERRA Turmeric:<b><br \/>\n<\/b><\/h2>\n<ul>\n<li>Pomaga wspiera\u0107 zdrowy metabolizm glukozy i lipid\u00f3w, gdy jest stosowany wewn\u0119trznie<\/li>\n<li>Zastosowanie wewn\u0119trzne kurkumy mo\u017ce wzmocni\u0107 kom\u00f3rkowe enzymy przeciwutleniaj\u0105ce (np. Glutation)<\/li>\n<li>Kiedy przyjmiesz w kapsu\u0142ce wega\u0144skiej mo\u017ce pom\u00f3c w utrzymaniu zdrowych funkcji nerwowych i kom\u00f3rkowych<\/li>\n<li>Wykazano, \u017ce stosowanie wewn\u0119trzne zwi\u0119ksza moc i wch\u0142anianie kurkuminy<\/li>\n<li>Mo\u017ce promowa\u0107 zdrowe funkcje odporno\u015bciowe i reakcj\u0119 po spo\u017cyciu<\/li>\n<li>Wspiera czyst\u0105 i zdrowo wygl\u0105daj\u0105c\u0105 sk\u00f3r\u0119, jednocze\u015bnie zmniejszaj\u0105c widoczno\u015b\u0107 wyprysk\u00f3w<\/li>\n<\/ul>\n<p><strong>Aromat: <\/strong>Ciep\u0142y, pikantny, ziemisty, drzewny<\/p>\n<p><b>Metoda pozyskiwania: <\/b>Destylacja z par\u0105<\/p>\n<p><b>G\u0142\u00f3wne sk\u0142adniki: <\/b>ar-Turmerone i Turmerone<\/p>\n<h2>Zastosowanie olejku doTERRA TURMERIC:<b><br \/>\n<\/b><\/h2>\n<ul>\n<li>Stosuj wewn\u0119trznie w celu codziennego wspierania antyoksydant\u00f3w i poprawy odpowiedzi immunologicznej.<\/li>\n<li>Jako wsparcie metaboliczne.<\/li>\n<li>W razie potrzeby u\u017cyj kurkumy jako zabiegu punktowego lub w maseczce na twarz, aby zmniejszy\u0107 widoczno\u015b\u0107 wyprysk\u00f3w lub uzyska\u0107 zdrowy wygl\u0105d og\u00f3lnego blasku.<\/li>\n<li>Rozpu\u015b\u0107 kurkum\u0119 (1 kropla na 100 ml wody) lub umie\u015b\u0107 kropl\u0119 lub dwie w d\u0142oni i wdychaj, aby uzyska\u0107 uczucie odpr\u0119\u017cenia i poprawi\u0107 nastr\u00f3j.<\/li>\n<li>Po intensywnym wysi\u0142ku w\u0142\u0105cz kurkum\u0119 do rutyny regeneracji, aby si\u0119 odpr\u0119\u017cy\u0107.<\/li>\n<li>Do dyfuzji &#8211; u\u017cyj od trzech do czterech kropli.<\/li>\n<\/ul>\n<\/div>\n<\/div>\n<p><strong>\u015arodki ostro\u017cno\u015bci<\/strong>: Mo\u017ce powodowa\u0107 podra\u017cnienia sk\u00f3ry. Przechowywa\u0107 poza zasi\u0119giem dzieci. Je\u015bli jeste\u015b w ci\u0105\u017cy, karmisz piersi\u0105 lub jeste\u015b pod opiek\u0105 lekarsk\u0105, skonsultuj si\u0119 ze swoim lekarzem. Unika\u0107 kontaktu z oczami, wewn\u0119trzn\u0105 cz\u0119\u015bci\u0105 uszu i innymi wra\u017cliwymi obszarami.<\/p>\n<p><strong>Pojemno\u015b\u0107: <\/strong>15 ml (buteleczka z ciemnego szk\u0142a).<\/p>\n<div class=\"_5pbx userContent _3576\" data-testid=\"post_message\" data-ft=\"{&quot;tn&quot;:&quot;K&quot;}\">\n<div class=\"text_exposed_root text_exposed\">\n<p><strong>UWAGA:<\/strong><\/p>\n<div id=\"box_description\" class=\"box tab\">\n<div class=\"innerbox\">\n<div class=\"resetcss\">\n<p><span style=\"font-size: 8pt;\">Opis i w\u0142a\u015bciwo\u015bci olejk\u00f3w opisane na stronie maj\u0105 wy\u0142\u0105cznie charakter informacyjny. W razie choroby lub problem\u00f3w ze zdrowiem skontaktuj si\u0119 z lekarzem i zastosuj si\u0119 do jego zalece\u0144 i wskaz\u00f3wek. W \u017cadnym wypadku kuracje olejkami nie zast\u0119puj\u0105 leczenia prowadzonego przez lekarza. Olejki nie s\u0105 lekami, suplementami diety ani \u017cywno\u015bci\u0105 specjalnego przeznaczenia! Zastosowanie produkt\u00f3w, olejk\u00f3w le\u017c\u0105 wy\u0142\u0105cznie w gestii, inwencji kupuj\u0105cego. Olejki doTERRA posiadaj\u0105 certyfikat doTERRA CPTG Certified Pure Tested Grade\u00ae. Olejki te s\u0105 czystymi, naturalnymi aromatycznymi zwi\u0105zkami starannie wyekstrahowanymi z ro\u015blin. Nie zawieraj\u0105 sztucznych sk\u0142adnik\u00f3w ani wype\u0142niaczy, kt\u00f3re os\u0142abi\u0142yby ich czynne w\u0142a\u015bciwo\u015bci oraz nie zawieraj\u0105 zanieczyszcze\u0144 i innych pozosta\u0142o\u015bci chemicznych. Certyfikat ten oznacza, \u017ce olejek zosta\u0142 poddany rygorystycznym procesom testowym, kt\u00f3re oceniaj\u0105 czysto\u015b\u0107 i moc olejk\u00f3w eterycznych. Je\u015bli oleje zostan\u0105 przetestowane w systemie CPTG i oka\u017c\u0105 si\u0119 czyste i mocne, s\u0105 one nast\u0119pnie sprzedawane jako pojedyncze oleje lub stosowane w mieszankach olejk\u00f3w eterycznych, takich jak mieszanka doTERRA Purify.<\/span><\/p>\n<p><strong>Producent<\/strong>: doTERRA<\/p>\n<\/div>\n<\/div>\n<\/div>\n<\/div>\n<\/div>\n","protected":false},"excerpt":{"rendered":"<div id=\"js_5ym\" class=\"_5pbx userContent _3576\" data-testid=\"post_message\" data-ft=\"{&quot;tn&quot;:&quot;K&quot;}\">\n<div id=\"id_5d3c579dcca249362386394\" class=\"text_exposed_root text_exposed\">\n<p data-pm-slice=\"1 1 []\">Jako g\u0142\u00f3wny sk\u0142adnik tradycyjnych ajurwedyjskich praktyk zdrowotnych w Indiach, korze\u0144 kurkumy i olejek eteryczny z kurkumy maj\u0105 d\u0142ug\u0105 histori\u0119 stosowania. Zainspirowa\u0142a ona wsp\u00f3\u0142czesne zastosowania kurkumy. Olejek eteryczny z kurkumy destylowany par\u0105 wodn\u0105 z korzenia kurkumy ma dwa unikalne sk\u0142adniki chemiczne: Turmerone i ar-Turmerone. Te dwa sk\u0142adniki s\u0105 najbardziej znane ze swojego korzystnego wp\u0142ywu na uk\u0142ad nerwowy i emocje. I dzi\u0119ki nim olejek eteryczny z kurkumy jest niezb\u0119dny w codziennej rutynie. Kurkuma oddzia\u0142uje korzystnie na uk\u0142ad odporno\u015bciowy. Kurkuma pomaga r\u00f3wnie\u017c zachowa\u0107 czyst\u0105, g\u0142adk\u0105 i promiennie wygl\u0105daj\u0105c\u0105 sk\u00f3r\u0119. Codziennie u\u017cywaj kurkumy, aby wspiera\u0107 zdrowe funkcje odporno\u015bciowe oraz zdrowe kr\u0105\u017cenie. Opr\u00f3cz wielu zalet olejku eterycznego z kurkumy, kurkuma dzia\u0142a jako \u015bwietny dodatek smakowy do pikantnych potraw.<\/p>\n<\/div>\n<p>&nbsp;<\/p>\n<\/div>\n","protected":false},"featured_media":9354,"comment_status":"closed","ping_status":"closed","template":"","meta":[],"product_brand":[],"product_cat":[69,125,67,119],"product_tag":[],"class_list":{"0":"post-715","1":"product","2":"type-product","3":"status-publish","4":"has-post-thumbnail","6":"product_cat-doterra-olejki-eteryczne-pojedyncze","7":"product_cat-doterra-oe-poj","8":"product_cat-produkty-doterra","9":"product_cat-doterra-produkty","11":"first","12":"instock","13":"taxable","14":"shipping-taxable","15":"purchasable","16":"product-type-simple"},"_links":{"self":[{"href":"https:\/\/ziolazycia.com\/nowa\/wp-json\/wp\/v2\/product\/715","targetHints":{"allow":["GET"]}}],"collection":[{"href":"https:\/\/ziolazycia.com\/nowa\/wp-json\/wp\/v2\/product"}],"about":[{"href":"https:\/\/ziolazycia.com\/nowa\/wp-json\/wp\/v2\/types\/product"}],"replies":[{"embeddable":true,"href":"https:\/\/ziolazycia.com\/nowa\/wp-json\/wp\/v2\/comments?post=715"}],"wp:featuredmedia":[{"embeddable":true,"href":"https:\/\/ziolazycia.com\/nowa\/wp-json\/wp\/v2\/media\/9354"}],"wp:attachment":[{"href":"https:\/\/ziolazycia.com\/nowa\/wp-json\/wp\/v2\/media?parent=715"}],"wp:term":[{"taxonomy":"product_brand","embeddable":true,"href":"https:\/\/ziolazycia.com\/nowa\/wp-json\/wp\/v2\/product_brand?post=715"},{"taxonomy":"product_cat","embeddable":true,"href":"https:\/\/ziolazycia.com\/nowa\/wp-json\/wp\/v2\/product_cat?post=715"},{"taxonomy":"product_tag","embeddable":true,"href":"https:\/\/ziolazycia.com\/nowa\/wp-json\/wp\/v2\/product_tag?post=715"}],"curies":[{"name":"wp","href":"https:\/\/api.w.org\/{rel}","templated":true}]}}