{"id":6851,"date":"2023-11-29T19:01:09","date_gmt":"2023-11-29T18:01:09","guid":{"rendered":"https:\/\/ziolazycia.com\/nowa\/?post_type=product&#038;p=6851"},"modified":"2025-11-26T15:58:58","modified_gmt":"2025-11-26T14:58:58","slug":"l-lysine-lizyna-500mg-100-kapsulek-now-foods","status":"publish","type":"product","link":"https:\/\/ziolazycia.com\/nowa\/product\/l-lysine-lizyna-500mg-100-kapsulek-now-foods\/","title":{"rendered":"L-Lysine (Lizyna) 500mg 100 kapsu\u0142ek"},"content":{"rendered":"<p>Wykazano, \u017ce lizyna wspomaga produkcj\u0119 bia\u0142ek w organizmie oraz jest potrzebna do utrzymania bia\u0142ek strukturalnych: kolagenu i elastyny. Stanowi\u0105 one podstaw\u0119 wszystkich tkanek \u0142\u0105cznych: sk\u00f3ry, \u015bci\u0119gien i ko\u015bci. Lizyna jest aminokwasem nie wytwarzanym przez organizm ludzki. Zatem powinien on by\u0107, ze wzgl\u0119du na swoje w\u0142a\u015bciwo\u015bci, dostarczany do organizmu wraz z po\u017cywieniem lub suplementowany. Aminokwas ten wyst\u0119puje w mi\u0119sie czerwonym, drobiu, jajach, produktach mlecznych<\/p>\n<p><strong>Zawarto\u015b\u0107 opakowania:<\/strong>\u00a0100 tabletek<\/p>\n<p><strong>Dzienne spo\u017cycie:<\/strong>\u00a03 tabletki<\/p>\n<p><strong>Sk\u0142adniki aktywne:<\/strong><\/p>\n<table width=\"100%\">\n<thead>\n<tr>\n<td><\/td>\n<td width=\"23%\">1 tabletka<\/td>\n<td width=\"1%\"><\/td>\n<\/tr>\n<\/thead>\n<tbody>\n<tr>\n<td>\n<table>\n<tbody>\n<tr>\n<td>L-Lizyna HCl (w wolnej postaci)<\/td>\n<td><\/td>\n<\/tr>\n<tr>\n<td><\/td>\n<td><\/td>\n<\/tr>\n<\/tbody>\n<\/table>\n<\/td>\n<td width=\"23%\">500 mg<\/p>\n<p>&nbsp;<\/td>\n<td width=\"1%\"><\/td>\n<\/tr>\n<\/tbody>\n<\/table>\n<p><strong>Sk\u0142adniki:<\/strong> L-Lizyna (chlorowodorek L-Lizyny); substancja wype\u0142niaj\u0105ca: celuloza mikrokrystaliczna; substancja przeciwzbrylaj\u0105ce: sole magnezowe kwas\u00f3w t\u0142uszczowych, tlenek krzemu; materia\u0142 kapsu\u0142ki: celuloza.<\/p>\n<h2><strong>L-Lysine 500 mg &#8211; spos\u00f3b u\u017cycia:<\/strong><\/h2>\n<p>1 tabletka do 3 razy dziennie.<\/p>\n<p><strong>Nie przekracza\u0107 zalecanej porcji do spo\u017cycia w ci\u0105gu dnia. Produkt nie mo\u017ce by\u0107 stosowany jako substytut zr\u00f3\u017cnicowanej diety. Wa\u017cne jest stosowanie zr\u00f3\u017cnicowanej i zbilansowanej diety oraz prowadzenie zdrowego trybu \u017cycia.<\/strong><\/p>\n<p><strong>Przechowywanie<\/strong><\/p>\n<p>Po otwarciu przechowywa\u0107 w suchym i ciemnym miejscu, z dala od ma\u0142ych dzieci<\/p>\n<p><strong>Producent:<\/strong><\/p>\n<p>Now Foods<br \/>\n395 S. Glen Ellyn Road<br \/>\nIL 60108 Bloomingdale, Stany Zjednoczone<\/p>\n<p>&nbsp;<\/p>\n<h1><\/h1>\n","protected":false},"excerpt":{"rendered":"<p><strong>Suplement diety<\/strong><\/p>\n<h2><strong>Wsparcie syntezy kolagenu oraz uk\u0142adu odporno\u015bciowego<\/strong><\/h2>\n<p>Suplement diety, kt\u00f3rego g\u0142\u00f3wnym sk\u0142adnikiem jest lizyna &#8211; jeden z dziesi\u0119ciu aminokwas\u00f3w uwa\u017canych za niezb\u0119dne do prawid\u0142owego funkcjonowania organizmu.<\/p>\n","protected":false},"featured_media":9724,"comment_status":"closed","ping_status":"closed","template":"","meta":[],"product_brand":[],"product_cat":[72],"product_tag":[],"class_list":{"0":"post-6851","1":"product","2":"type-product","3":"status-publish","4":"has-post-thumbnail","6":"product_cat-suplementy-diety","8":"first","9":"outofstock","10":"taxable","11":"shipping-taxable","12":"purchasable","13":"product-type-simple"},"_links":{"self":[{"href":"https:\/\/ziolazycia.com\/nowa\/wp-json\/wp\/v2\/product\/6851","targetHints":{"allow":["GET"]}}],"collection":[{"href":"https:\/\/ziolazycia.com\/nowa\/wp-json\/wp\/v2\/product"}],"about":[{"href":"https:\/\/ziolazycia.com\/nowa\/wp-json\/wp\/v2\/types\/product"}],"replies":[{"embeddable":true,"href":"https:\/\/ziolazycia.com\/nowa\/wp-json\/wp\/v2\/comments?post=6851"}],"wp:featuredmedia":[{"embeddable":true,"href":"https:\/\/ziolazycia.com\/nowa\/wp-json\/wp\/v2\/media\/9724"}],"wp:attachment":[{"href":"https:\/\/ziolazycia.com\/nowa\/wp-json\/wp\/v2\/media?parent=6851"}],"wp:term":[{"taxonomy":"product_brand","embeddable":true,"href":"https:\/\/ziolazycia.com\/nowa\/wp-json\/wp\/v2\/product_brand?post=6851"},{"taxonomy":"product_cat","embeddable":true,"href":"https:\/\/ziolazycia.com\/nowa\/wp-json\/wp\/v2\/product_cat?post=6851"},{"taxonomy":"product_tag","embeddable":true,"href":"https:\/\/ziolazycia.com\/nowa\/wp-json\/wp\/v2\/product_tag?post=6851"}],"curies":[{"name":"wp","href":"https:\/\/api.w.org\/{rel}","templated":true}]}}