{"id":661,"date":"2022-11-22T19:10:30","date_gmt":"2022-11-22T18:10:30","guid":{"rendered":"https:\/\/ziolazycia.com\/nowa\/?post_type=product&#038;p=661"},"modified":"2025-11-26T15:58:09","modified_gmt":"2025-11-26T14:58:09","slug":"soda-oczyszczona-na-strazy-zdrowia-iwan-nieumywakin","status":"publish","type":"product","link":"https:\/\/ziolazycia.com\/nowa\/product\/soda-oczyszczona-na-strazy-zdrowia-iwan-nieumywakin\/","title":{"rendered":"Soda oczyszczona na stra\u017cy zdrowia Autor: Iwan Nieumywakin"},"content":{"rendered":"<p class=\"p1\">Powo\u0142uj\u0105c si\u0119 na do\u015bwiadczenia naukowc\u00f3w i badaczy, kt\u00f3rzy szeroko stosuj\u0105 sod\u0119 w praktyce, a tak\u017ce konfrontuj\u0105c je ze swoj\u0105 metod\u0105 uzdrawiania organizmu, autor ponownie wykazuje, \u017ce do utrzymania zdrowia i do walki z chorobami nie s\u0105 potrzebne drogie lekarstwa. Wystarcz\u0105 do tego stare wypr\u00f3bowane \u015brodki i d\u0105\u017cenie do \u017cycia w zgodzie z prawami Przyrody. Ksi\u0105\u017cka przeznaczona jest dla szerokiego kr\u0119gu Czytelnik\u00f3w.<\/p>\n<p class=\"p1\"><b>Wydawnictwo: <\/b>Hartigrama<br \/>\n<b>Rok wydania:<\/b> 2015<br \/>\n<strong>Liczba stron<\/strong>: 76<br \/>\n<strong>Oprawa<\/strong>: Mi\u0119kka<br \/>\n<b>Format [mm]<\/b>:140\u00d7200<\/p>\n","protected":false},"excerpt":{"rendered":"<p>Tematem nowej ksi\u0105\u017cki profesora Iwana Nieumywakina s\u0105 uzdrawiaj\u0105ce w\u0142a\u015bciwo\u015bci zwyk\u0142ej sody spo\u017cywczej, kt\u00f3re wcale nie s\u0105 tak nieznaczne, jak mo\u017ce si\u0119 wydawa\u0107 na pierwszy rzut oka.<\/p>\n","protected":false},"featured_media":9329,"comment_status":"closed","ping_status":"closed","template":"","meta":[],"product_brand":[],"product_cat":[66],"product_tag":[],"class_list":{"0":"post-661","1":"product","2":"type-product","3":"status-publish","4":"has-post-thumbnail","6":"product_cat-ksiazki","8":"first","9":"outofstock","10":"taxable","11":"shipping-taxable","12":"purchasable","13":"product-type-simple"},"_links":{"self":[{"href":"https:\/\/ziolazycia.com\/nowa\/wp-json\/wp\/v2\/product\/661","targetHints":{"allow":["GET"]}}],"collection":[{"href":"https:\/\/ziolazycia.com\/nowa\/wp-json\/wp\/v2\/product"}],"about":[{"href":"https:\/\/ziolazycia.com\/nowa\/wp-json\/wp\/v2\/types\/product"}],"replies":[{"embeddable":true,"href":"https:\/\/ziolazycia.com\/nowa\/wp-json\/wp\/v2\/comments?post=661"}],"wp:featuredmedia":[{"embeddable":true,"href":"https:\/\/ziolazycia.com\/nowa\/wp-json\/wp\/v2\/media\/9329"}],"wp:attachment":[{"href":"https:\/\/ziolazycia.com\/nowa\/wp-json\/wp\/v2\/media?parent=661"}],"wp:term":[{"taxonomy":"product_brand","embeddable":true,"href":"https:\/\/ziolazycia.com\/nowa\/wp-json\/wp\/v2\/product_brand?post=661"},{"taxonomy":"product_cat","embeddable":true,"href":"https:\/\/ziolazycia.com\/nowa\/wp-json\/wp\/v2\/product_cat?post=661"},{"taxonomy":"product_tag","embeddable":true,"href":"https:\/\/ziolazycia.com\/nowa\/wp-json\/wp\/v2\/product_tag?post=661"}],"curies":[{"name":"wp","href":"https:\/\/api.w.org\/{rel}","templated":true}]}}