{"id":6606,"date":"2022-11-25T07:50:08","date_gmt":"2022-11-25T06:50:08","guid":{"rendered":"https:\/\/ziolazycia.com\/nowa\/?post_type=product&#038;p=6606"},"modified":"2025-11-26T15:58:55","modified_gmt":"2025-11-26T14:58:55","slug":"olejek-eteryczny-doterra-lemon-cytryna","status":"publish","type":"product","link":"https:\/\/ziolazycia.com\/nowa\/product\/olejek-eteryczny-doterra-lemon-cytryna\/","title":{"rendered":"doTERRA Olejek eteryczny LEMON (Olejek Cytrynowy) 15 ml\u00a0"},"content":{"rendered":"<p><strong>Sk\u0142adniki: <\/strong>Sk\u00f3rka z owocu cytryny, Limonene, \u03b2-pinene, \u03b3-terpinene.<\/p>\n<p><strong>Aromat<\/strong>: czysty, \u015bwie\u017cy, cytrusowy, jasny.<\/p>\n<h2>Korzy\u015bci stosowania olejku doTERRA Lemon:<strong><br \/>\n<\/strong><\/h2>\n<ul>\n<li>oczyszcza otwiera i usuwa blokady emocjonalne,<\/li>\n<li>oczyszcza powietrze i powierzchnie,<\/li>\n<li>naturalnie oczyszcza organizm i pomaga w trawieniu,<\/li>\n<li>wspiera zdrowe funkcje oddechowe,<\/li>\n<li>promuje pozytywny nastr\u00f3j,<\/li>\n<li>stosowany jako orze\u017awiaj\u0105cy aromat do wody lub dodatek do niezliczonych potraw.<\/li>\n<\/ul>\n<h2>Spos\u00f3b u\u017cycia olejku doTERRA Lemon:<strong><br \/>\n<\/strong><\/h2>\n<ul>\n<li>dodaj do wody olejek z cytryny, aby uzyska\u0107 orze\u017awiaj\u0105cy smak lub jako alternatyw\u0119 dla napoj\u00f3w<br \/>\ngazowanych i s\u0142odkich,<\/li>\n<li>dodaj olejek z cytryny do ulubionych przysmak\u00f3w i deser\u00f3w, zastosuj jako dodatek do \u017cywno\u015bci: rozcie\u0144czy\u0107 jedn\u0105 kropl\u0119 w 125 ml p\u0142ynu,<\/li>\n<li>dodaj jedn\u0105 lub dwie krople olejku z cytryny do ulubionego p\u0142ynu do r\u0105k lub k\u0105pieli,<\/li>\n<li>umie\u015b\u0107 jedn\u0105 lub dwie krople olejku z cytryny w butelce do spryskiwania, aby uzyska\u0107 orze\u017awiaj\u0105cy zapach<br \/>\npodczas czyszczenia sto\u0142\u00f3w, blat\u00f3w i innych powierzchni,<\/li>\n<li>olejek wybielaj\u0105cy &#8211; mo\u017cna do\u0142o\u017cy\u0107 do prania lub do mycia zlew\u00f3w,<\/li>\n<li>dzia\u0142a wybielaj\u0105co na plamy starcze (po zastosowaniu na sk\u00f3rze chroni\u0107 j\u0105 przed promieniami s\u0142onecznymi).<\/li>\n<\/ul>\n<p><strong>Stosowanie miejscowe<\/strong>: w przypadku masa\u017cu wymiesza\u0107<br \/>\n5 kropli z 10 ml oleju no\u015bnego. Do k\u0105pieli dodaj 5 kropli z 5 ml oleju no\u015bnego. W celu perfumowania wymieszaj<br \/>\n1 kropl\u0119 na 10 kropli oleju no\u015bnego.<\/p>\n<p><strong>Dyfuzja<\/strong>: u\u017cyj trzech do czterech kropel do dyfuzora z wod\u0105<\/p>\n<p><strong>\u015arodki ostro\u017cno\u015bci: <\/strong>Mo\u017ce wyst\u0105pi\u0107 wra\u017cliwo\u015b\u0107 sk\u00f3ry. Trzyma\u0107 poza zasi\u0119giem dzieci. Je\u015bli jeste\u015b w ci\u0105\u017cy i w okresie laktacji lub jeste\u015b pod opiek\u0105 lekarsk\u0105, skonsultuj si\u0119 z lekarzem. Nie stosowa\u0107 wewn\u0119trznie do uszu, unika\u0107 kontaktu z oczami i<br \/>\nwra\u017cliwymi obszarami cia\u0142a. Unikaj \u015bwiat\u0142a s\u0142onecznego lub promieni UV nawet do 12 godzin po na\u0142o\u017ceniu produktu<\/p>\n<p><strong>Pojemno\u015b\u0107<\/strong>: 15 ml (buteleczka z ciemnego szk\u0142a).<\/p>\n<p><strong>UWAGA:<\/strong><\/p>\n<div id=\"box_description\" class=\"box tab\">\n<div class=\"innerbox\">\n<div class=\"resetcss\">\n<p><span style=\"font-size: 8pt;\">Opis i w\u0142a\u015bciwo\u015bci olejk\u00f3w opisane na stronie maj\u0105 wy\u0142\u0105cznie charakter informacyjny. W razie choroby lub problem\u00f3w ze zdrowiem skontaktuj si\u0119 z lekarzem i zastosuj si\u0119 do jego zalece\u0144 i wskaz\u00f3wek. W \u017cadnym wypadku kuracje olejkami nie zast\u0119puj\u0105 leczenia prowadzonego przez lekarza. Olejki nie s\u0105 lekami, suplementami diety ani \u017cywno\u015bci\u0105 specjalnego przeznaczenia! Zastosowanie produkt\u00f3w, olejk\u00f3w le\u017c\u0105 wy\u0142\u0105cznie w gestii, inwencji kupuj\u0105cego. Olejki doTERRA posiadaj\u0105 certyfikat doTERRA CPTG Certified Pure Tested Grade\u00ae. Olejki te s\u0105 czystymi, naturalnymi aromatycznymi zwi\u0105zkami starannie wyekstrahowanymi z ro\u015blin. Nie zawieraj\u0105 sztucznych sk\u0142adnik\u00f3w ani wype\u0142niaczy, kt\u00f3re os\u0142abi\u0142yby ich czynne w\u0142a\u015bciwo\u015bci oraz nie zawieraj\u0105 zanieczyszcze\u0144 i innych pozosta\u0142o\u015bci chemicznych. Certyfikat ten oznacza, \u017ce olejek zosta\u0142 poddany rygorystycznym procesom testowym, kt\u00f3re oceniaj\u0105 czysto\u015b\u0107 i moc olejk\u00f3w eterycznych. Je\u015bli oleje zostan\u0105 przetestowane w systemie CPTG i oka\u017c\u0105 si\u0119 czyste i mocne, s\u0105 one nast\u0119pnie sprzedawane jako pojedyncze oleje lub stosowane w mieszankach olejk\u00f3w eterycznych, takich jak mieszanka doTERRA Purify.<\/span><\/p>\n<\/div>\n<\/div>\n<\/div>\n<div id=\"box_productcomments\" class=\"box row tab\">\n<div class=\"boxhead tab-head\"><strong>Producent<\/strong>: doTERRA.<\/div>\n<\/div>\n<div id=\"box_productcomments\" class=\"box row tab\">\n<div class=\"boxhead tab-head\"><\/div>\n<\/div>\n","protected":false},"excerpt":{"rendered":"<p>Ojczyzn\u0105 cytryny s\u0105 Chiny. Do Europy dotar\u0142a dzi\u0119ki Arabom. Uprawiana jest g\u0142\u00f3wnie w Europie w USA i Meksyku. Drzewo osi\u0105ga wysoko\u015b\u0107 od 5 do 10m.Cytryna ma energetyzuj\u0105cy aromat i wywo\u0142uje uczucie lekko\u015bci, rado\u015bci i otuchy, odpr\u0119\u017cenia po\u0142\u0105czonego z przyp\u0142ywem energii. Najlepiej sprzedaj\u0105cy si\u0119 olejek doTERRA Lemon ma wiele zalet i zastosowa\u0144. Cytryna jest silnym \u015brodkiem oczyszczaj\u0105cym powierzchnie i od\u015bwie\u017caj\u0105cym powietrze. Po dodaniu do wody Lemon zapewnia od\u015bwie\u017caj\u0105cy smak i gasi pragnienie. Olejek Lemon mo\u017cemy stosowa\u0107 do sprz\u0105tania i we wspomaganiu zdrowia.<\/p>\n","protected":false},"featured_media":9704,"comment_status":"closed","ping_status":"closed","template":"","meta":[],"product_brand":[],"product_cat":[69,125,67,119],"product_tag":[],"class_list":{"0":"post-6606","1":"product","2":"type-product","3":"status-publish","4":"has-post-thumbnail","6":"product_cat-doterra-olejki-eteryczne-pojedyncze","7":"product_cat-doterra-oe-poj","8":"product_cat-produkty-doterra","9":"product_cat-doterra-produkty","11":"first","12":"instock","13":"taxable","14":"shipping-taxable","15":"purchasable","16":"product-type-simple"},"_links":{"self":[{"href":"https:\/\/ziolazycia.com\/nowa\/wp-json\/wp\/v2\/product\/6606","targetHints":{"allow":["GET"]}}],"collection":[{"href":"https:\/\/ziolazycia.com\/nowa\/wp-json\/wp\/v2\/product"}],"about":[{"href":"https:\/\/ziolazycia.com\/nowa\/wp-json\/wp\/v2\/types\/product"}],"replies":[{"embeddable":true,"href":"https:\/\/ziolazycia.com\/nowa\/wp-json\/wp\/v2\/comments?post=6606"}],"wp:featuredmedia":[{"embeddable":true,"href":"https:\/\/ziolazycia.com\/nowa\/wp-json\/wp\/v2\/media\/9704"}],"wp:attachment":[{"href":"https:\/\/ziolazycia.com\/nowa\/wp-json\/wp\/v2\/media?parent=6606"}],"wp:term":[{"taxonomy":"product_brand","embeddable":true,"href":"https:\/\/ziolazycia.com\/nowa\/wp-json\/wp\/v2\/product_brand?post=6606"},{"taxonomy":"product_cat","embeddable":true,"href":"https:\/\/ziolazycia.com\/nowa\/wp-json\/wp\/v2\/product_cat?post=6606"},{"taxonomy":"product_tag","embeddable":true,"href":"https:\/\/ziolazycia.com\/nowa\/wp-json\/wp\/v2\/product_tag?post=6606"}],"curies":[{"name":"wp","href":"https:\/\/api.w.org\/{rel}","templated":true}]}}