{"id":612,"date":"2022-11-22T17:27:24","date_gmt":"2022-11-22T16:27:24","guid":{"rendered":"https:\/\/ziolazycia.com\/nowa\/?post_type=product&#038;p=612"},"modified":"2025-11-26T15:58:08","modified_gmt":"2025-11-26T14:58:08","slug":"wedrowka-dusz-dr-michael-newton","status":"publish","type":"product","link":"https:\/\/ziolazycia.com\/nowa\/product\/wedrowka-dusz-dr-michael-newton\/","title":{"rendered":"W\u0119dr\u00f3wka dusz. Autor: dr Michael Newton"},"content":{"rendered":"<p class=\"p1\">Po przeczytaniu ksi\u0105\u017cki &#8222;W\u0119dr\u00f3wka dusz&#8221; lepiej zrozumiesz nie\u015bmiertelno\u015b\u0107 ludzkiej duszy oraz stawisz czo\u0142o wyzwaniom codziennego \u017cycia z wi\u0119ksz\u0105 \u015bwiadomo\u015bci\u0105 celu, kiedy zaczniesz rozumie\u0107 przyczyny zdarze\u0144 z twojego w\u0142asnego \u017cycia. W stanie g\u0142\u0119bokiej hipnozy dwadzie\u015bcia dziewi\u0119\u0107 os\u00f3b przypomina sobie swoje prze\u017cycia pomi\u0119dzy kolejnymi wcieleniami, kiedy istnia\u0142y jako duchowe istoty.<\/p>\n<p class=\"p1\">A oto kilka temat\u00f3w szczeg\u00f3\u0142owo om\u00f3wionych w tej ksi\u0105\u017cce:<br \/>\n\u2013 co czujemy w chwili \u015bmierci<br \/>\n\u2013 co widzimy i czujemy zaraz po \u015bmieci<br \/>\n\u2013 duchowi przewodnicy (dusze opieku\u0144cze)<br \/>\n\u2013 dlaczego jeste\u015bmy przypisani do okre\u015blonych grup dusz w \u015bwiecie duchowym<br \/>\n\u2013 czym si\u0119 tam zajmujemy jak wybieramy nast\u0119pne cia\u0142o, by powr\u00f3ci\u0107 na Ziemi\u0119<br \/>\n\u2013 o r\u00f3\u017cnych poziomach rozwoju dusz: pocz\u0105tkuj\u0105cych, \u015brednio-zaawansowanych i zaawansowanych<br \/>\n-kiedy i gdzie po raz pierwszy uczymy si\u0119 rozpozna\u0107 nasze bratnie dusze na Ziemi<br \/>\n-cel \u017cycia i przejawy istnienia \u201eStw\u00f3rcy\u201d.<\/p>\n<p class=\"p1\">Je\u015bli czyta\u0142e\u015b ksi\u0105\u017cki Raymonda Moody\u2019ego, jak np. \u201e\u017bycie po \u017cyciu\u201d lub \u201e\u017bycie przed \u017cyciem\u201d, to koniecznie musisz zapozna\u0107 si\u0119 z ksi\u0105\u017ckami Michael\u2019a Newtona, bo W\u0119dr\u00f3wka dusz i Przeznaczenie dusz zabior\u0105 ci\u0119 niesko\u0144czenie dalej w ten duchowy \u015bwiat.<\/p>\n<p class=\"p1\"><strong>Wydawnictwo:<\/strong> Illuminatio<br \/>\n<strong>Rok wydania:<\/strong> 2020<br \/>\n<strong>Liczba stron:<\/strong> 426<br \/>\n<strong>Ok\u0142adka: Mi\u0119kka<\/strong><br \/>\n<strong>Format [mm]:<\/strong> 150\u00d7220<\/p>\n","protected":false},"excerpt":{"rendered":"<p>Dr Michael Newton, doktor doradztwa personalnego, dyplomowany hipnoterapeuta prowadz\u0105cy prywatn\u0105 praktyk\u0119, rozwin\u0105\u0142 swoj\u0105 w\u0142asn\u0105 technik\u0119 hipnozy by dosi\u0119gn\u0105\u0107 ukrytych wspomnie\u0144 swoich pacjent\u00f3w o ich \u017cyciu po \u015bmierci. Powsta\u0142e zapisy rozm\u00f3w z pacjentami stanowi\u0105 \u201edziennik podr\u00f3\u017cy\u201d po \u2013 wybranych spo\u015br\u00f3d setek innych \u2013 przyk\u0142adach dwudziestu dziewi\u0119ciu os\u00f3b, kt\u00f3re zosta\u0142y przeniesione w stan nad \u015bwiadomo\u015bci. W stanie g\u0142\u0119bokiej hipnozy osoby te w poruszaj\u0105cy spos\u00f3b opisuj\u0105 to, co wydarzy\u0142o si\u0119 pomi\u0119dzy ich poprzednimi inkarnacjami na Ziemi. Wyjawiaj\u0105 one barwne szczeg\u00f3\u0142y naszych odczu\u0107 w chwili \u015bmierci, z kim si\u0119 spotykamy zaraz po odej\u015bciu z cia\u0142a, jak wygl\u0105da \u015bwiat dusz, gdzie si\u0119 udamy i czym b\u0119dziemy si\u0119 zajmowa\u0107 jako dusze oraz \u2013 dlaczego decydujemy si\u0119 powr\u00f3ci\u0107 w okre\u015blonych cia\u0142ach.<\/p>\n","protected":false},"featured_media":9319,"comment_status":"closed","ping_status":"closed","template":"","meta":[],"product_brand":[],"product_cat":[66],"product_tag":[],"class_list":{"0":"post-612","1":"product","2":"type-product","3":"status-publish","4":"has-post-thumbnail","6":"product_cat-ksiazki","8":"first","9":"instock","10":"taxable","11":"shipping-taxable","12":"purchasable","13":"product-type-simple"},"_links":{"self":[{"href":"https:\/\/ziolazycia.com\/nowa\/wp-json\/wp\/v2\/product\/612","targetHints":{"allow":["GET"]}}],"collection":[{"href":"https:\/\/ziolazycia.com\/nowa\/wp-json\/wp\/v2\/product"}],"about":[{"href":"https:\/\/ziolazycia.com\/nowa\/wp-json\/wp\/v2\/types\/product"}],"replies":[{"embeddable":true,"href":"https:\/\/ziolazycia.com\/nowa\/wp-json\/wp\/v2\/comments?post=612"}],"wp:featuredmedia":[{"embeddable":true,"href":"https:\/\/ziolazycia.com\/nowa\/wp-json\/wp\/v2\/media\/9319"}],"wp:attachment":[{"href":"https:\/\/ziolazycia.com\/nowa\/wp-json\/wp\/v2\/media?parent=612"}],"wp:term":[{"taxonomy":"product_brand","embeddable":true,"href":"https:\/\/ziolazycia.com\/nowa\/wp-json\/wp\/v2\/product_brand?post=612"},{"taxonomy":"product_cat","embeddable":true,"href":"https:\/\/ziolazycia.com\/nowa\/wp-json\/wp\/v2\/product_cat?post=612"},{"taxonomy":"product_tag","embeddable":true,"href":"https:\/\/ziolazycia.com\/nowa\/wp-json\/wp\/v2\/product_tag?post=612"}],"curies":[{"name":"wp","href":"https:\/\/api.w.org\/{rel}","templated":true}]}}