{"id":1577,"date":"2023-12-10T15:21:46","date_gmt":"2023-12-10T14:21:46","guid":{"rendered":"https:\/\/ziolazycia.com\/nowa\/?post_type=product&#038;p=1577"},"modified":"2025-11-26T15:58:55","modified_gmt":"2025-11-26T14:58:55","slug":"treenes-odpromiennik-duzy-treenes","status":"publish","type":"product","link":"https:\/\/ziolazycia.com\/nowa\/product\/treenes-odpromiennik-duzy-treenes\/","title":{"rendered":"Treenes &#8211; Absorber promieniowania elektromagnetycznego (du\u017cy)+ PREZENT: Olejek Dzika pomara\u0144cza 15 ml (doTerra) za 89 z\u0142 gratis"},"content":{"rendered":"<h5 data-start=\"382\" data-end=\"709\"><strong data-start=\"382\" data-end=\"473\">Absorber Treenes Extra Slim \u2013 kompaktowa ochrona 360\u00b0 przed smogiem elektromagnetycznym<\/strong><\/h5>\n<p data-start=\"382\" data-end=\"709\"><br data-start=\"473\" data-end=\"476\" \/>Nowoczesny absorber Treenes dzia\u0142a jak odkurzacz \u2013 spiralna struktura wewn\u0119trzna, przypominaj\u0105ca dzia\u0142anie anteny, wychwytuje niepo\u017c\u0105dane komponenty smogu elektromagnetycznego i neutralizuje je, przekszta\u0142caj\u0105c w bezpieczne ciep\u0142o.<\/p>\n<p data-start=\"711\" data-end=\"883\">Od 21 kwietnia 2025 dost\u0119pna jest nowa wersja z bia\u0142ym rdzeniem \u2013 jeszcze l\u017cejsza i cie\u0144sza, w wersji Extra Slim. Z \u0142atwo\u015bci\u0105 zmie\u015bci si\u0119 w kieszeni, torebce czy plecaku.<\/p>\n<p data-start=\"885\" data-end=\"1052\">Urz\u0105dzenie jest wodoszczelne i wodoodporne \u2013 gotowe do u\u017cycia w ka\u017cdej sytuacji i miejscu.<br data-start=\"975\" data-end=\"978\" \/>Dzia\u0142a w promieniu ok. 16 m\u00b2, zapewniaj\u0105c pe\u0142ne 360-stopniowe dzia\u0142anie.<\/p>\n<p data-start=\"1054\" data-end=\"1073\"><strong data-start=\"1054\" data-end=\"1071\">Specyfikacja:<\/strong><\/p>\n<ul data-start=\"1074\" data-end=\"1257\">\n<li data-start=\"1074\" data-end=\"1096\">\n<p data-start=\"1076\" data-end=\"1096\">\u015arednica: ok. 8 cm<\/p>\n<\/li>\n<li data-start=\"1097\" data-end=\"1117\">\n<p data-start=\"1099\" data-end=\"1117\">Zasi\u0119g: do 16 m\u00b2<\/p>\n<\/li>\n<li data-start=\"1118\" data-end=\"1144\">\n<p data-start=\"1120\" data-end=\"1144\">Zakres dzia\u0142ania: 360\u00b0<\/p>\n<\/li>\n<li data-start=\"1145\" data-end=\"1166\">\n<p data-start=\"1147\" data-end=\"1166\">Gwarancja: 10 lat<\/p>\n<\/li>\n<li data-start=\"1167\" data-end=\"1212\">\n<p data-start=\"1169\" data-end=\"1212\">Wersja: Extra Slim \u2013 ultra cienka i lekka<\/p>\n<\/li>\n<li data-start=\"1213\" data-end=\"1257\">\n<p data-start=\"1215\" data-end=\"1257\">Kolor: bia\u0142y rdze\u0144 (obudowa standardowa)<\/p>\n<\/li>\n<\/ul>\n<p data-start=\"1259\" data-end=\"1417\">Na innej stronie dost\u0119pny jest r\u00f3wnie\u017c model w z\u0142otej obudowie \u2013 wy\u0142\u0105cznie w celach por\u00f3wnawczych. Obecna oferta dotyczy wy\u0142\u0105cznie wersji z bia\u0142ym rdzeniem.<\/p>\n<blockquote data-start=\"1419\" data-end=\"1456\">\n<p data-start=\"1421\" data-end=\"1456\">Produkt nie jest wyrobem medycznym.<\/p>\n<p>Do zakupionego absorbera dodajemy prezent: Olejek z dzikiej pomara\u0144czy DoTerra<\/p>\n<\/blockquote>\n","protected":false},"excerpt":{"rendered":"<p>Absorber Treenes Extra Slim \u2013 nowoczesna ochrona przed smogiem elektromagnetycznym. Kompaktowy, wodoszczelny, zasi\u0119g 16 m\u00b2, 360\u00b0.<\/p>\n","protected":false},"featured_media":9700,"comment_status":"closed","ping_status":"closed","template":"","meta":[],"product_brand":[],"product_cat":[81],"product_tag":[],"class_list":{"0":"post-1577","1":"product","2":"type-product","3":"status-publish","4":"has-post-thumbnail","6":"product_cat-absorbery","8":"first","9":"instock","10":"taxable","11":"shipping-taxable","12":"purchasable","13":"product-type-simple"},"_links":{"self":[{"href":"https:\/\/ziolazycia.com\/nowa\/wp-json\/wp\/v2\/product\/1577","targetHints":{"allow":["GET"]}}],"collection":[{"href":"https:\/\/ziolazycia.com\/nowa\/wp-json\/wp\/v2\/product"}],"about":[{"href":"https:\/\/ziolazycia.com\/nowa\/wp-json\/wp\/v2\/types\/product"}],"replies":[{"embeddable":true,"href":"https:\/\/ziolazycia.com\/nowa\/wp-json\/wp\/v2\/comments?post=1577"}],"wp:featuredmedia":[{"embeddable":true,"href":"https:\/\/ziolazycia.com\/nowa\/wp-json\/wp\/v2\/media\/9700"}],"wp:attachment":[{"href":"https:\/\/ziolazycia.com\/nowa\/wp-json\/wp\/v2\/media?parent=1577"}],"wp:term":[{"taxonomy":"product_brand","embeddable":true,"href":"https:\/\/ziolazycia.com\/nowa\/wp-json\/wp\/v2\/product_brand?post=1577"},{"taxonomy":"product_cat","embeddable":true,"href":"https:\/\/ziolazycia.com\/nowa\/wp-json\/wp\/v2\/product_cat?post=1577"},{"taxonomy":"product_tag","embeddable":true,"href":"https:\/\/ziolazycia.com\/nowa\/wp-json\/wp\/v2\/product_tag?post=1577"}],"curies":[{"name":"wp","href":"https:\/\/api.w.org\/{rel}","templated":true}]}}