{"id":1530,"date":"2023-12-01T08:56:22","date_gmt":"2023-12-01T07:56:22","guid":{"rendered":"https:\/\/ziolazycia.com\/nowa\/?post_type=product&#038;p=1530"},"modified":"2025-11-26T15:58:53","modified_gmt":"2025-11-26T14:58:53","slug":"krzem-organiczny-orsi-500ml-dorsim","status":"publish","type":"product","link":"https:\/\/ziolazycia.com\/nowa\/product\/krzem-organiczny-orsi-500ml-dorsim\/","title":{"rendered":"Krzem organiczny OrSi 500 ml"},"content":{"rendered":"<p>Podstawow\u0105 funkcj\u0105 krzemu jest jego udzia\u0142 w produkcji hemoglobiny. Krzem jest no\u015bnikiem informacji pomi\u0119dzy m\u00f3zgiem a organizmem co oznacza, \u017ce przyczynia si\u0119 do kontrolowania podstawowych funkcji \u017cyciowych organizmu.<\/p>\n<p>Ponadto krzem:<\/p>\n<p>&#8211; mo\u017ce zwi\u0119ksza\u0107 przyswajalno\u015b\u0107 innych witamin i pierwiastk\u00f3w,<\/p>\n<p>&#8211; mo\u017ce zapobiega\u0107 odk\u0142adaniu si\u0119 p\u0142ytek mia\u017cd\u017cycowych w naczyniach krwiono\u015bnych,<\/p>\n<p>&#8211; mo\u017ce poprawia\u0107 kondycj\u0119 sk\u00f3ry,<\/p>\n<p>&#8211; mo\u017ce kontrolowa\u0107 i utrzyma\u0107 prawid\u0142owy poziom cholesterolu,<\/p>\n<p>&#8211; mo\u017ce pomaga\u0107 w utrzymaniu zdrowych staw\u00f3w, ko\u015bci i mi\u0119\u015bni.<\/p>\n<p><strong>Zawarto\u015b\u0107 opakowania:<\/strong> 500 ml<\/p>\n<p><strong>Dzienne spo\u017cycie:<\/strong>\u00a0do 30 ml<\/p>\n<p><strong>Sk\u0142adniki aktywne:<\/strong><\/p>\n<table width=\"100%\">\n<thead>\n<tr>\n<td><\/td>\n<td width=\"23%\"><strong>10 ml<\/strong><\/td>\n<td width=\"1%\"><\/td>\n<\/tr>\n<\/thead>\n<tbody>\n<tr>\n<td>Krzem organiczny<\/p>\n<p>&nbsp;<\/td>\n<td width=\"23%\">0.038 g<\/p>\n<p>&nbsp;<\/td>\n<td width=\"1%\"><\/td>\n<\/tr>\n<\/tbody>\n<\/table>\n<p><strong>Sk\u0142adniki<\/strong>: Woda, krzem, chlorek sodu.<\/p>\n<h2>Krzem organiczny OrSi 500 ml &#8211; spos\u00f3b u\u017cycia:<\/h2>\n<p>Przed u\u017cyciem wstrz\u0105sn\u0105\u0107. Profilaktycznie 3 razy dziennie po 10 ml, w niedoborach 3 razy dziennie po 30 ml. Przyjmowa\u0107 nierozcie\u0144czony na 10-15 minut przed posi\u0142kiem trzymaj\u0105c ok. 1 minut\u0119 w ustach albo rozcie\u0144czony w postaci napoju<\/p>\n<p>Nie przekracza\u0107 zalecanej porcji do spo\u017cycia w ci\u0105gu dnia. Produkt nie mo\u017ce by\u0107 stosowany jako substytut zr\u00f3\u017cnicowanej diety. Wa\u017cne jest stosowanie zr\u00f3\u017cnicowanej i zbilansowanej diety oraz prowadzenie zdrowego trybu \u017cycia.<\/p>\n<p><strong>Przechowywanie:<\/strong><\/p>\n<p>Po otwarciu przechowywa\u0107 w suchym i ciemnym miejscu, z dala od ma\u0142ych dzieci.<\/p>\n<p><strong>Producent:<\/strong><\/p>\n<p>Dorsim<\/p>\n","protected":false},"excerpt":{"rendered":"<p><strong>Suplement diety<\/strong><\/p>\n<h2>Wzbogacenie diety w krzem<\/h2>\n<p>G\u0142\u00f3wnym aktywnym <em>sk\u0142adnikiem<\/em> suplementu diety <strong>OrSi 500 ml<\/strong> jest krzem organiczny w p\u0142ynie.<\/p>\n","protected":false},"featured_media":9684,"comment_status":"closed","ping_status":"closed","template":"","meta":[],"product_brand":[],"product_cat":[72],"product_tag":[],"class_list":{"0":"post-1530","1":"product","2":"type-product","3":"status-publish","4":"has-post-thumbnail","6":"product_cat-suplementy-diety","8":"first","9":"instock","10":"sale","11":"taxable","12":"shipping-taxable","13":"purchasable","14":"product-type-simple"},"_links":{"self":[{"href":"https:\/\/ziolazycia.com\/nowa\/wp-json\/wp\/v2\/product\/1530","targetHints":{"allow":["GET"]}}],"collection":[{"href":"https:\/\/ziolazycia.com\/nowa\/wp-json\/wp\/v2\/product"}],"about":[{"href":"https:\/\/ziolazycia.com\/nowa\/wp-json\/wp\/v2\/types\/product"}],"replies":[{"embeddable":true,"href":"https:\/\/ziolazycia.com\/nowa\/wp-json\/wp\/v2\/comments?post=1530"}],"wp:featuredmedia":[{"embeddable":true,"href":"https:\/\/ziolazycia.com\/nowa\/wp-json\/wp\/v2\/media\/9684"}],"wp:attachment":[{"href":"https:\/\/ziolazycia.com\/nowa\/wp-json\/wp\/v2\/media?parent=1530"}],"wp:term":[{"taxonomy":"product_brand","embeddable":true,"href":"https:\/\/ziolazycia.com\/nowa\/wp-json\/wp\/v2\/product_brand?post=1530"},{"taxonomy":"product_cat","embeddable":true,"href":"https:\/\/ziolazycia.com\/nowa\/wp-json\/wp\/v2\/product_cat?post=1530"},{"taxonomy":"product_tag","embeddable":true,"href":"https:\/\/ziolazycia.com\/nowa\/wp-json\/wp\/v2\/product_tag?post=1530"}],"curies":[{"name":"wp","href":"https:\/\/api.w.org\/{rel}","templated":true}]}}