{"id":1527,"date":"2023-12-01T08:54:35","date_gmt":"2023-12-01T07:54:35","guid":{"rendered":"https:\/\/ziolazycia.com\/nowa\/?post_type=product&#038;p=1527"},"modified":"2025-11-26T15:58:53","modified_gmt":"2025-11-26T14:58:53","slug":"jodadrop-jod-250ml-aura-herbals","status":"publish","type":"product","link":"https:\/\/ziolazycia.com\/nowa\/product\/jodadrop-jod-250ml-aura-herbals\/","title":{"rendered":"Jodadrop (Jod) 250 ml"},"content":{"rendered":"<p>Preparat <strong>Jodadrop<\/strong> zawiera 4 zwi\u0105zki jodu (jodek potasu, jodek sodu, jodan potasu, jodan sodu).<\/p>\n<p><strong>Zawarto\u015b\u0107 opakowania<\/strong>: 250 ml (50 dziennych porcji)<\/p>\n<p><strong>Dzienne spo\u017cycie:<\/strong> 5 ml<\/p>\n<p><strong>Sk\u0142adniki aktywne:<\/strong><\/p>\n<table width=\"100%\">\n<thead>\n<tr>\n<td>&nbsp;<\/p>\n<p>&nbsp;<\/td>\n<td width=\"23%\">5 ml<\/td>\n<td width=\"1%\"><\/td>\n<\/tr>\n<\/thead>\n<tbody>\n<tr>\n<td>Jod<\/td>\n<td width=\"23%\">150 \u00b5g<\/td>\n<td width=\"1%\"><\/td>\n<\/tr>\n<\/tbody>\n<\/table>\n<p><strong>Sk\u0142adniki:<\/strong> Woda, jodek potasu, jodek sodu, jodan potasu, jodan sodu.<\/p>\n<h2>Jodadrop 250 ml &#8211; spos\u00f3b u\u017cycia:<\/h2>\n<p>Do miarki dozuj\u0105cej wla\u0107 5 ml p\u0142ynu. Odmierzon\u0105 porcj\u0119 wymiesza\u0107 z wod\u0105 lub napojem bezalkoholowym i wypi\u0107.<\/p>\n<p><strong>Nie przekracza\u0107 zalecanej porcji do spo\u017cycia w ci\u0105gu dnia. Produkt nie mo\u017ce by\u0107 stosowany jako substytut zr\u00f3\u017cnicowanej diety. Wa\u017cne jest stosowanie zr\u00f3\u017cnicowanej i zbilansowanej diety oraz prowadzenie zdrowego trybu \u017cycia.<\/strong><\/p>\n<p><strong>Przechowywanie:<\/strong><\/p>\n<p>Po otwarciu przechowywa\u0107 w suchym i ciemnym miejscu, z dala od ma\u0142ych dzieci.<\/p>\n<p><strong>Producent:<\/strong><\/p>\n<p>Aura Herbals Sp. z o.o.<br \/>\nul. Grunwaldzka 49\/2, 81-754 Sopot<\/p>\n","protected":false},"excerpt":{"rendered":"<p><strong>Suplement diety<\/strong><\/p>\n<h2>Bioaktywne \u017ar\u00f3d\u0142o jodu w p\u0142ynie<\/h2>\n<p>G\u0142\u00f3wnym sk\u0142adnikiem suplementu diety <strong>Jodadrop<\/strong> jest bioaktywny jod w formie p\u0142ynu. Jego nowoczesna formu\u0142a wspomaga dzienn\u0105 suplementacj\u0119 jodu.<\/p>\n","protected":false},"featured_media":9682,"comment_status":"closed","ping_status":"closed","template":"","meta":[],"product_brand":[],"product_cat":[72],"product_tag":[],"class_list":{"0":"post-1527","1":"product","2":"type-product","3":"status-publish","4":"has-post-thumbnail","6":"product_cat-suplementy-diety","8":"first","9":"instock","10":"sale","11":"taxable","12":"shipping-taxable","13":"purchasable","14":"product-type-simple"},"_links":{"self":[{"href":"https:\/\/ziolazycia.com\/nowa\/wp-json\/wp\/v2\/product\/1527","targetHints":{"allow":["GET"]}}],"collection":[{"href":"https:\/\/ziolazycia.com\/nowa\/wp-json\/wp\/v2\/product"}],"about":[{"href":"https:\/\/ziolazycia.com\/nowa\/wp-json\/wp\/v2\/types\/product"}],"replies":[{"embeddable":true,"href":"https:\/\/ziolazycia.com\/nowa\/wp-json\/wp\/v2\/comments?post=1527"}],"wp:featuredmedia":[{"embeddable":true,"href":"https:\/\/ziolazycia.com\/nowa\/wp-json\/wp\/v2\/media\/9682"}],"wp:attachment":[{"href":"https:\/\/ziolazycia.com\/nowa\/wp-json\/wp\/v2\/media?parent=1527"}],"wp:term":[{"taxonomy":"product_brand","embeddable":true,"href":"https:\/\/ziolazycia.com\/nowa\/wp-json\/wp\/v2\/product_brand?post=1527"},{"taxonomy":"product_cat","embeddable":true,"href":"https:\/\/ziolazycia.com\/nowa\/wp-json\/wp\/v2\/product_cat?post=1527"},{"taxonomy":"product_tag","embeddable":true,"href":"https:\/\/ziolazycia.com\/nowa\/wp-json\/wp\/v2\/product_tag?post=1527"}],"curies":[{"name":"wp","href":"https:\/\/api.w.org\/{rel}","templated":true}]}}