{"id":14837,"date":"2023-11-29T18:48:33","date_gmt":"2023-11-29T17:48:33","guid":{"rendered":"https:\/\/ziolazycia.com\/nowa\/product\/evening-primrose-oil-olej-z-wiesiolka-500mg-100-kapsulek-now-foods\/"},"modified":"2026-03-21T17:35:00","modified_gmt":"2026-03-21T16:35:00","slug":"evening-primrose-oil-olej-z-wiesiolka-500mg-100-kapsulek-now-foods","status":"publish","type":"product","link":"https:\/\/ziolazycia.com\/nowa\/product\/evening-primrose-oil-olej-z-wiesiolka-500mg-100-kapsulek-now-foods\/","title":{"rendered":"Evening Primrose Oil (Olej z wiesio\u0142ka) 500 mg 100 kapsu\u0142ek"},"content":{"rendered":"<p>Dzi\u0119ki swoim w\u0142a\u015bciwo\u015bciom olej z wiesio\u0142ka pozytywnie wp\u0142ywa tak\u017ce na sk\u00f3r\u0119<\/p>\n<p><strong>Zawarto\u015b\u0107 opakowania<\/strong>:\u00a0100 \u017celowych kapsu\u0142ek<\/p>\n<p><strong>Dzienne spo\u017cycie<\/strong>:\u00a06 kapsu\u0142ek<\/p>\n<p><strong>Sk\u0142adniki aktywne:\u00a0\u00a0\u00a0\u00a0\u00a0\u00a0\u00a0\u00a0<\/strong><\/p>\n<p><strong> 1 kapsu\u0142ka<\/strong><\/p>\n<table width=\"100%\">\n<thead>\n<tr>\n<td>&nbsp;<\/p>\n<table>\n<tbody>\n<tr>\n<td>Olej z wiesio\u0142ka (Oenothera biennis) t\u0142oczony z nasion na zimno, bez heksanu), w tym:<\/td>\n<td><\/td>\n<td><\/td>\n<\/tr>\n<tr>\n<td>Kwas Gamma Linolenowy (GLA)<\/td>\n<td><\/td>\n<td><\/td>\n<\/tr>\n<\/tbody>\n<\/table>\n<\/td>\n<td width=\"23%\">&nbsp;<\/p>\n<p>500 mg<\/p>\n<p>45 mg<\/td>\n<td width=\"1%\"><\/td>\n<\/tr>\n<\/thead>\n<tbody>\n<tr>\n<td><\/td>\n<td width=\"23%\"><\/td>\n<td width=\"1%\"><\/td>\n<\/tr>\n<\/tbody>\n<\/table>\n<p><strong>Sk\u0142adniki<\/strong>: Olej z wiesio\u0142ka; otoczka :\u017celatyna wo\u0142owa, glicerol, woda.<\/p>\n<h2>Evening Primrose Oil 500 mg &#8211; spos\u00f3b u\u017cycia:<\/h2>\n<p>1 kapsu\u0142ka 3 razy dziennie podczas posi\u0142ku<\/p>\n<p>Nie przekracza\u0107 zalecanej porcji do spo\u017cycia w ci\u0105gu dnia. Produkt nie mo\u017ce by\u0107 stosowany jako substytut zr\u00f3\u017cnicowanej diety. Wa\u017cne jest stosowanie zr\u00f3\u017cnicowanej i zbilansowanej diety oraz prowadzenie zdrowego trybu \u017cycia.<\/p>\n<p><strong>Przechowywanie<\/strong><\/p>\n<p>Po otwarciu przechowywa\u0107 w suchym i ciemnym miejscu, z dala od ma\u0142ych dzieci.<\/p>\n<p><strong>Producent:<\/strong><\/p>\n<p>Now Foods<br \/>\n395 S. Glen Ellyn Road<br \/>\nIL 60108 Bloomingdale, Stany Zjednoczone<\/p>\n<p>&nbsp;<\/p>\n<p>&nbsp;<\/p>\n","protected":false},"excerpt":{"rendered":"<p><strong>Suplement diety<\/strong><\/p>\n<h2>Odpowied\u017a immunologiczna organizmu<\/h2>\n<h2>Zdrowa sk\u00f3ra<\/h2>\n<p>Evening Primerose Oil to suplement diety, kt\u00f3rego g\u0142\u00f3wnym sk\u0142adnikiem jest olej z wiesio\u0142ka zawieraj\u0105cy kwas gamma-linolenowy (GLA) oraz kwas t\u0142uszczowy omega-6.<\/p>\n<p>&nbsp;<\/p>\n","protected":false},"featured_media":14838,"comment_status":"open","ping_status":"closed","template":"","meta":[],"product_brand":[],"product_cat":[72],"product_tag":[],"class_list":{"0":"post-14837","1":"product","2":"type-product","3":"status-publish","4":"has-post-thumbnail","6":"product_cat-suplementy-diety","8":"first","9":"instock","10":"sale","11":"taxable","12":"shipping-taxable","13":"purchasable","14":"product-type-simple"},"_links":{"self":[{"href":"https:\/\/ziolazycia.com\/nowa\/wp-json\/wp\/v2\/product\/14837","targetHints":{"allow":["GET"]}}],"collection":[{"href":"https:\/\/ziolazycia.com\/nowa\/wp-json\/wp\/v2\/product"}],"about":[{"href":"https:\/\/ziolazycia.com\/nowa\/wp-json\/wp\/v2\/types\/product"}],"replies":[{"embeddable":true,"href":"https:\/\/ziolazycia.com\/nowa\/wp-json\/wp\/v2\/comments?post=14837"}],"wp:featuredmedia":[{"embeddable":true,"href":"https:\/\/ziolazycia.com\/nowa\/wp-json\/wp\/v2\/media\/14838"}],"wp:attachment":[{"href":"https:\/\/ziolazycia.com\/nowa\/wp-json\/wp\/v2\/media?parent=14837"}],"wp:term":[{"taxonomy":"product_brand","embeddable":true,"href":"https:\/\/ziolazycia.com\/nowa\/wp-json\/wp\/v2\/product_brand?post=14837"},{"taxonomy":"product_cat","embeddable":true,"href":"https:\/\/ziolazycia.com\/nowa\/wp-json\/wp\/v2\/product_cat?post=14837"},{"taxonomy":"product_tag","embeddable":true,"href":"https:\/\/ziolazycia.com\/nowa\/wp-json\/wp\/v2\/product_tag?post=14837"}],"curies":[{"name":"wp","href":"https:\/\/api.w.org\/{rel}","templated":true}]}}