{"id":14823,"date":"2026-03-21T11:12:09","date_gmt":"2026-03-21T10:12:09","guid":{"rendered":"https:\/\/ziolazycia.com\/nowa\/product\/weganskie-inspiracje\/"},"modified":"2026-03-21T11:17:15","modified_gmt":"2026-03-21T10:17:15","slug":"weganskie-inspiracje","status":"publish","type":"product","link":"https:\/\/ziolazycia.com\/nowa\/product\/weganskie-inspiracje\/","title":{"rendered":"\u201cWega\u0144skie inspiracje\u201d \u2013 E-Book, Anna Kosmala"},"content":{"rendered":"<p>Pasjonuje mnie gotowanie, co cz\u0119sto prezentuj\u0119 na Instagramie, tworz\u0105c r\u00f3\u017cnorodne dania. Rozumiem, jak trudno jest przestawi\u0107 si\u0119 na diet\u0119 bezmi\u0119sn\u0105, dlatego chc\u0119 Wam pom\u00f3c. Przy tworzeniu tego ebooka wspiera\u0142 mnie m\u00f3j m\u0142odszy syn, weganin od wielu lat, kt\u00f3ry odziedziczy\u0142 po mnie zami\u0142owanie do gotowania oraz umiej\u0119tno\u015b\u0107 przygotowywania apetycznych i zdrowych posi\u0142k\u00f3w.<\/p>\n","protected":false},"excerpt":{"rendered":"<p>Cz\u0119sto zdarza si\u0119, \u017ce wega\u0144skie przepisy dost\u0119pne w ksi\u0105\u017ckach czy internecie nie s\u0105 dostatecznie doprawione, co sprawia, \u017ce wydaj\u0105 si\u0119 md\u0142e. W mojej kuchni nie boj\u0119 si\u0119 u\u017cywa\u0107 intensywnych przypraw i smak\u00f3w, dlatego w moim ebooku znajdziecie przepisy pe\u0142ne charakteru. Ka\u017cdy posi\u0142ek powinien \u0142\u0105czy\u0107 sze\u015b\u0107 smak\u00f3w, co jest rzadko podkre\u015blane, cho\u0107 s\u0142odki smak jest kluczowy dla zdrowego od\u017cywiania.<\/p>\n<p>W tym ebooku znajdziecie unikalne, smaczne, kolorowe i zdrowe przepisy z r\u00f3\u017cnych stron \u015bwiata, kt\u00f3re zbiera\u0142am podczas moich podr\u00f3\u017cy. Z pewno\u015bci\u0105 ka\u017cdy znajdzie tu co\u015b dla siebie. Je\u015bli macie jakie\u015b ciekawe wega\u0144skie przepisy, zach\u0119cam do dzielenia si\u0119 nimi na Instagramie. Mo\u017cliwe, \u017ce wypr\u00f3buj\u0119 je i umieszcz\u0119 w przysz\u0142ej cz\u0119\u015bci tego ebooka.<\/p>\n","protected":false},"featured_media":14822,"comment_status":"open","ping_status":"closed","template":"","meta":[],"product_brand":[],"product_cat":[91],"product_tag":[],"class_list":{"0":"post-14823","1":"product","2":"type-product","3":"status-publish","4":"has-post-thumbnail","6":"product_cat-e-booki","8":"first","9":"instock","10":"sale","11":"downloadable","12":"virtual","13":"sold-individually","14":"taxable","15":"purchasable","16":"product-type-simple"},"_links":{"self":[{"href":"https:\/\/ziolazycia.com\/nowa\/wp-json\/wp\/v2\/product\/14823","targetHints":{"allow":["GET"]}}],"collection":[{"href":"https:\/\/ziolazycia.com\/nowa\/wp-json\/wp\/v2\/product"}],"about":[{"href":"https:\/\/ziolazycia.com\/nowa\/wp-json\/wp\/v2\/types\/product"}],"replies":[{"embeddable":true,"href":"https:\/\/ziolazycia.com\/nowa\/wp-json\/wp\/v2\/comments?post=14823"}],"wp:featuredmedia":[{"embeddable":true,"href":"https:\/\/ziolazycia.com\/nowa\/wp-json\/wp\/v2\/media\/14822"}],"wp:attachment":[{"href":"https:\/\/ziolazycia.com\/nowa\/wp-json\/wp\/v2\/media?parent=14823"}],"wp:term":[{"taxonomy":"product_brand","embeddable":true,"href":"https:\/\/ziolazycia.com\/nowa\/wp-json\/wp\/v2\/product_brand?post=14823"},{"taxonomy":"product_cat","embeddable":true,"href":"https:\/\/ziolazycia.com\/nowa\/wp-json\/wp\/v2\/product_cat?post=14823"},{"taxonomy":"product_tag","embeddable":true,"href":"https:\/\/ziolazycia.com\/nowa\/wp-json\/wp\/v2\/product_tag?post=14823"}],"curies":[{"name":"wp","href":"https:\/\/api.w.org\/{rel}","templated":true}]}}