{"id":1475,"date":"2023-12-01T08:29:39","date_gmt":"2023-12-01T07:29:39","guid":{"rendered":"https:\/\/ziolazycia.com\/nowa\/?post_type=product&#038;p=1475"},"modified":"2025-11-26T15:58:52","modified_gmt":"2025-11-26T14:58:52","slug":"almond-oil-olej-migdalowy-100ml-energy-poland","status":"publish","type":"product","link":"https:\/\/ziolazycia.com\/nowa\/product\/almond-oil-olej-migdalowy-100ml-energy-poland\/","title":{"rendered":"Almond Oil &#8211; Olej migda\u0142owy kosmetyczny 100ml"},"content":{"rendered":"<p>Zmi\u0119kcza sk\u00f3r\u0119, nie zatyka por\u00f3w i \u0142agodnie piel\u0119gnuje delikatn\u0105 sk\u00f3r\u0119.<br \/>\nPolecany dla cery suchej, bardzo wra\u017cliwej. Tylko czysty i naturalny olej migda\u0142owy jako\u015bci bio potrafi w pe\u0142ni rozwin\u0105\u0107 wszystkie swoje w\u0142a\u015bciwo\u015bci i oferuje oczekiwany efekt kosmetyczny.<\/p>\n<p><strong>Substancje aktywne<\/strong>: olej migda\u0142owy<\/p>\n<p><strong>Sk\u0142ad Oleju migda\u0142owego od Energy<\/strong>: olej migda\u0142owy (Prunus Amygdalus Dulcis oli), wit. E (Tocopheryl Acetate).<\/p>\n<p><strong>Pojemno\u015b\u0107:<\/strong> 100 ml<\/p>\n<p><strong>Producent:<\/strong><\/p>\n<p>ENERGY GROUP a.s.<br \/>\nCzechy<\/p>\n","protected":false},"excerpt":{"rendered":"<p><strong>Olej migda\u0142owy jest jednym z najcenniejszych i najdelikatniejszych olej\u00f3w ro\u015blinnych. Jest on pozyskiwany poprzez t\u0142oczenie nasion pi\u0119knego migda\u0142owca pospolitego. Zawiera wysoki udzia\u0142 substancji bioaktywnych. <\/strong><\/p>\n","protected":false},"featured_media":9672,"comment_status":"closed","ping_status":"closed","template":"","meta":[],"product_brand":[],"product_cat":[82],"product_tag":[],"class_list":{"0":"post-1475","1":"product","2":"type-product","3":"status-publish","4":"has-post-thumbnail","6":"product_cat-kosmetyki-naturalne","8":"first","9":"instock","10":"sale","11":"taxable","12":"shipping-taxable","13":"purchasable","14":"product-type-simple"},"_links":{"self":[{"href":"https:\/\/ziolazycia.com\/nowa\/wp-json\/wp\/v2\/product\/1475","targetHints":{"allow":["GET"]}}],"collection":[{"href":"https:\/\/ziolazycia.com\/nowa\/wp-json\/wp\/v2\/product"}],"about":[{"href":"https:\/\/ziolazycia.com\/nowa\/wp-json\/wp\/v2\/types\/product"}],"replies":[{"embeddable":true,"href":"https:\/\/ziolazycia.com\/nowa\/wp-json\/wp\/v2\/comments?post=1475"}],"wp:featuredmedia":[{"embeddable":true,"href":"https:\/\/ziolazycia.com\/nowa\/wp-json\/wp\/v2\/media\/9672"}],"wp:attachment":[{"href":"https:\/\/ziolazycia.com\/nowa\/wp-json\/wp\/v2\/media?parent=1475"}],"wp:term":[{"taxonomy":"product_brand","embeddable":true,"href":"https:\/\/ziolazycia.com\/nowa\/wp-json\/wp\/v2\/product_brand?post=1475"},{"taxonomy":"product_cat","embeddable":true,"href":"https:\/\/ziolazycia.com\/nowa\/wp-json\/wp\/v2\/product_cat?post=1475"},{"taxonomy":"product_tag","embeddable":true,"href":"https:\/\/ziolazycia.com\/nowa\/wp-json\/wp\/v2\/product_tag?post=1475"}],"curies":[{"name":"wp","href":"https:\/\/api.w.org\/{rel}","templated":true}]}}