{"id":1448,"date":"2023-12-01T08:08:03","date_gmt":"2023-12-01T07:08:03","guid":{"rendered":"https:\/\/ziolazycia.com\/nowa\/?post_type=product&#038;p=1448"},"modified":"2025-11-26T15:58:50","modified_gmt":"2025-11-26T14:58:50","slug":"prana-tea-100g-everest-ayurveda","status":"publish","type":"product","link":"https:\/\/ziolazycia.com\/nowa\/product\/prana-tea-100g-everest-ayurveda\/","title":{"rendered":"Prana Tea (Pobudzenie witalno\u015bci i si\u0142y \u017cyciowej) 100g"},"content":{"rendered":"<p>Pomaga przy problemach z napi\u0119ciem, b\u00f3lami g\u0142owy, migren\u0105 i bezsenno\u015bci\u0105. Mo\u017ce wzmacnia\u0107 odporno\u015b\u0107 organizmu. Mo\u017ce regenerowa\u0107 struny g\u0142osowe, likwidowa\u0107 chrypk\u0119 i suchy kaszel.<\/p>\n<p>Mieszanki zio\u0142owe s\u0105 przygotowywane pod \u015bcis\u0142\u0105 kontrol\u0105 nepalskiego lekarza ajurwedyjskiego dr Ka Dev Jha, kt\u00f3ry uko\u0144czy\u0142 studia medycyny ajurwedyjskiej na Uniwersytecie Pa\u0144stwowym w Patne oraz wydzia\u0142 medycyny na Uniwersytecie Benarest. Herbatki posiadaj\u0105 \u015bwiadectwa i atesty do sprzeda\u017cy na terenie Unii Europejskiej.<\/p>\n<h2>Ajurwedyjska herbatka zio\u0142owa Prana Tea &#8211; spos\u00f3b u\u017cycia:<\/h2>\n<p>Zaleca si\u0119 spo\u017cywa\u0107 do 6 gram produktu dziennie. Jedn\u0105 \u0142y\u017ceczk\u0119 suszu ro\u015blinnego tj.: 2 g zale\u0107 ok. 200 ml wrz\u0105tku i gotowa\u0107 do 3 do 5 minut. Tak przygotowan\u0105 herbatk\u0119 spo\u017cywa\u0107 ciep\u0142\u0105 trzy razy dziennie, najlepiej przed jedzeniem. W razie potrzeby mo\u017cna s\u0142odzi\u0107 miodem, jednak specyficzny smak zi\u00f3\u0142 jest jednym z element\u00f3w terapeutycznych.<\/p>\n<p><strong>Zalecana dawka<\/strong>: 2 -3 fili\u017canki dziennie (do 6 g mieszanki zio\u0142owej).<\/p>\n<p>Zaleca si\u0119 stosowanie maksymalnie dw\u00f3ch rodzaj\u00f3w herbat jednocze\u015bnie, wi\u0119ksz\u0105 ilo\u015b\u0107 mo\u017cna stosowa\u0107 np. w re\u017cimie tygodniowym\u00a0 dla normalizacji bie\u017c\u0105cych objaw\u00f3w. Herbat nie nale\u017cy miesza\u0107, nale\u017cy pi\u0107 je zawsze oddzielnie, w odst\u0119pie przynajmniej godzinnym.<\/p>\n<p><strong>Sk\u0142ad herbaty<\/strong>:\u00a0zingiber officinale, inula helenium, piper nigrum, cinnamomum camphora.<\/p>\n<p><strong>Waga<\/strong>: 100 g suszu ro\u015blinnego<\/p>\n<p>Nie przekracza\u0107 zalecanej porcji do spo\u017cycia w ci\u0105gu dnia. Produkt nie mo\u017ce by\u0107 stosowany jako substytut zr\u00f3\u017cnicowanej diety. Wa\u017cne jest stosowanie zr\u00f3\u017cnicowanej i zbilansowanej diety oraz prowadzenie zdrowego trybu \u017cycia.<\/p>\n<p>Nie jest przeznaczony dla dzieci poni\u017cej 3 roku \u017cycia, kobiet w ci\u0105\u017cy i karmi\u0105cych.<\/p>\n<p><strong>Przechowywanie<\/strong>: Przechowywa\u0107 w suchym miejscu, w temperaturze do 25 \u00b0C w szczelnie zamkni\u0119tych opakowaniach praz w miejscu niedost\u0119pnym dla ma\u0142ych dzieci<\/p>\n<p><strong>Kraj pochodzenia<\/strong>: Nepal<\/p>\n<p><strong>Producent<\/strong>: Everest Ayurveda s.r.o<\/p>\n<p>&nbsp;<\/p>\n","protected":false},"excerpt":{"rendered":"<p><strong>Suplement diety w postaci suszu ro\u015blinnego<\/strong><\/p>\n<h2>Wsparcie witalno\u015bci i energii \u017cyciowej<\/h2>\n<p>Ajurwedyjska mieszanka zio\u0142owa w formie herbatki do zaparzania <strong>Prana Tea<\/strong> dostarcza energii \u017cyciowej. Wspomaga odnow\u0119 si\u0142 witalnych, szczeg\u00f3lnie os\u00f3b w wieku \u015brednim i podesz\u0142ym. Mo\u017ce korzystnie wp\u0142ywa\u0107 na utrzymanie r\u00f3wnowagi psychicznej oraz likwidowa\u0107 uczucie niepokoju.<\/p>\n<p>&nbsp;<\/p>\n","protected":false},"featured_media":9655,"comment_status":"closed","ping_status":"closed","template":"","meta":[],"product_brand":[],"product_cat":[79],"product_tag":[],"class_list":{"0":"post-1448","1":"product","2":"type-product","3":"status-publish","4":"has-post-thumbnail","6":"product_cat-ziola-i-herbatki-ziolowe","8":"first","9":"instock","10":"sale","11":"taxable","12":"shipping-taxable","13":"purchasable","14":"product-type-simple"},"_links":{"self":[{"href":"https:\/\/ziolazycia.com\/nowa\/wp-json\/wp\/v2\/product\/1448","targetHints":{"allow":["GET"]}}],"collection":[{"href":"https:\/\/ziolazycia.com\/nowa\/wp-json\/wp\/v2\/product"}],"about":[{"href":"https:\/\/ziolazycia.com\/nowa\/wp-json\/wp\/v2\/types\/product"}],"replies":[{"embeddable":true,"href":"https:\/\/ziolazycia.com\/nowa\/wp-json\/wp\/v2\/comments?post=1448"}],"wp:featuredmedia":[{"embeddable":true,"href":"https:\/\/ziolazycia.com\/nowa\/wp-json\/wp\/v2\/media\/9655"}],"wp:attachment":[{"href":"https:\/\/ziolazycia.com\/nowa\/wp-json\/wp\/v2\/media?parent=1448"}],"wp:term":[{"taxonomy":"product_brand","embeddable":true,"href":"https:\/\/ziolazycia.com\/nowa\/wp-json\/wp\/v2\/product_brand?post=1448"},{"taxonomy":"product_cat","embeddable":true,"href":"https:\/\/ziolazycia.com\/nowa\/wp-json\/wp\/v2\/product_cat?post=1448"},{"taxonomy":"product_tag","embeddable":true,"href":"https:\/\/ziolazycia.com\/nowa\/wp-json\/wp\/v2\/product_tag?post=1448"}],"curies":[{"name":"wp","href":"https:\/\/api.w.org\/{rel}","templated":true}]}}