{"id":14201,"date":"2025-10-02T20:29:59","date_gmt":"2025-10-02T18:29:59","guid":{"rendered":"https:\/\/ziolazycia.com\/nowa\/?post_type=product&#038;p=14201"},"modified":"2025-11-26T15:59:50","modified_gmt":"2025-11-26T14:59:50","slug":"kosmiczny-absorber-treenes-premium-gold","status":"publish","type":"product","link":"https:\/\/ziolazycia.com\/nowa\/product\/kosmiczny-absorber-treenes-premium-gold\/","title":{"rendered":"ABSORBER TREENES BUSINESS PREMIUM GOLD"},"content":{"rendered":"<p data-start=\"613\" data-end=\"699\"><strong data-start=\"613\" data-end=\"699\">Kosmiczny Absorber Treenes Business Premium Gold \u2013 wersja Extra Slim (bia\u0142y rdze\u0144)<\/strong><\/p>\n<p data-start=\"701\" data-end=\"1051\">Du\u017cy, funkcjonalny i nowoczesny absorber z kolekcji <strong data-start=\"753\" data-end=\"778\">Business Premium Gold<\/strong> to zaawansowane urz\u0105dzenie wspieraj\u0105ce ochron\u0119 przed promieniowaniem elektromagnetycznym w codziennym otoczeniu. Jego spiralna struktura wewn\u0119trzna (dzia\u0142aj\u0105ca podobnie jak antena) poch\u0142ania szkodliwe komponenty smogu elektrycznego, przekszta\u0142caj\u0105c je w bezpieczne ciep\u0142o.<\/p>\n<p data-start=\"1053\" data-end=\"1203\">Od 21 kwietnia 2025 r. dost\u0119pna jest <strong data-start=\"1090\" data-end=\"1128\">najnowsza wersja z bia\u0142ym rdzeniem<\/strong>, jeszcze cie\u0144sza i l\u017cejsza \u2013 <strong data-start=\"1158\" data-end=\"1172\">Extra Slim<\/strong> \u2013 bez kompromis\u00f3w w dzia\u0142aniu.<\/p>\n<hr data-start=\"1205\" data-end=\"1208\" \/>\n<h6 data-start=\"1210\" data-end=\"1235\">\u2726 <strong data-start=\"1216\" data-end=\"1235\">Cechy produktu:<\/strong><\/h6>\n<ul data-start=\"1236\" data-end=\"1590\">\n<li data-start=\"1236\" data-end=\"1262\">\n<p data-start=\"1238\" data-end=\"1262\"><strong data-start=\"1238\" data-end=\"1251\">\u015arednica:<\/strong> ok. 8 cm<\/p>\n<\/li>\n<li data-start=\"1263\" data-end=\"1297\">\n<p data-start=\"1265\" data-end=\"1297\"><strong data-start=\"1265\" data-end=\"1286\">Zasi\u0119g dzia\u0142ania:<\/strong> do 16 m\u00b2<\/p>\n<\/li>\n<li data-start=\"1298\" data-end=\"1324\">\n<p data-start=\"1300\" data-end=\"1324\"><strong data-start=\"1300\" data-end=\"1311\">Zakres:<\/strong> pe\u0142ne 360\u00b0<\/p>\n<\/li>\n<li data-start=\"1325\" data-end=\"1372\">\n<p data-start=\"1327\" data-end=\"1372\"><strong data-start=\"1327\" data-end=\"1338\">Wersja:<\/strong> Extra Slim \u2013 kompaktowa i lekka<\/p>\n<\/li>\n<li data-start=\"1373\" data-end=\"1427\">\n<p data-start=\"1375\" data-end=\"1427\"><strong data-start=\"1375\" data-end=\"1393\">Kolor rdzenia:<\/strong> bia\u0142y (najnowsza kolekcja 2025)<\/p>\n<\/li>\n<li data-start=\"1428\" data-end=\"1453\">\n<p data-start=\"1430\" data-end=\"1453\"><strong data-start=\"1430\" data-end=\"1444\">Gwarancja:<\/strong> 10 lat<\/p>\n<\/li>\n<li data-start=\"1454\" data-end=\"1532\">\n<p data-start=\"1456\" data-end=\"1532\"><strong data-start=\"1456\" data-end=\"1473\">Design unisex<\/strong> \u2013 do torebki, kieszeni, plecaka czy przestrzeni biurowej<\/p>\n<\/li>\n<li data-start=\"1533\" data-end=\"1590\">\n<p data-start=\"1535\" data-end=\"1590\"><strong data-start=\"1535\" data-end=\"1590\">Zdj\u0119cia autentyczne \u2013 produkt widoczny na zdj\u0119ciach<\/strong><\/p>\n<\/li>\n<\/ul>\n<hr data-start=\"1592\" data-end=\"1595\" \/>\n<h6 data-start=\"1597\" data-end=\"1634\">\u2726 <strong data-start=\"1603\" data-end=\"1634\">Wodoszczelno\u015b\u0107 i odporno\u015b\u0107:<\/strong><\/h6>\n<ul data-start=\"1635\" data-end=\"1815\">\n<li data-start=\"1635\" data-end=\"1691\">\n<p data-start=\"1637\" data-end=\"1691\">Produkt jest opisany jako wodoodporny i wodoszczelny<\/p>\n<\/li>\n<li data-start=\"1692\" data-end=\"1815\">\n<p data-start=\"1694\" data-end=\"1815\"><strong data-start=\"1694\" data-end=\"1708\">Zalecenie:<\/strong> mimo to, chro\u0144 urz\u0105dzenie przed intensywnym zalaniem i wilgoci\u0105 dla zachowania jego estetyki i trwa\u0142o\u015bci<\/p>\n<\/li>\n<\/ul>\n<hr data-start=\"1817\" data-end=\"1820\" \/>\n<p data-start=\"1822\" data-end=\"1983\">\ud83c\udf81 <strong data-start=\"1825\" data-end=\"1850\">Gratis do zam\u00f3wienia:<\/strong><br data-start=\"1850\" data-end=\"1853\" \/>Naturalny <strong data-start=\"1863\" data-end=\"1918\">olejek eteryczny z dzikiej pomara\u0144czy marki doTERRA<\/strong> \u2013 wyj\u0105tkowy dodatek dla relaksu i aromaterapeutycznego wsparcia.<\/p>\n<hr data-start=\"1985\" data-end=\"1988\" \/>\n<blockquote data-start=\"1990\" data-end=\"2133\">\n<p data-start=\"1992\" data-end=\"2133\">Produkt nie jest wyrobem medycznym i nie zast\u0119puje profesjonalnej porady lekarskiej. Opinie klient\u00f3w s\u0105 subiektywnym wyrazem ich do\u015bwiadcze\u0144.<\/p>\n<\/blockquote>\n","protected":false},"excerpt":{"rendered":"<p>Kosmiczny absorber Treenes Premium Gold \u2013 zasi\u0119g 16 m\u00b2, \u015brednica 8 cm. Wersja Extra Slim z bia\u0142ym rdzeniem. Gratis: olejek z dzikiej pomara\u0144czy doTERRA.<\/p>\n","protected":false},"featured_media":14202,"comment_status":"open","ping_status":"closed","template":"","meta":[],"product_brand":[],"product_cat":[81],"product_tag":[],"class_list":{"0":"post-14201","1":"product","2":"type-product","3":"status-publish","4":"has-post-thumbnail","6":"product_cat-absorbery","8":"first","9":"instock","10":"taxable","11":"shipping-taxable","12":"purchasable","13":"product-type-simple"},"_links":{"self":[{"href":"https:\/\/ziolazycia.com\/nowa\/wp-json\/wp\/v2\/product\/14201","targetHints":{"allow":["GET"]}}],"collection":[{"href":"https:\/\/ziolazycia.com\/nowa\/wp-json\/wp\/v2\/product"}],"about":[{"href":"https:\/\/ziolazycia.com\/nowa\/wp-json\/wp\/v2\/types\/product"}],"replies":[{"embeddable":true,"href":"https:\/\/ziolazycia.com\/nowa\/wp-json\/wp\/v2\/comments?post=14201"}],"wp:featuredmedia":[{"embeddable":true,"href":"https:\/\/ziolazycia.com\/nowa\/wp-json\/wp\/v2\/media\/14202"}],"wp:attachment":[{"href":"https:\/\/ziolazycia.com\/nowa\/wp-json\/wp\/v2\/media?parent=14201"}],"wp:term":[{"taxonomy":"product_brand","embeddable":true,"href":"https:\/\/ziolazycia.com\/nowa\/wp-json\/wp\/v2\/product_brand?post=14201"},{"taxonomy":"product_cat","embeddable":true,"href":"https:\/\/ziolazycia.com\/nowa\/wp-json\/wp\/v2\/product_cat?post=14201"},{"taxonomy":"product_tag","embeddable":true,"href":"https:\/\/ziolazycia.com\/nowa\/wp-json\/wp\/v2\/product_tag?post=14201"}],"curies":[{"name":"wp","href":"https:\/\/api.w.org\/{rel}","templated":true}]}}