{"id":1385,"date":"2023-11-30T13:30:53","date_gmt":"2023-11-30T12:30:53","guid":{"rendered":"https:\/\/ziolazycia.com\/nowa\/?post_type=product&#038;p=1385"},"modified":"2025-11-26T15:58:48","modified_gmt":"2025-11-26T14:58:48","slug":"naturalna-herbatka-oczyszczajaca-mitra","status":"publish","type":"product","link":"https:\/\/ziolazycia.com\/nowa\/product\/naturalna-herbatka-oczyszczajaca-mitra\/","title":{"rendered":"Naturalna Herbatka Oczyszczaj\u0105ca Mitra 30 saszetek"},"content":{"rendered":"<p>Odpowiednio dobrane komponenty poprawiaj\u0105 funkcjonowanie \u017co\u0142\u0105dka, jelit i nerek i u\u0142atwiaj\u0105 organizmowi przyswajanie sk\u0142adnik\u00f3w od\u017cywczych.<\/p>\n<div data-box-name=\"layout.container\" data-box-id=\"LUo64bt1RQOuwIphdVaomw==sx2lrxHNQUG4Wa7QQbUK8g==P-FoSUHCT7uRP7k4N3UHGw==\" data-prototype-id=\"layout.container\" data-prototype-version=\"9.0\" data-analytics-category=\"layout.container\" data-analytics-groups=\"[\"allegro.oferta.base\",\"showproduct.content\"]\">\n<div class=\"opbox-sheet-wrapper m7er_k4 munh_56 m3h2_56 _17d9e_7VF-Y mjru_ey carousel-item\" data-item=\"\">\n<div class=\"opbox-sheet opbox-sheet-6c214 _17d9e_Ww88Y msts_n7\">\n<div data-box-name=\"Container Description\" data-box-id=\"LUo64bt1RQOuwIphdVaomw==sx2lrxHNQUG4Wa7QQbUK8g==KrsT5UCqShOJdHqbje7J6g==\" data-prototype-id=\"layout.container\" data-prototype-version=\"9.0\" data-analytics-category=\"layout.container\" data-analytics-groups=\"[\"allegro.oferta.base\",\"showproduct.content\"]\">\n<div class=\"opbox-sheet-wrapper m7er_k4 munh_56 m3h2_56 _17d9e_7VF-Y mjru_ey carousel-item\" data-item=\"\">\n<div class=\"opbox-sheet opbox-sheet-7d2cb _17d9e_Ww88Y msts_n7\">\n<div data-box-name=\"Container Description Card\" data-box-id=\"LUo64bt1RQOuwIphdVaomw==sx2lrxHNQUG4Wa7QQbUK8g==jhpKH9aaQaCjzHnIe1NUoA==\" data-prototype-id=\"layout.container\" data-prototype-version=\"9.0\" data-analytics-category=\"layout.container\" data-analytics-groups=\"[\"allegro.oferta.base\",\"showproduct.content\"]\">\n<div class=\"opbox-sheet-wrapper m7er_k4 munh_56 m3h2_56 _17d9e_7VF-Y mjru_ua carousel-item\" data-item=\"\">\n<div class=\"opbox-sheet opbox-sheet-538fa _17d9e_Ww88Y msts_n7 card msts_pt mg9e_16 mvrt_16 mj7a_16 mh36_16 mg9e_24_l mvrt_24_l mj7a_24_l mh36_24_l a883q\">\n<div data-box-name=\"Description card\" data-box-id=\"LUo64bt1RQOuwIphdVaomw==sx2lrxHNQUG4Wa7QQbUK8g==v8GgqMy9Qp-lQqTlwF0UTQ==\" data-prototype-id=\"layout.container\" data-prototype-version=\"9.0\" data-analytics-category=\"layout.container\" data-analytics-groups=\"[\"allegro.oferta.base\",\"showproduct.content\"]\">\n<div class=\"opbox-sheet-wrapper m7er_k4 munh_56 m3h2_56 _17d9e_7VF-Y mjru_ua carousel-item\" data-item=\"\">\n<div class=\"opbox-sheet opbox-sheet-c9375 _17d9e_Ww88Y msts_n7\">\n<div data-box-name=\"Description\" data-box-id=\"LUo64bt1RQOuwIphdVaomw==sx2lrxHNQUG4Wa7QQbUK8g==gbrCZxJ_RBSlSji1w8NOmA==\" data-prototype-id=\"allegro.showoffer.description\" data-prototype-version=\"0.7\" data-civ=\"cf7\" data-analytics-enabled=\"\" data-analytics-category=\"allegro.showoffer.description\" data-analytics-groups=\"[\"allegro.oferta.base\",\"showproduct.content\"]\">\n<div class=\"mgn2_14 mp0t_0a mqu1_21 mli8_k4 mgmw_wo msts_pt _0d3bd_K6Qpj\" data-reactroot=\"\">\n<div class=\"\">\n<div class=\"mpof_ki myre_zn myre_8v_l m389_6m_l\">\n<div class=\"mp4t_16_s mryx_16_s mr3m_1 mli2_1 mh85_56 mh85_0_l\">\n<div class=\"mgn2_16 _0d3bd_am0a-\">\n<h2>Sk\u0142ad Herbatki oczyszczaj\u0105cej Mitra:li\u015bcie senesu, kora kruszyny, owoc dzikiej r\u00f3\u017cy, sk\u00f3rka pomara\u0144czowa, li\u015b\u0107\u00a0mi\u0119ty pieprzowej, kwiat rumianku, korze\u0144 prawo\u015blazu.<\/h2>\n<p>1 saszetka zawiera:<\/p>\n<ul>\n<li>Li\u015b\u0107 senes 650mg<\/li>\n<li>Kora kruszyny 600mg<\/li>\n<li>Dzika R\u00f3\u017ca 430mg<\/li>\n<li>Sk\u00f3rka pomara\u0144czowa 200mg<\/li>\n<li>Li\u015b\u0107 mi\u0119ty pieprzowej 60mg<\/li>\n<li>Kwiat rumianku 40mg<\/li>\n<li>Korze\u0144 prawo\u015blazu 20mg<\/li>\n<\/ul>\n<p><b>Opakowanie zawiera: <\/b>30 saszetek (60 g)<\/p>\n<\/div>\n<\/div>\n<\/div>\n<\/div>\n<\/div>\n<\/div>\n<\/div>\n<\/div>\n<\/div>\n<\/div>\n<\/div>\n<\/div>\n<\/div>\n<\/div>\n<\/div>\n<\/div>\n<\/div>\n<\/div>\n<div class=\"_e8529_h6D1d\">\n<div class=\"mp7g_oh mp4t_16 mryx_16\">\n<div class=\"carousel-item mp7g_oh msts_pt _e8529_R-gF- m7er_k4 munh_56 m3h2_56 _e8529_T0RRr _e8529_v8S8I\" data-analytics-enabled=\"\" data-item=\"\" data-analytics-view-custom-item-id=\"13313559099\" data-analytics-view-custom-index-0=\"3\" data-analytics-view-custom-max-index=\"19\" data-analytics-view-label=\"regular\" data-analytics-view-value=\"13313559099\" data-analytics-view-opbox-custom-destination-url=\"https:\/\/allegro.pl\/oferta\/klitoria-ternatenska-niebieska-30g-herbata-premium-13313559099?reco_id=9a5e4769-da2c-11ee-9fc5-d65a0efa1d3d&amp;sid=041047f9c36843e364ecb91b45c568a2755aa386fe7e14ee7421a14291fbf951\" data-role=\"offer-tile\">\n<div class=\"_e8529_h6D1d\">\n<div class=\"mli8_k4 msa3_z4 mqu1_1 mp0t_ji m9qz_yo mgn2_21 mgn2_25_s mgmw_g5\"><\/div>\n<\/div>\n<\/div>\n<\/div>\n<\/div>\n<div class=\"mpof_ki mr3m_1 mjyo_6x gel0f _e8529_NFJ-e g1s2l guv1z g1pyo g167r g12dg\">\n<div class=\"carousel-item mp7g_oh msts_pt _e8529_R-gF- m7er_k4 munh_56 m3h2_56 _e8529_T0RRr _e8529_v8S8I\" data-analytics-enabled=\"\" data-item=\"\" data-analytics-view-custom-item-id=\"13291825728\" data-analytics-view-custom-index-0=\"7\" data-analytics-view-custom-max-index=\"19\" data-analytics-view-label=\"regular\" data-analytics-view-value=\"13291825728\" data-analytics-view-opbox-custom-destination-url=\"https:\/\/allegro.pl\/oferta\/zielarnia-suwalska-miesniaki-macicy-450g-13291825728?reco_id=9a5e4769-da2c-11ee-9fc5-d65a0efa1d3d&amp;sid=041047f9c36843e364ecb91b45c568a2755aa386fe7e14ee7421a14291fbf951\" data-role=\"offer-tile\">\n<div class=\"_e8529_h6D1d\">\n<p>&nbsp;<\/p>\n<\/div>\n<\/div>\n<\/div>\n<h2><strong>Spos\u00f3b u\u017cycia Herbatki oczyszczaj\u0105cej Mitra:<\/strong><\/h2>\n<p>Jedn\u0105 saszetk\u0119 w\u0142\u00f3\u017c do szklanki, zalej gor\u0105c\u0105, ale nie\u00a0 wrz\u0105c\u0105 wod\u0105. Przez pierwsze 7 dni zaparzaj herbatk\u0119 maksimum 2 minuty. Nast\u0119pnie wyd\u0142u\u017caj czas parzenia do 5 \u2013 8 minut; mo\u017cna wyciska\u0107 esencj\u0119 z saszetki. Wypij wieczorem przed po\u0142o\u017ceniem si\u0119 spa\u0107. Po kilku dniach wyd\u0142u\u017caj czas parzenia i dobrze wyciskaj esencj\u0119 z saszetki. Pij gor\u0105ca lub zimn\u0105. Herbaty nie pij zbyt d\u0142ugo po zaparzeniu. Saszetka jest jednorazowego u\u017cytku. Po przygotowaniu naparu saszetk\u0119 wyrzuci\u0107, nie zaparza\u0107 ponownie.<\/p>\n<p><strong>Przeciwwskazania<\/strong>:<br \/>\nProdukt nie mo\u017ce by\u0107 stosowany jako substytut (zamiennik) zr\u00f3\u017cnicowanej diety. Nie nale\u017cy przekracza\u0107 porcji zalecanej do spo\u017cycia w ci\u0105gu dnia. Produkt nie jest wskazany dla kobiet w ci\u0105\u017cy i karmi\u0105cych piersi\u0105 oraz dzieci. Nie stosowa\u0107 w przypadku uczulenia na kt\u00f3rykolwiek ze sk\u0142adnik\u00f3w produktu.<\/p>\n<p>Suplement diety nie mo\u017ce by\u0107 stosowany jako substytut zr\u00f3\u017cnicowanej diety.<br \/>\nBardzo wa\u017cne jest prowadzenie zr\u00f3wnowa\u017conego sposobu \u017cywienia i zdrowego trybu \u017cycia.<\/p>\n<p><strong>Zalecana dzienna porcja do spo\u017cycia:<\/strong> napar z 1 saszetki dziennie.<\/p>\n<p>Nie przekracza\u0107 zalecanej do spo\u017cycia dziennej porcji produktu.\u00a0Przechowywa\u0107 w spos\u00f3b niedost\u0119pny dla ma\u0142ych dzieci.<\/p>\n<p><strong>Przechowywanie<\/strong>:Produkt powinien by\u0107 przechowywany w spos\u00f3b niedost\u0119pny dla ma\u0142ych dzieci.<\/p>\n<p><strong>Producent:<\/strong><br \/>\nMITRA<br \/>\n04-052 Warszawa<br \/>\nul. Grenadier\u00f3w 13\/96<\/p>\n","protected":false},"excerpt":{"rendered":"<p>Suplement diety<\/p>\n<div data-box-name=\"layout.container\" data-box-id=\"LUo64bt1RQOuwIphdVaomw==sx2lrxHNQUG4Wa7QQbUK8g==P-FoSUHCT7uRP7k4N3UHGw==\" data-prototype-id=\"layout.container\" data-prototype-version=\"9.0\" data-analytics-category=\"layout.container\" data-analytics-groups=\"[\"allegro.oferta.base\",\"showproduct.content\"]\">\n<div class=\"opbox-sheet-wrapper m7er_k4 munh_56 m3h2_56 _17d9e_7VF-Y mjru_ey carousel-item\" data-item=\"\">\n<div class=\"opbox-sheet opbox-sheet-6c214 _17d9e_Ww88Y msts_n7\">\n<div data-box-name=\"Container Description\" data-box-id=\"LUo64bt1RQOuwIphdVaomw==sx2lrxHNQUG4Wa7QQbUK8g==KrsT5UCqShOJdHqbje7J6g==\" data-prototype-id=\"layout.container\" data-prototype-version=\"9.0\" data-analytics-category=\"layout.container\" data-analytics-groups=\"[\"allegro.oferta.base\",\"showproduct.content\"]\">\n<div class=\"opbox-sheet-wrapper m7er_k4 munh_56 m3h2_56 _17d9e_7VF-Y mjru_ey carousel-item\" data-item=\"\">\n<div class=\"opbox-sheet opbox-sheet-7d2cb _17d9e_Ww88Y msts_n7\">\n<div data-box-name=\"Container Description Card\" data-box-id=\"LUo64bt1RQOuwIphdVaomw==sx2lrxHNQUG4Wa7QQbUK8g==jhpKH9aaQaCjzHnIe1NUoA==\" data-prototype-id=\"layout.container\" data-prototype-version=\"9.0\" data-analytics-category=\"layout.container\" data-analytics-groups=\"[\"allegro.oferta.base\",\"showproduct.content\"]\">\n<div class=\"opbox-sheet-wrapper m7er_k4 munh_56 m3h2_56 _17d9e_7VF-Y mjru_ua carousel-item\" data-item=\"\">\n<div class=\"opbox-sheet opbox-sheet-538fa _17d9e_Ww88Y msts_n7 card msts_pt mg9e_16 mvrt_16 mj7a_16 mh36_16 mg9e_24_l mvrt_24_l mj7a_24_l mh36_24_l a883q\">\n<div data-box-name=\"Description card\" data-box-id=\"LUo64bt1RQOuwIphdVaomw==sx2lrxHNQUG4Wa7QQbUK8g==v8GgqMy9Qp-lQqTlwF0UTQ==\" data-prototype-id=\"layout.container\" data-prototype-version=\"9.0\" data-analytics-category=\"layout.container\" data-analytics-groups=\"[\"allegro.oferta.base\",\"showproduct.content\"]\">\n<div class=\"opbox-sheet-wrapper m7er_k4 munh_56 m3h2_56 _17d9e_7VF-Y mjru_ua carousel-item\" data-item=\"\">\n<div class=\"opbox-sheet opbox-sheet-c9375 _17d9e_Ww88Y msts_n7\">\n<div data-box-name=\"Description\" data-box-id=\"LUo64bt1RQOuwIphdVaomw==sx2lrxHNQUG4Wa7QQbUK8g==gbrCZxJ_RBSlSji1w8NOmA==\" data-prototype-id=\"allegro.showoffer.description\" data-prototype-version=\"0.7\" data-civ=\"cf7\" data-analytics-enabled=\"\" data-analytics-category=\"allegro.showoffer.description\" data-analytics-groups=\"[\"allegro.oferta.base\",\"showproduct.content\"]\">\n<div class=\"mgn2_14 mp0t_0a mqu1_21 mli8_k4 mgmw_wo msts_pt _0d3bd_K6Qpj\" data-reactroot=\"\">\n<div class=\"\">\n<div class=\"mpof_ki myre_zn myre_8v_l m389_6m_l\">\n<div class=\"mp4t_16_s mryx_16_s mr3m_1 mli2_1 mh85_56 mh85_0_l\">\n<div class=\"mgn2_16 _0d3bd_am0a-\">\n<p><strong>Naturalna Herbatka Oczyszczaj\u0105ca Mitra<\/strong> to suplement diety w postaci herbatki w saszetkach sporz\u0105dzonej na bazie naturalnych sk\u0142adnik\u00f3w pochodzenia ro\u015blinnego o udokumentowanym dzia\u0142aniu fizjologicznym na organizm cz\u0142owieka. Sk\u0142adniki preparatu wspomagaj\u0105 naturalny proces wypr\u00f3\u017cniania i usuwania toksyn z organizmu (szczeg\u00f3lnie w przypadku zapar\u0107). Produkt ten jest przeznaczony dla os\u00f3b, kt\u00f3re dbaj\u0105 o prawid\u0142owe funkcjonowanie uk\u0142adu pokarmowego oraz uk\u0142adu moczowego. Herbatka skomponowana zosta\u0142a wy\u0142\u0105cznie z naturalnych sk\u0142adnik\u00f3w, kt\u00f3re wspomagaj\u0105 usuwanie toksycznych substancji z organizmu.<\/p>\n<\/div>\n<\/div>\n<\/div>\n<\/div>\n<\/div>\n<\/div>\n<\/div>\n<\/div>\n<\/div>\n<\/div>\n<\/div>\n<\/div>\n<\/div>\n<\/div>\n<\/div>\n<\/div>\n<\/div>\n<\/div>\n","protected":false},"featured_media":9628,"comment_status":"closed","ping_status":"closed","template":"","meta":[],"product_brand":[],"product_cat":[72],"product_tag":[],"class_list":{"0":"post-1385","1":"product","2":"type-product","3":"status-publish","4":"has-post-thumbnail","6":"product_cat-suplementy-diety","8":"first","9":"instock","10":"sale","11":"taxable","12":"shipping-taxable","13":"purchasable","14":"product-type-simple"},"_links":{"self":[{"href":"https:\/\/ziolazycia.com\/nowa\/wp-json\/wp\/v2\/product\/1385","targetHints":{"allow":["GET"]}}],"collection":[{"href":"https:\/\/ziolazycia.com\/nowa\/wp-json\/wp\/v2\/product"}],"about":[{"href":"https:\/\/ziolazycia.com\/nowa\/wp-json\/wp\/v2\/types\/product"}],"replies":[{"embeddable":true,"href":"https:\/\/ziolazycia.com\/nowa\/wp-json\/wp\/v2\/comments?post=1385"}],"wp:featuredmedia":[{"embeddable":true,"href":"https:\/\/ziolazycia.com\/nowa\/wp-json\/wp\/v2\/media\/9628"}],"wp:attachment":[{"href":"https:\/\/ziolazycia.com\/nowa\/wp-json\/wp\/v2\/media?parent=1385"}],"wp:term":[{"taxonomy":"product_brand","embeddable":true,"href":"https:\/\/ziolazycia.com\/nowa\/wp-json\/wp\/v2\/product_brand?post=1385"},{"taxonomy":"product_cat","embeddable":true,"href":"https:\/\/ziolazycia.com\/nowa\/wp-json\/wp\/v2\/product_cat?post=1385"},{"taxonomy":"product_tag","embeddable":true,"href":"https:\/\/ziolazycia.com\/nowa\/wp-json\/wp\/v2\/product_tag?post=1385"}],"curies":[{"name":"wp","href":"https:\/\/api.w.org\/{rel}","templated":true}]}}