{"id":1370,"date":"2023-11-30T13:25:24","date_gmt":"2023-11-30T12:25:24","guid":{"rendered":"https:\/\/ziolazycia.com\/nowa\/?post_type=product&#038;p=1370"},"modified":"2025-11-26T15:58:46","modified_gmt":"2025-11-26T14:58:46","slug":"biolatte-original-l-zywe-kultury-bakterii-kwasu-mlekowego-60g-biolatte","status":"publish","type":"product","link":"https:\/\/ziolazycia.com\/nowa\/product\/biolatte-original-l-zywe-kultury-bakterii-kwasu-mlekowego-60g-biolatte\/","title":{"rendered":"Biolatte Original-L \u017cywe kultury bakterii kwasu mlekowego 60g"},"content":{"rendered":"<p>Probiotyk Biolatte Original-L\u00a0 jest odpowiedni do stosowania w trakcie antybiotykoterapii oraz po jej uko\u0144czeniu, a tak\u017ce w okresie obni\u017conej odporno\u015bci lub\u00a0 po przebytej infekcji.<\/p>\n<p>Jest to wysokiej jako\u015bci preparat probiotyczny, zawieraj\u0105cy \u017cywe kultury ludzkich bakterii kwasu mlekowego.<\/p>\n<p><strong>Wskazania:<\/strong> profilaktyka zdrowia, podniesienie odporno\u015bci, lepsze trawienie, biegunka, egzema, w trakcie kuracji antybiotykowej, podczas przyjmowania lek\u00f3w.<\/p>\n<p>Suplement diety przebadany laboratoryjnie in vivo\u00a0 oraz in vitro<\/p>\n<p><strong>Zawarto\u015b\u0107 opakowania<\/strong>:\u00a060g w formie proszku<\/p>\n<p><strong>Dzienne spo\u017cycie<\/strong>:\u00a02 miarki &#8211; 2,5 g dziennie<\/p>\n<p><strong>Sk\u0142adniki:<\/strong><\/p>\n<p>substancja wype\u0142niaj\u0105ca (glukoza),<\/p>\n<p>\u017cywe kultury ludzkich bakterii kwasu mlekowego:<\/p>\n<p>Bifido bacterium Bb-12, Lactobacillus casei, Lactobacillus fermentum, Streptococcus thermophilus.<\/p>\n<p>2,5 g zawiera minimum 7,5E9 CFU \u017cywych kultur ludzkich bakterii kwasu mlekowego:\u00a0B. bacterium Bb-12, L. casei, L. fermentum, S. thermophilus.<\/p>\n<p>*CFU (z ang. Colony Forming Unit &#8211; jednostka tworz\u0105ca koloni\u0119).<\/p>\n<h2>Probiotyk Biolatte Original-L &#8211; spos\u00f3b u\u017cycia:<\/h2>\n<p>2,5 g dziennie. Wymiesza\u0107 2,5g w wodzie, nie cieplejszej ni\u017c 36\u00b0C. Nierozpuszczony proszek mo\u017cna r\u00f3wnie\u017c podawa\u0107 bezpo\u015brednio doustnie.<\/p>\n<p>Nie przekracza\u0107 zalecanej porcji do spo\u017cycia w ci\u0105gu dnia. Produkt nie mo\u017ce by\u0107 stosowany jako substytut zr\u00f3\u017cnicowanej diety. Wa\u017cne jest stosowanie zr\u00f3\u017cnicowanej i zbilansowanej diety oraz prowadzenie zdrowego trybu \u017cycia.<\/p>\n<p><strong>Przechowywanie<\/strong><\/p>\n<p>Przechowywa\u0107 w temperaturze pokojowej, w spos\u00f3b niedost\u0119pny dla ma\u0142ych dzieci.<\/p>\n<p><strong>Producent:<\/strong> Biolatte<\/p>\n<p>&nbsp;<\/p>\n","protected":false},"excerpt":{"rendered":"<p><strong>Suplement diety<\/strong><\/p>\n<p>Fi\u0144ski probiotyk\u00a0Biolatte Original-L\u00a0zawiera 4 szczepy bakterii kwasu mlekowego stosowane w celu uzupe\u0142nienia mikroflory uk\u0142adu pokarmowego.<\/p>\n","protected":false},"featured_media":9617,"comment_status":"closed","ping_status":"closed","template":"","meta":[],"product_brand":[],"product_cat":[76,72],"product_tag":[],"class_list":{"0":"post-1370","1":"product","2":"type-product","3":"status-publish","4":"has-post-thumbnail","6":"product_cat-probiotyki","7":"product_cat-suplementy-diety","9":"first","10":"instock","11":"sale","12":"taxable","13":"shipping-taxable","14":"purchasable","15":"product-type-simple"},"_links":{"self":[{"href":"https:\/\/ziolazycia.com\/nowa\/wp-json\/wp\/v2\/product\/1370","targetHints":{"allow":["GET"]}}],"collection":[{"href":"https:\/\/ziolazycia.com\/nowa\/wp-json\/wp\/v2\/product"}],"about":[{"href":"https:\/\/ziolazycia.com\/nowa\/wp-json\/wp\/v2\/types\/product"}],"replies":[{"embeddable":true,"href":"https:\/\/ziolazycia.com\/nowa\/wp-json\/wp\/v2\/comments?post=1370"}],"wp:featuredmedia":[{"embeddable":true,"href":"https:\/\/ziolazycia.com\/nowa\/wp-json\/wp\/v2\/media\/9617"}],"wp:attachment":[{"href":"https:\/\/ziolazycia.com\/nowa\/wp-json\/wp\/v2\/media?parent=1370"}],"wp:term":[{"taxonomy":"product_brand","embeddable":true,"href":"https:\/\/ziolazycia.com\/nowa\/wp-json\/wp\/v2\/product_brand?post=1370"},{"taxonomy":"product_cat","embeddable":true,"href":"https:\/\/ziolazycia.com\/nowa\/wp-json\/wp\/v2\/product_cat?post=1370"},{"taxonomy":"product_tag","embeddable":true,"href":"https:\/\/ziolazycia.com\/nowa\/wp-json\/wp\/v2\/product_tag?post=1370"}],"curies":[{"name":"wp","href":"https:\/\/api.w.org\/{rel}","templated":true}]}}