{"id":1363,"date":"2023-11-30T13:08:39","date_gmt":"2023-11-30T12:08:39","guid":{"rendered":"https:\/\/ziolazycia.com\/nowa\/?post_type=product&#038;p=1363"},"modified":"2025-11-26T15:58:46","modified_gmt":"2025-11-26T14:58:46","slug":"szungit-premium-150g-aram","status":"publish","type":"product","link":"https:\/\/ziolazycia.com\/nowa\/product\/szungit-premium-150g-aram\/","title":{"rendered":"Szungit Premium 150 g"},"content":{"rendered":"<p><strong>Szungit: Czarny minera\u0142 o wielu cennych w\u0142a\u015bciwo\u015bciach<\/strong><\/p>\n<p>Szungit to niezwyk\u0142y minera\u0142 o czarnej barwie i po\u0142ysku, kt\u00f3ry od wiek\u00f3w wzbudza zainteresowanie ze wzgl\u0119du na swoje cenne w\u0142a\u015bciwo\u015bci. Wyj\u0105tkowo\u015b\u0107 szungitu polega na obecno\u015bci specjalnych cz\u0105steczek w\u0119gla &#8211; fuleren\u00f3w. Odkrycie fuleren\u00f3w zosta\u0142o nagrodzone w 1998 roku Nagrod\u0105\u00a0 Nobla.<\/p>\n<p>Oto kilka kluczowych informacji na jego temat:<\/p>\n<p><strong>Pochodzenie i wyst\u0119powanie:<\/strong><\/p>\n<ul>\n<li>Szungit jest najstarszym minera\u0142em z grupy w\u0119glowej na Ziemi.<\/li>\n<li>Wyst\u0119puje naturalnie w przyrodzie, a jego najwi\u0119ksze z\u0142o\u017ca znajduj\u0105 si\u0119 w Karelii w Rosji.<\/li>\n<li>Powsta\u0142 w wyniku metamorfozy w\u0119gla organicznego w prekambrze, oko\u0142o 2 miliard\u00f3w lat temu.<\/li>\n<\/ul>\n<p><strong>W\u0142a\u015bciwo\u015bci fizyczne:<\/strong><\/p>\n<ul>\n<li>Czarna barwa i po\u0142ysk<\/li>\n<li>Niekrystaliczna struktura<\/li>\n<li>Wysoka zawarto\u015b\u0107 w\u0119gla (do 98%)<\/li>\n<li>Zawiera r\u00f3wnie\u017c inne pierwiastki, takie jak krzem, magnez, \u017celazo i wap\u0144<\/li>\n<\/ul>\n<p><strong>Zastosowania:<\/strong><\/p>\n<p><strong>Filtracja wody:<\/strong><\/p>\n<ul>\n<li>Szungit s\u0142ynie z w\u0142a\u015bciwo\u015bci oczyszczaj\u0105cych wod\u0119.<\/li>\n<li>Filtruje zanieczyszczenia, metale ci\u0119\u017ckie, chlor i bakterie.<\/li>\n<li>Nasyca wod\u0119 minera\u0142ami i nadaje jej w\u0142a\u015bciwo\u015bci antyoksydacyjne.<\/li>\n<\/ul>\n<p><strong>W\u0142a\u015bciwo\u015bci prozdrowotne:<\/strong><\/p>\n<ul>\n<li>Szungitowi przypisuje si\u0119 wiele w\u0142a\u015bciwo\u015bci prozdrowotnych, m.in.:\n<ul>\n<li>Wzmocnienie odporno\u015bci<\/li>\n<li>Poprawa trawienia<\/li>\n<li>Detoksykacja organizmu i dzia\u0142anie bakteriob\u00f3jcze<\/li>\n<li>Dzia\u0142anie przeciwzapalne i przeciwb\u00f3lowe<\/li>\n<li>Ochrona przed promieniowaniem elektromagnetycznym<\/li>\n<\/ul>\n<\/li>\n<\/ul>\n<p><strong>Inne zastosowania:<\/strong><\/p>\n<ul>\n<li>Szungit wykorzystywany jest r\u00f3wnie\u017c w kosmetyce (dzia\u0142anie przeciwstarzeniowe) do produkcji bi\u017cuterii i przedmiot\u00f3w dekoracyjnych.<\/li>\n<\/ul>\n<p><strong>Wa\u017cne informacje:<\/strong><\/p>\n<ul>\n<li>Przed u\u017cyciem szungitu do filtrowania wody nale\u017cy go dok\u0142adnie wyp\u0142uka\u0107.<\/li>\n<li>Nie nale\u017cy stosowa\u0107 szungitu do uzdatniania wody zanieczyszczonej mikrobiologicznie.<\/li>\n<li>Szungit nie jest lekiem i nie zast\u0105pi konsultacji z lekarzem.<\/li>\n<\/ul>\n<p><strong>Waga:<\/strong> 150 g<\/p>\n<p><strong>Podmiot odpowiedzialny:<\/strong><br \/>\nAram Natura<br \/>\nAram Szaginian<br \/>\nul. Kili\u0144skiego 30 D<br \/>\n27-400 Ostrowiec \u015awi\u0119tokrzyski<\/p>\n","protected":false},"excerpt":{"rendered":"<p>Szungit: Czarny minera\u0142 o wielu cennych w\u0142a\u015bciwo\u015bciach Szungit to niezwyk\u0142y minera\u0142 o czarnej barwie i po\u0142ysku, kt\u00f3ry od wiek\u00f3w wzbudza zainteresowanie ze wzgl\u0119du na swoje cenne w\u0142a\u015bciwo\u015bci. Wyj\u0105tkowo\u015b\u0107 szungitu polega na obecno\u015bci specjalnych cz\u0105steczek w\u0119gla &#8211; fuleren\u00f3w. Odkrycie fuleren\u00f3w zosta\u0142o nagrodzone w 1998 roku Nagrod\u0105\u00a0 Nobla. Oto kilka kluczowych informacji na jego temat: Pochodzenie i [&hellip;]<\/p>\n","protected":false},"featured_media":9613,"comment_status":"closed","ping_status":"closed","template":"","meta":[],"product_brand":[],"product_cat":[80],"product_tag":[],"class_list":{"0":"post-1363","1":"product","2":"type-product","3":"status-publish","4":"has-post-thumbnail","6":"product_cat-akcesoria","8":"first","9":"instock","10":"sale","11":"taxable","12":"shipping-taxable","13":"purchasable","14":"product-type-simple"},"_links":{"self":[{"href":"https:\/\/ziolazycia.com\/nowa\/wp-json\/wp\/v2\/product\/1363","targetHints":{"allow":["GET"]}}],"collection":[{"href":"https:\/\/ziolazycia.com\/nowa\/wp-json\/wp\/v2\/product"}],"about":[{"href":"https:\/\/ziolazycia.com\/nowa\/wp-json\/wp\/v2\/types\/product"}],"replies":[{"embeddable":true,"href":"https:\/\/ziolazycia.com\/nowa\/wp-json\/wp\/v2\/comments?post=1363"}],"wp:featuredmedia":[{"embeddable":true,"href":"https:\/\/ziolazycia.com\/nowa\/wp-json\/wp\/v2\/media\/9613"}],"wp:attachment":[{"href":"https:\/\/ziolazycia.com\/nowa\/wp-json\/wp\/v2\/media?parent=1363"}],"wp:term":[{"taxonomy":"product_brand","embeddable":true,"href":"https:\/\/ziolazycia.com\/nowa\/wp-json\/wp\/v2\/product_brand?post=1363"},{"taxonomy":"product_cat","embeddable":true,"href":"https:\/\/ziolazycia.com\/nowa\/wp-json\/wp\/v2\/product_cat?post=1363"},{"taxonomy":"product_tag","embeddable":true,"href":"https:\/\/ziolazycia.com\/nowa\/wp-json\/wp\/v2\/product_tag?post=1363"}],"curies":[{"name":"wp","href":"https:\/\/api.w.org\/{rel}","templated":true}]}}