{"id":13530,"date":"2025-07-30T15:13:33","date_gmt":"2025-07-30T13:13:33","guid":{"rendered":"https:\/\/ziolazycia.com\/nowa\/?post_type=product&#038;p=13530"},"modified":"2025-11-26T15:59:48","modified_gmt":"2025-11-26T14:59:48","slug":"koncentrat-z-omulka-zielonowargowego","status":"publish","type":"product","link":"https:\/\/ziolazycia.com\/nowa\/product\/koncentrat-z-omulka-zielonowargowego\/","title":{"rendered":"Koncentrat z omu\u0142ka zielonowargowego"},"content":{"rendered":"<p>Kapsu\u0142ki z koncentratem z omu\u0142ka zielonowargowego to suplement diety zawieraj\u0105cy sk\u0142adniki pochodz\u0105ce z nowozelandzkiego ma\u0142\u017ca zielonowargowego (Perna canaliculus), standaryzowane na obecno\u015b\u0107 glikozaminoglikan\u00f3w (GAG), kwas\u00f3w krzemowych i kwas\u00f3w omega-3. Koncentrat 5:1 z mi\u0119sa ma\u0142\u017cy pozyskiwany jest z hodowli prowadzonych w czystych wodach Nowej Zelandii. Produkt charakteryzuje si\u0119 wysok\u0105 biodost\u0119pno\u015bci\u0105 i bezpiecze\u0144stwem sk\u0142adu, kontrolowanym w laboratorium producenta. Sk\u0142adniki: koncentrat z omu\u0142ka zielonowargowego (83%), \u017celatyna spo\u017cywcza wo\u0142owa (otoczka kapsu\u0142ki), sole magnezowe kwas\u00f3w t\u0142uszczowych (substancja przeciwzbrylaj\u0105ca). Zalecane spo\u017cycie: 2-3 kapsu\u0142ki dziennie, popijaj\u0105c wod\u0105. Suplement nie mo\u017ce by\u0107 stosowany jako substytut zr\u00f3\u017cnicowanej diety. Przechowywa\u0107 w suchym, ch\u0142odnym i zacienionym miejscu, w temperaturze poni\u017cej 25\u00b0C, poza zasi\u0119giem dzieci. Opakowanie zawiera 150 kapsu\u0142ek (88 g). Kraj pochodzenia surowca: Nowa Zelandia.<\/p>\n","protected":false},"excerpt":{"rendered":"<p>Kapsu\u0142ki z koncentratem z omu\u0142ka zielonowargowego \u2013 suplement diety z glikozaminoglikanami, kwasami omega-3 i krzemowymi. 150 kapsu\u0142ek, surowiec z Nowej Zelandii.<\/p>\n","protected":false},"featured_media":13531,"comment_status":"open","ping_status":"closed","template":"","meta":[],"product_brand":[],"product_cat":[72],"product_tag":[],"class_list":{"0":"post-13530","1":"product","2":"type-product","3":"status-publish","4":"has-post-thumbnail","6":"product_cat-suplementy-diety","8":"first","9":"instock","10":"taxable","11":"shipping-taxable","12":"purchasable","13":"product-type-simple"},"_links":{"self":[{"href":"https:\/\/ziolazycia.com\/nowa\/wp-json\/wp\/v2\/product\/13530","targetHints":{"allow":["GET"]}}],"collection":[{"href":"https:\/\/ziolazycia.com\/nowa\/wp-json\/wp\/v2\/product"}],"about":[{"href":"https:\/\/ziolazycia.com\/nowa\/wp-json\/wp\/v2\/types\/product"}],"replies":[{"embeddable":true,"href":"https:\/\/ziolazycia.com\/nowa\/wp-json\/wp\/v2\/comments?post=13530"}],"wp:featuredmedia":[{"embeddable":true,"href":"https:\/\/ziolazycia.com\/nowa\/wp-json\/wp\/v2\/media\/13531"}],"wp:attachment":[{"href":"https:\/\/ziolazycia.com\/nowa\/wp-json\/wp\/v2\/media?parent=13530"}],"wp:term":[{"taxonomy":"product_brand","embeddable":true,"href":"https:\/\/ziolazycia.com\/nowa\/wp-json\/wp\/v2\/product_brand?post=13530"},{"taxonomy":"product_cat","embeddable":true,"href":"https:\/\/ziolazycia.com\/nowa\/wp-json\/wp\/v2\/product_cat?post=13530"},{"taxonomy":"product_tag","embeddable":true,"href":"https:\/\/ziolazycia.com\/nowa\/wp-json\/wp\/v2\/product_tag?post=13530"}],"curies":[{"name":"wp","href":"https:\/\/api.w.org\/{rel}","templated":true}]}}