{"id":13511,"date":"2025-07-30T13:36:02","date_gmt":"2025-07-30T11:36:02","guid":{"rendered":"https:\/\/ziolazycia.com\/nowa\/?post_type=product&#038;p=13511"},"modified":"2025-11-26T15:59:47","modified_gmt":"2025-11-26T14:59:47","slug":"hepatrin-forte-zdrowa-watroba-30k","status":"publish","type":"product","link":"https:\/\/ziolazycia.com\/nowa\/product\/hepatrin-forte-zdrowa-watroba-30k\/","title":{"rendered":"Hepatrin Forte Zdrowa W\u0105troba 30k."},"content":{"rendered":"<p>Hepatrin Forte Herbin 30 kapsu\u0142ek to suplement diety zawieraj\u0105cy fosfolipidy sojowe, witamin\u0119 E oraz ekstrakt z nasion ostropestu plamistego (sylimaryna 70%). Ka\u017cda kapsu\u0142ka dostarcza 210,53 mg fosfolipid\u00f3w sojowych (w tym 25% fosfatydylocholina i 2,2% cholina), 12 mg witaminy E (octan d-alfa-tokoferolu, 100% RWS) oraz 28,58 mg ekstraktu z ostropestu plamistego. Sk\u0142ad kapsu\u0142ki uzupe\u0142niaj\u0105: \u017celatyna, celuloza i stearynian magnezu. Zalecane spo\u017cycie: doro\u015bli 1 kapsu\u0142ka raz dziennie. Suplement przeznaczony do stosowania jako uzupe\u0142nienie diety. Przechowywa\u0107 w temperaturze do +25\u2103, w suchym i ciemnym miejscu, poza zasi\u0119giem dzieci, w oryginalnym opakowaniu. Nie przekracza\u0107 zalecanej porcji do spo\u017cycia. Suplement diety nie mo\u017ce by\u0107 stosowany jako substytut zr\u00f3\u017cnicowanej diety. Przeciwwskazania: nietolerancja na sk\u0142adniki, kobiety w ci\u0105\u017cy i karmi\u0105ce piersi\u0105 \u2013 po konsultacji z lekarzem. Dystrybutor: ARAM NATURA, Aram Szaginian, ul. Kili\u0144skiego 30D, 27-400 Ostrowiec \u015aw.<\/p>\n","protected":false},"excerpt":{"rendered":"<p>Hepatrin Forte Herbin 30 kapsu\u0142ek \u2013 suplement diety z fosfolipidami sojowymi, witamin\u0105 E i sylimaryn\u0105 z ostropestu plamistego. Porcja dzienna: 1 kapsu\u0142ka. Dystrybutor: ARAM NATURA.<\/p>\n","protected":false},"featured_media":13512,"comment_status":"open","ping_status":"closed","template":"","meta":[],"product_brand":[],"product_cat":[72],"product_tag":[],"class_list":{"0":"post-13511","1":"product","2":"type-product","3":"status-publish","4":"has-post-thumbnail","6":"product_cat-suplementy-diety","8":"first","9":"instock","10":"taxable","11":"shipping-taxable","12":"purchasable","13":"product-type-simple"},"_links":{"self":[{"href":"https:\/\/ziolazycia.com\/nowa\/wp-json\/wp\/v2\/product\/13511","targetHints":{"allow":["GET"]}}],"collection":[{"href":"https:\/\/ziolazycia.com\/nowa\/wp-json\/wp\/v2\/product"}],"about":[{"href":"https:\/\/ziolazycia.com\/nowa\/wp-json\/wp\/v2\/types\/product"}],"replies":[{"embeddable":true,"href":"https:\/\/ziolazycia.com\/nowa\/wp-json\/wp\/v2\/comments?post=13511"}],"wp:featuredmedia":[{"embeddable":true,"href":"https:\/\/ziolazycia.com\/nowa\/wp-json\/wp\/v2\/media\/13512"}],"wp:attachment":[{"href":"https:\/\/ziolazycia.com\/nowa\/wp-json\/wp\/v2\/media?parent=13511"}],"wp:term":[{"taxonomy":"product_brand","embeddable":true,"href":"https:\/\/ziolazycia.com\/nowa\/wp-json\/wp\/v2\/product_brand?post=13511"},{"taxonomy":"product_cat","embeddable":true,"href":"https:\/\/ziolazycia.com\/nowa\/wp-json\/wp\/v2\/product_cat?post=13511"},{"taxonomy":"product_tag","embeddable":true,"href":"https:\/\/ziolazycia.com\/nowa\/wp-json\/wp\/v2\/product_tag?post=13511"}],"curies":[{"name":"wp","href":"https:\/\/api.w.org\/{rel}","templated":true}]}}