{"id":13505,"date":"2025-07-30T13:30:17","date_gmt":"2025-07-30T11:30:17","guid":{"rendered":"https:\/\/ziolazycia.com\/nowa\/?post_type=product&#038;p=13505"},"modified":"2025-11-26T15:59:47","modified_gmt":"2025-11-26T14:59:47","slug":"gastro-trawienie-watroba-30k","status":"publish","type":"product","link":"https:\/\/ziolazycia.com\/nowa\/product\/gastro-trawienie-watroba-30k\/","title":{"rendered":"Gastro Trawienie W\u0105troba 30k."},"content":{"rendered":"<p>Gastro Herbin 30 kapsu\u0142ek to suplement diety zawieraj\u0105cy ekstrakt z korzenia rzodkiewki (4:1), ekstrakt z li\u015bci karczocha (5:1), ekstrakt z mi\u0119ty pieprzowej (4:1) oraz ekstrakt z nasion ostropestu plamistego (sylimaryna 70%). Produkt przeznaczony jest dla os\u00f3b doros\u0142ych, zalecane stosowanie to 1 kapsu\u0142ka dziennie. Sk\u0142adniki pomocnicze: \u017celatyna i stearynian magnezu. Dzienna porcja zawiera 150 mg ekstraktu z korzenia rzodkiewki, 50 mg ekstraktu z li\u015bci karczocha, 30 mg ekstraktu z mi\u0119ty pieprzowej i 28,57 mg ekstraktu z nasion ostropestu plamistego. Nie przekracza\u0107 zalecanej porcji do spo\u017cycia. Suplementy diety nie mog\u0105 by\u0107 stosowane jako substytut zr\u00f3\u017cnicowanej diety. Przechowywa\u0107 w suchym, zacienionym miejscu, w temperaturze do 25\u00b0C, poza zasi\u0119giem dzieci, w oryginalnym opakowaniu. Przeciwwskazania: nietolerancja na sk\u0142adniki, kobiety w ci\u0105\u017cy i karmi\u0105ce piersi\u0105 \u2013 po konsultacji z lekarzem. Dystrybutor: ARAM NATURA, Aram Szaginian, ul. Kili\u0144skiego 30D, 27-400 Ostrowiec \u015aw.<\/p>\n","protected":false},"excerpt":{"rendered":"<p>Gastro Herbin 30 kapsu\u0142ek \u2013 suplement diety z ekstraktem z rzodkiewki, karczocha, mi\u0119ty pieprzowej i ostropestu. Dawkowanie: 1 kapsu\u0142ka dziennie. Dystrybutor: ARAM NATURA.<\/p>\n","protected":false},"featured_media":13506,"comment_status":"open","ping_status":"closed","template":"","meta":[],"product_brand":[],"product_cat":[72],"product_tag":[],"class_list":{"0":"post-13505","1":"product","2":"type-product","3":"status-publish","4":"has-post-thumbnail","6":"product_cat-suplementy-diety","8":"first","9":"instock","10":"taxable","11":"shipping-taxable","12":"purchasable","13":"product-type-simple"},"_links":{"self":[{"href":"https:\/\/ziolazycia.com\/nowa\/wp-json\/wp\/v2\/product\/13505","targetHints":{"allow":["GET"]}}],"collection":[{"href":"https:\/\/ziolazycia.com\/nowa\/wp-json\/wp\/v2\/product"}],"about":[{"href":"https:\/\/ziolazycia.com\/nowa\/wp-json\/wp\/v2\/types\/product"}],"replies":[{"embeddable":true,"href":"https:\/\/ziolazycia.com\/nowa\/wp-json\/wp\/v2\/comments?post=13505"}],"wp:featuredmedia":[{"embeddable":true,"href":"https:\/\/ziolazycia.com\/nowa\/wp-json\/wp\/v2\/media\/13506"}],"wp:attachment":[{"href":"https:\/\/ziolazycia.com\/nowa\/wp-json\/wp\/v2\/media?parent=13505"}],"wp:term":[{"taxonomy":"product_brand","embeddable":true,"href":"https:\/\/ziolazycia.com\/nowa\/wp-json\/wp\/v2\/product_brand?post=13505"},{"taxonomy":"product_cat","embeddable":true,"href":"https:\/\/ziolazycia.com\/nowa\/wp-json\/wp\/v2\/product_cat?post=13505"},{"taxonomy":"product_tag","embeddable":true,"href":"https:\/\/ziolazycia.com\/nowa\/wp-json\/wp\/v2\/product_tag?post=13505"}],"curies":[{"name":"wp","href":"https:\/\/api.w.org\/{rel}","templated":true}]}}