{"id":13499,"date":"2025-07-30T13:22:08","date_gmt":"2025-07-30T11:22:08","guid":{"rendered":"https:\/\/ziolazycia.com\/nowa\/?post_type=product&#038;p=13499"},"modified":"2025-11-26T15:59:47","modified_gmt":"2025-11-26T14:59:47","slug":"kurki-pieprznik-jadalny-60","status":"publish","type":"product","link":"https:\/\/ziolazycia.com\/nowa\/product\/kurki-pieprznik-jadalny-60\/","title":{"rendered":"Kurki Pieprznik Jadalny 60 kaps."},"content":{"rendered":"<p>Kurki (Pieprznik jadalny, Cantharellus cibarius) to popularne grzyby jadalne wykorzystywane w suplementach diety. Produkt zawiera proszek oraz ekstrakt z owocnika kurki, zamkni\u0119te w kapsu\u0142ce z hydroksypropylometylocelulozy. Ka\u017cda kapsu\u0142ka dostarcza 210 mg proszku z owocnika i 20 mg ekstraktu z kurki, zalecane dawkowanie dla doros\u0142ych to 1 kapsu\u0142ka 2-3 razy dziennie, 20-30 minut przed posi\u0142kiem, przez 4-8 tygodni. Sk\u0142ad kapsu\u0142ki obejmuje naturalne sk\u0142adniki ro\u015blinne, bez dodatk\u00f3w bia\u0142ka, t\u0142uszczu i z nisk\u0105 zawarto\u015bci\u0105 w\u0119glowodan\u00f3w. Produkt przechowywa\u0107 w suchym, zacienionym miejscu, w temperaturze 15\u201325\u00b0C, poza zasi\u0119giem dzieci, w szczelnie zamkni\u0119tym opakowaniu. Przeciwwskazania: nietolerancja na sk\u0142adniki, kobiety w ci\u0105\u017cy i karmi\u0105ce piersi\u0105 po konsultacji z lekarzem. Producent: FBT, Ukraina. Dystrybutor: ARAM NATURA, Aram Szaginian.<\/p>\n","protected":false},"excerpt":{"rendered":"<p>Kurki (Pieprznik jadalny) w kapsu\u0142kach \u2013 proszek i ekstrakt z owocnika kurki. Suplement diety, naturalny sk\u0142ad. Producent: FBT, dystrybutor: ARAM NATURA.<\/p>\n","protected":false},"featured_media":13500,"comment_status":"open","ping_status":"closed","template":"","meta":[],"product_brand":[],"product_cat":[72],"product_tag":[],"class_list":{"0":"post-13499","1":"product","2":"type-product","3":"status-publish","4":"has-post-thumbnail","6":"product_cat-suplementy-diety","8":"first","9":"instock","10":"taxable","11":"shipping-taxable","12":"purchasable","13":"product-type-simple"},"_links":{"self":[{"href":"https:\/\/ziolazycia.com\/nowa\/wp-json\/wp\/v2\/product\/13499","targetHints":{"allow":["GET"]}}],"collection":[{"href":"https:\/\/ziolazycia.com\/nowa\/wp-json\/wp\/v2\/product"}],"about":[{"href":"https:\/\/ziolazycia.com\/nowa\/wp-json\/wp\/v2\/types\/product"}],"replies":[{"embeddable":true,"href":"https:\/\/ziolazycia.com\/nowa\/wp-json\/wp\/v2\/comments?post=13499"}],"wp:featuredmedia":[{"embeddable":true,"href":"https:\/\/ziolazycia.com\/nowa\/wp-json\/wp\/v2\/media\/13500"}],"wp:attachment":[{"href":"https:\/\/ziolazycia.com\/nowa\/wp-json\/wp\/v2\/media?parent=13499"}],"wp:term":[{"taxonomy":"product_brand","embeddable":true,"href":"https:\/\/ziolazycia.com\/nowa\/wp-json\/wp\/v2\/product_brand?post=13499"},{"taxonomy":"product_cat","embeddable":true,"href":"https:\/\/ziolazycia.com\/nowa\/wp-json\/wp\/v2\/product_cat?post=13499"},{"taxonomy":"product_tag","embeddable":true,"href":"https:\/\/ziolazycia.com\/nowa\/wp-json\/wp\/v2\/product_tag?post=13499"}],"curies":[{"name":"wp","href":"https:\/\/api.w.org\/{rel}","templated":true}]}}