{"id":1346,"date":"2023-11-30T13:00:14","date_gmt":"2023-11-30T12:00:14","guid":{"rendered":"https:\/\/ziolazycia.com\/nowa\/?post_type=product&#038;p=1346"},"modified":"2025-11-26T15:58:45","modified_gmt":"2025-11-26T14:58:45","slug":"witamina-k2-20ml-dr-jacobs","status":"publish","type":"product","link":"https:\/\/ziolazycia.com\/nowa\/product\/witamina-k2-20ml-dr-jacobs\/","title":{"rendered":"Witamina K2 20 ml"},"content":{"rendered":"<p><strong>Witamina K:<\/strong><\/p>\n<p>&#8211; pomaga w utrzymaniu zdrowych ko\u015bci,<\/p>\n<p>&#8211; przyczynia si\u0119 do prawid\u0142owego krzepni\u0119cia krwi.<\/p>\n<p>Witamina K2 jest wyj\u0105tkowa, gdy\u017c pozyskuje si\u0119 j\u0105 z olejk\u00f3w eterycznych w procesie syntezy organicznej co zapewnia najwy\u017csz\u0105 ilo\u015b\u0107 czystego menachinonu-7 (MK-7), jego \u015bwietn\u0105 przyswajalno\u015b\u0107 oraz bioaktywno\u015b\u0107 oraz brak zanieczyszcze\u0144 GMO.<\/p>\n<p><strong>Zawarto\u015b\u0107 opakowani<\/strong>a:\u00a020 ml<\/p>\n<p><strong>Dzienne spo\u017cycie<\/strong>:\u00a0do 5 kropli<\/p>\n<p><strong>Sk\u0142adniki aktywne:<\/strong><\/p>\n<table width=\"100%\">\n<thead>\n<tr>\n<td><\/td>\n<td width=\"23%\"><strong>1 kropla<\/strong><\/td>\n<td width=\"1%\"><\/td>\n<\/tr>\n<\/thead>\n<tbody>\n<tr>\n<td>\n<table>\n<tbody>\n<tr>\n<td width=\"398\"><\/td>\n<td width=\"1\"><\/td>\n<\/tr>\n<tr>\n<td width=\"398\"><\/td>\n<td width=\"1\"><\/td>\n<\/tr>\n<\/tbody>\n<\/table>\n<p>Witamina K2 MK7<\/td>\n<td width=\"23%\">20 \u03bcg.<\/p>\n<p>&nbsp;<\/p>\n<p>&nbsp;<\/td>\n<td width=\"1%\"><\/td>\n<\/tr>\n<\/tbody>\n<\/table>\n<p><strong>Sk\u0142adniki:<\/strong> Olej MCT (z kokosa, 98%), przeciwutleniacz: mieszanina tokoferoli, witamina K2 (all-trans menachinon).<\/p>\n<h2>Witamina K2 20 ml &#8211; spos\u00f3b u\u017cycia:<\/h2>\n<p>Do 6 kropli na \u0142y\u017ceczce lub bezpo\u015brednio do buzi- dziennie.<\/p>\n<p>Osoby doros\u0142e &#8211; 6 kropli, m\u0142odzie\u017c 13-18 lat &#8211; 4 krople, dzieci do 13 roku \u017cycia &#8211; 2 krople.<\/p>\n<p><strong>Nie przekracza\u0107 zalecanej porcji do spo\u017cycia w ci\u0105gu dnia. Produkt nie mo\u017ce by\u0107 stosowany jako substytut zr\u00f3\u017cnicowanej diety. Wa\u017cne jest stosowanie zr\u00f3\u017cnicowanej i zbilansowanej diety oraz prowadzenie zdrowego trybu \u017cycia.<\/strong><\/p>\n<p><strong>Przechowywanie:<\/strong><\/p>\n<p>Po otwarciu przechowywa\u0107 w suchym i ciemnym miejscu, z dala od ma\u0142ych dzieci.<\/p>\n<p><strong>Producent:<\/strong><\/p>\n<p>Dr. Jacob&#8217;s Medical GmbH, Niemcy.<\/p>\n<p>&nbsp;<\/p>\n<p>&nbsp;<\/p>\n","protected":false},"excerpt":{"rendered":"<p><strong>Suplement diety<\/strong><\/p>\n<p>G\u0142\u00f3wnym sk\u0142adnikiem suplementu diety <strong>Witamina K2 20 m<\/strong>l jest witamina K2 rozpuszczalna w t\u0142uszczach.<\/p>\n","protected":false},"featured_media":9603,"comment_status":"closed","ping_status":"closed","template":"","meta":[],"product_brand":[],"product_cat":[72],"product_tag":[],"class_list":{"0":"post-1346","1":"product","2":"type-product","3":"status-publish","4":"has-post-thumbnail","6":"product_cat-suplementy-diety","8":"first","9":"outofstock","10":"sale","11":"taxable","12":"shipping-taxable","13":"purchasable","14":"product-type-simple"},"_links":{"self":[{"href":"https:\/\/ziolazycia.com\/nowa\/wp-json\/wp\/v2\/product\/1346","targetHints":{"allow":["GET"]}}],"collection":[{"href":"https:\/\/ziolazycia.com\/nowa\/wp-json\/wp\/v2\/product"}],"about":[{"href":"https:\/\/ziolazycia.com\/nowa\/wp-json\/wp\/v2\/types\/product"}],"replies":[{"embeddable":true,"href":"https:\/\/ziolazycia.com\/nowa\/wp-json\/wp\/v2\/comments?post=1346"}],"wp:featuredmedia":[{"embeddable":true,"href":"https:\/\/ziolazycia.com\/nowa\/wp-json\/wp\/v2\/media\/9603"}],"wp:attachment":[{"href":"https:\/\/ziolazycia.com\/nowa\/wp-json\/wp\/v2\/media?parent=1346"}],"wp:term":[{"taxonomy":"product_brand","embeddable":true,"href":"https:\/\/ziolazycia.com\/nowa\/wp-json\/wp\/v2\/product_brand?post=1346"},{"taxonomy":"product_cat","embeddable":true,"href":"https:\/\/ziolazycia.com\/nowa\/wp-json\/wp\/v2\/product_cat?post=1346"},{"taxonomy":"product_tag","embeddable":true,"href":"https:\/\/ziolazycia.com\/nowa\/wp-json\/wp\/v2\/product_tag?post=1346"}],"curies":[{"name":"wp","href":"https:\/\/api.w.org\/{rel}","templated":true}]}}