{"id":12373,"date":"2025-04-25T17:53:36","date_gmt":"2025-04-25T15:53:36","guid":{"rendered":"https:\/\/ziolazycia.com\/nowa\/?post_type=product&#038;p=12373"},"modified":"2025-11-26T15:59:35","modified_gmt":"2025-11-26T14:59:35","slug":"arete-brian-johnson-odwaga-bycia-soba-rozwoj-charakteru-i-aktywacja-wewnetrznego-potencjalu","status":"publish","type":"product","link":"https:\/\/ziolazycia.com\/nowa\/product\/arete-brian-johnson-odwaga-bycia-soba-rozwoj-charakteru-i-aktywacja-wewnetrznego-potencjalu\/","title":{"rendered":"ARET\u00c9 \u2013 Brian Johnson | Odwaga bycia sob\u0105, rozw\u00f3j charakteru i aktywacja wewn\u0119trznego potencja\u0142u"},"content":{"rendered":"<p>\u201eARET\u00c9. Odwaga bycia sob\u0105. Aktywuj sw\u00f3j heroiczny potencja\u0142\u201d to ksi\u0105\u017cka-manifest, kt\u00f3ra inspiruje do codziennego \u017cycia w zgodzie z w\u0142asnymi warto\u015bciami i najwy\u017cszym potencja\u0142em. Brian Johnson \u2013 za\u0142o\u017cyciel platformy Optimize i trener tysi\u0119cy lider\u00f3w na ca\u0142ym \u015bwiecie \u2013 \u0142\u0105czy w niej m\u0105dro\u015b\u0107 staro\u017cytnych filozof\u00f3w z nowoczesn\u0105 psychologi\u0105 oraz praktyk\u0105 rozwoju osobistego.<\/p>\n<p>W duchu greckiego s\u0142owa aret\u00e9 \u2013 oznaczaj\u0105cego doskona\u0142o\u015b\u0107 charakteru i \u017cycie w zgodzie z cnotami \u2013 autor zach\u0119ca do aktywowania swojego \u201eheroicznego ja\u201d ka\u017cdego dnia.<\/p>\n<p>W ksi\u0105\u017cce znajdziesz:<\/p>\n<p>451 kr\u00f3tkich, konkretnych rozdzia\u0142\u00f3w pe\u0142nych praktycznych wskaz\u00f3wek,<\/p>\n<p>\u0107wiczenia, refleksje i codzienne pytania do pracy nad sob\u0105,<\/p>\n<p>sposoby na wzmocnienie odwagi, sp\u00f3jno\u015bci i samodyscypliny,<\/p>\n<p>naukowo potwierdzone strategie zarz\u0105dzania energi\u0105, uwag\u0105 i emocjami,<\/p>\n<p>inspiracje filozoficzne i psychologiczne od Marka Aureliusza po nowoczesnych mentor\u00f3w.<\/p>\n<p>To nie tylko lektura \u2013 to trening \u017cycia z charakterem, sensem i moc\u0105. ARET\u00c9 uczy, jak \u017cy\u0107 tak, by po\u0142o\u017cy\u0107 si\u0119 spa\u0107 z poczuciem dumy i spe\u0142nienia. Idealna ksi\u0105\u017cka dla os\u00f3b, kt\u00f3re chc\u0105 rozwija\u0107 si\u0119 \u015bwiadomie, odwa\u017cnie i efektywnie \u2013 w \u017cyciu osobistym, pracy i relacjach.<\/p>\n<p>Dla kogo?<br \/>\nDla os\u00f3b d\u0105\u017c\u0105cych do autentyczno\u015bci, rozwoju osobistego i \u017cycia z misj\u0105. Dla lider\u00f3w, trener\u00f3w, sportowc\u00f3w, terapeut\u00f3w i ka\u017cdego, kto chce przekracza\u0107 w\u0142asne ograniczenia i dzia\u0142a\u0107 z g\u0142\u0119bi serca.<\/p>\n","protected":false},"excerpt":{"rendered":"<p>ARET\u00c9 to inspiruj\u0105cy przewodnik po filozofii odwagi, samodyscypliny i wewn\u0119trznej mocy. Brian Johnson prowadzi Ci\u0119 przez 451 praktycznych idei, kt\u00f3re pomagaj\u0105 \u017cy\u0107 pe\u0142ni\u0105 \u017cycia, aktywowa\u0107 sw\u00f3j heroiczny potencja\u0142 i stawa\u0107 si\u0119 codziennie najlepsz\u0105 wersj\u0105 siebie. Dla wszystkich, kt\u00f3rzy chc\u0105 dzia\u0142a\u0107 w zgodzie ze sob\u0105 i mie\u0107 realny wp\u0142yw na \u015bwiat.<\/p>\n","protected":false},"featured_media":12374,"comment_status":"open","ping_status":"closed","template":"","meta":[],"product_brand":[],"product_cat":[66],"product_tag":[],"class_list":{"0":"post-12373","1":"product","2":"type-product","3":"status-publish","4":"has-post-thumbnail","6":"product_cat-ksiazki","8":"first","9":"instock","10":"taxable","11":"shipping-taxable","12":"purchasable","13":"product-type-simple"},"_links":{"self":[{"href":"https:\/\/ziolazycia.com\/nowa\/wp-json\/wp\/v2\/product\/12373","targetHints":{"allow":["GET"]}}],"collection":[{"href":"https:\/\/ziolazycia.com\/nowa\/wp-json\/wp\/v2\/product"}],"about":[{"href":"https:\/\/ziolazycia.com\/nowa\/wp-json\/wp\/v2\/types\/product"}],"replies":[{"embeddable":true,"href":"https:\/\/ziolazycia.com\/nowa\/wp-json\/wp\/v2\/comments?post=12373"}],"wp:featuredmedia":[{"embeddable":true,"href":"https:\/\/ziolazycia.com\/nowa\/wp-json\/wp\/v2\/media\/12374"}],"wp:attachment":[{"href":"https:\/\/ziolazycia.com\/nowa\/wp-json\/wp\/v2\/media?parent=12373"}],"wp:term":[{"taxonomy":"product_brand","embeddable":true,"href":"https:\/\/ziolazycia.com\/nowa\/wp-json\/wp\/v2\/product_brand?post=12373"},{"taxonomy":"product_cat","embeddable":true,"href":"https:\/\/ziolazycia.com\/nowa\/wp-json\/wp\/v2\/product_cat?post=12373"},{"taxonomy":"product_tag","embeddable":true,"href":"https:\/\/ziolazycia.com\/nowa\/wp-json\/wp\/v2\/product_tag?post=12373"}],"curies":[{"name":"wp","href":"https:\/\/api.w.org\/{rel}","templated":true}]}}