{"id":1236,"date":"2023-11-29T19:02:44","date_gmt":"2023-11-29T18:02:44","guid":{"rendered":"https:\/\/ziolazycia.com\/nowa\/?post_type=product&#038;p=1236"},"modified":"2025-11-26T15:58:37","modified_gmt":"2025-11-26T14:58:37","slug":"maca-500mg-100-kapsulek-now-foods","status":"publish","type":"product","link":"https:\/\/ziolazycia.com\/nowa\/product\/maca-500mg-100-kapsulek-now-foods\/","title":{"rendered":"Maca 500mg 100 kapsu\u0142ek"},"content":{"rendered":"<p>&nbsp;<\/p>\n<p>Maca \u00a0jest bogatym \u017ar\u00f3d\u0142em aminokwas\u00f3w egzogennych, w\u0119glowodan\u00f3w z du\u017c\u0105 zawarto\u015bci\u0105 b\u0142onnika, witamin i sk\u0142adnik\u00f3w mineralnych. Korze\u0144 Maca mo\u017ce stanowi\u0107 wsparcie w okresach wzmo\u017conego obci\u0105\u017cenia fizycznego i psychicznego. W rejonach wysokog\u00f3rskich (g\u0142\u00f3wnie Andy) polecany przez zielarzy jako wsparcie w utrzymaniu sprawno\u015bci seksualnej u m\u0119\u017cczyzn i kobiet<\/p>\n<p><strong>Zawarto\u015b\u0107 opakowania:<\/strong>\u00a0100 kapsu\u0142ek vege<\/p>\n<p><strong>Dzienne spo\u017cycie:<\/strong>\u00a02 kapsu\u0142ki<\/p>\n<p><strong>Sk\u0142adniki aktywne:<\/strong><\/p>\n<table width=\"100%\">\n<thead>\n<tr>\n<td><\/td>\n<td width=\"23%\">1 kapsu\u0142ka<\/td>\n<td width=\"1%\"><\/td>\n<\/tr>\n<\/thead>\n<tbody>\n<tr>\n<td>\n<table>\n<tbody>\n<tr>\n<td width=\"398\">Maca -sproszkowany korze\u0144 (Lepidium meyenii)<\/td>\n<td width=\"1\"><\/td>\n<\/tr>\n<tr>\n<td width=\"398\"><\/td>\n<td width=\"1\"><\/td>\n<\/tr>\n<\/tbody>\n<\/table>\n<\/td>\n<td width=\"23%\">500 mg<\/p>\n<p>&nbsp;<\/p>\n<p>&nbsp;<\/td>\n<td width=\"1%\"><\/td>\n<\/tr>\n<\/tbody>\n<\/table>\n<p><strong>Sk\u0142adni<\/strong><strong>ki <\/strong>Sproszkowany korze\u0144 Maca (Lepidium meyenii), celuloza (kapsu\u0142ka); substancja przeciwzbrylaj\u0105ca \u2013 ro\u015blinne sole magnezowe kwas\u00f3w t\u0142uszczowych; materia\u0142 kapsu\u0142ki \u2013 celuloza.<\/p>\n<h2><strong>Maca 500 mg &#8211; spos\u00f3b u\u017cycia:<\/strong><\/h2>\n<p>1 kapsu\u0142ka do 2 razy dziennie.<\/p>\n<p><strong>Nie przekracza\u0107 zalecanej porcji do spo\u017cycia w ci\u0105gu dnia. Produkt nie mo\u017ce by\u0107 stosowany jako substytut zr\u00f3\u017cnicowanej diety. Wa\u017cne jest stosowanie zr\u00f3\u017cnicowanej i zbilansowanej diety oraz prowadzenie zdrowego trybu \u017cycia.<\/strong><\/p>\n<p><strong>Przechowywanie:<\/strong><\/p>\n<p>Po otwarciu przechowywa\u0107 w suchym i ciemnym miejscu, z dala od ma\u0142ych dzieci.<\/p>\n<p><strong>Producent:<\/strong><\/p>\n<p>Now Foods<br \/>\n395 S. Glen Ellyn Road<br \/>\nIL 60108 Bloomingdale, Stany Zjednoczone<\/p>\n","protected":false},"excerpt":{"rendered":"<p>Suplement diety<\/p>\n<p>G\u0142\u00f3wnym sk\u0142adnikiem zio\u0142owym preparatu jest korze\u0144 Maca (Lepidium meyenii).<\/p>\n","protected":false},"featured_media":9547,"comment_status":"closed","ping_status":"closed","template":"","meta":[],"product_brand":[],"product_cat":[72],"product_tag":[],"class_list":{"0":"post-1236","1":"product","2":"type-product","3":"status-publish","4":"has-post-thumbnail","6":"product_cat-suplementy-diety","8":"first","9":"instock","10":"sale","11":"taxable","12":"shipping-taxable","13":"purchasable","14":"product-type-simple"},"_links":{"self":[{"href":"https:\/\/ziolazycia.com\/nowa\/wp-json\/wp\/v2\/product\/1236","targetHints":{"allow":["GET"]}}],"collection":[{"href":"https:\/\/ziolazycia.com\/nowa\/wp-json\/wp\/v2\/product"}],"about":[{"href":"https:\/\/ziolazycia.com\/nowa\/wp-json\/wp\/v2\/types\/product"}],"replies":[{"embeddable":true,"href":"https:\/\/ziolazycia.com\/nowa\/wp-json\/wp\/v2\/comments?post=1236"}],"wp:featuredmedia":[{"embeddable":true,"href":"https:\/\/ziolazycia.com\/nowa\/wp-json\/wp\/v2\/media\/9547"}],"wp:attachment":[{"href":"https:\/\/ziolazycia.com\/nowa\/wp-json\/wp\/v2\/media?parent=1236"}],"wp:term":[{"taxonomy":"product_brand","embeddable":true,"href":"https:\/\/ziolazycia.com\/nowa\/wp-json\/wp\/v2\/product_brand?post=1236"},{"taxonomy":"product_cat","embeddable":true,"href":"https:\/\/ziolazycia.com\/nowa\/wp-json\/wp\/v2\/product_cat?post=1236"},{"taxonomy":"product_tag","embeddable":true,"href":"https:\/\/ziolazycia.com\/nowa\/wp-json\/wp\/v2\/product_tag?post=1236"}],"curies":[{"name":"wp","href":"https:\/\/api.w.org\/{rel}","templated":true}]}}