{"id":1182,"date":"2023-11-29T18:40:15","date_gmt":"2023-11-29T17:40:15","guid":{"rendered":"https:\/\/ziolazycia.com\/nowa\/?post_type=product&#038;p=1182"},"modified":"2025-11-26T15:58:33","modified_gmt":"2025-11-26T14:58:33","slug":"calcium-magnesium-wapn-i-magnez-2-1-100-tabletek-now-foods","status":"publish","type":"product","link":"https:\/\/ziolazycia.com\/nowa\/product\/calcium-magnesium-wapn-i-magnez-2-1-100-tabletek-now-foods\/","title":{"rendered":"Calcium &#038; Magnesium Wap\u0144 i Magnez 2 : 1 100 tabletek"},"content":{"rendered":"<p>&nbsp;<\/p>\n<p>Oba te sk\u0142adniki s\u0105 niezb\u0119dne dla prawid\u0142owego funkcjonowania nerw\u00f3w, mi\u0119\u015bni oraz naczy\u0144 krwiono\u015bnych, a tak\u017ce dla utrzymania prawid\u0142owej r\u00f3wnowagi p\u0142yn\u00f3w w organizmie.<\/p>\n<p>Ponadto wap\u0144 i magnez wspomagaj\u0105 tworzenie i utrzymanie zdrowych ko\u015bci.<\/p>\n<p>Du\u017ca dawka minera\u0142\u00f3w w proporcji 2:1<\/p>\n<p>Wap\u0144 w trzech formach &#8211; w\u0119glanu, cytrynianu jak i\u00a0 askorbinianu oraz magnez w postaci tlenku, cytrynianu i askorbinianu.<\/p>\n<p><strong>Zawarto\u015b\u0107 opakowania<\/strong>: 100 tabletek.<\/p>\n<p><strong>Dzienne spo\u017cycie<\/strong>:\u00a01 tabletka<\/p>\n<table>\n<thead>\n<tr>\n<td><strong>Sk\u0142adniki aktywne:<\/strong><\/td>\n<td><strong>1 tabletka<\/strong><\/td>\n<\/tr>\n<\/thead>\n<tbody>\n<tr>\n<td>Wap\u0144 (z w\u0119glanu wapnia, cytrynianu wapnia, askorbinianu wapnia)<\/td>\n<td>500 mg<\/td>\n<\/tr>\n<tr>\n<td>Magnez (z tlenku magnezu, cytrynianu magnezu, askorbinianu magnezu)<\/td>\n<td>250 mg<\/p>\n<p>&nbsp;<\/td>\n<\/tr>\n<tr>\n<td><\/td>\n<td><\/td>\n<\/tr>\n<\/tbody>\n<\/table>\n<p><strong>Sk\u0142adniki:<\/strong> W\u0119glan wapnia, tlenek magnezu; substanacja przeciwzbrylaj\u0105ce (mikrokrystaliczna celuloza, dwutlenek krzemu, s\u00f3l sodowa karboksymetylocelulozy usieciowana), kwasy t\u0142uszczowe ro\u015blinne, celuloza sproszkowana); substanacja glazuruj\u0105ce (hydroksypropylometyloceluloza), kwasy t\u0142uszczowe ro\u015blinne, celuloza sproszkowana), substancja przeciwzbrylaj\u0105ca (hydroksypropylometyloceluloza), sole magnezowe kwasu cytrynowego (cytrynian magnezu), L-askorbinian wapnia, sole wapniowe kwasu cytrynowego (cytrynian wapnia, L-askorbinian magnezu).<\/p>\n<h2>Calcium &amp; Magnesium 2:1 &#8211; spos\u00f3b u\u017cycia:<\/h2>\n<p>1 tabletka dziennie popita obficie wod\u0105<\/p>\n<p>Nie przekracza\u0107 zalecanej porcji do spo\u017cycia w ci\u0105gu dnia. Produkt nie mo\u017ce by\u0107 stosowany jako substytut zr\u00f3\u017cnicowanej diety. Wa\u017cne jest stosowanie zr\u00f3\u017cnicowanej i zbilansowanej diety oraz prowadzenie zdrowego trybu \u017cycia.<\/p>\n<p><strong>Przechowywanie:<\/strong><\/p>\n<p>Przechowywa\u0107 w temperaturze pokojowej, w spos\u00f3b niedost\u0119pny dla ma\u0142ych dzieci.<\/p>\n<p><strong>Producent:<\/strong><\/p>\n<p>Now Foods<br \/>\n395 S. Glen Ellyn Road<br \/>\nIL 60108 Bloomingdale, Stany Zjednoczone<\/p>\n","protected":false},"excerpt":{"rendered":"<p><strong>Suplement diety<\/strong><\/p>\n<h2>Wsparcie zdrowych ko\u015bci<\/h2>\n<p>Suplement diety, kt\u00f3rego g\u0142\u00f3wnymi sk\u0142adnikami s\u0105 wap\u0144 i magnez dwa minera\u0142y, kt\u00f3re wsp\u00f3\u0142dzia\u0142aj\u0105 w podtrzymywaniu istotnych proces\u00f3w fizjologicznych.<\/p>\n","protected":false},"featured_media":9515,"comment_status":"closed","ping_status":"closed","template":"","meta":[],"product_brand":[],"product_cat":[72],"product_tag":[],"class_list":{"0":"post-1182","1":"product","2":"type-product","3":"status-publish","4":"has-post-thumbnail","6":"product_cat-suplementy-diety","8":"first","9":"outofstock","10":"featured","11":"taxable","12":"shipping-taxable","13":"purchasable","14":"product-type-simple"},"_links":{"self":[{"href":"https:\/\/ziolazycia.com\/nowa\/wp-json\/wp\/v2\/product\/1182","targetHints":{"allow":["GET"]}}],"collection":[{"href":"https:\/\/ziolazycia.com\/nowa\/wp-json\/wp\/v2\/product"}],"about":[{"href":"https:\/\/ziolazycia.com\/nowa\/wp-json\/wp\/v2\/types\/product"}],"replies":[{"embeddable":true,"href":"https:\/\/ziolazycia.com\/nowa\/wp-json\/wp\/v2\/comments?post=1182"}],"wp:featuredmedia":[{"embeddable":true,"href":"https:\/\/ziolazycia.com\/nowa\/wp-json\/wp\/v2\/media\/9515"}],"wp:attachment":[{"href":"https:\/\/ziolazycia.com\/nowa\/wp-json\/wp\/v2\/media?parent=1182"}],"wp:term":[{"taxonomy":"product_brand","embeddable":true,"href":"https:\/\/ziolazycia.com\/nowa\/wp-json\/wp\/v2\/product_brand?post=1182"},{"taxonomy":"product_cat","embeddable":true,"href":"https:\/\/ziolazycia.com\/nowa\/wp-json\/wp\/v2\/product_cat?post=1182"},{"taxonomy":"product_tag","embeddable":true,"href":"https:\/\/ziolazycia.com\/nowa\/wp-json\/wp\/v2\/product_tag?post=1182"}],"curies":[{"name":"wp","href":"https:\/\/api.w.org\/{rel}","templated":true}]}}