{"id":11535,"date":"2025-04-01T02:00:06","date_gmt":"2025-04-01T00:00:06","guid":{"rendered":"https:\/\/ziolazycia.com\/nowa\/?post_type=product&#038;p=11535"},"modified":"2025-11-26T15:59:32","modified_gmt":"2025-11-26T14:59:32","slug":"kortyzol_na_smyczy","status":"publish","type":"product","link":"https:\/\/ziolazycia.com\/nowa\/product\/kortyzol_na_smyczy\/","title":{"rendered":"E-Book Kortyzol na smyczy"},"content":{"rendered":"","protected":false},"excerpt":{"rendered":"<p class=\"\" data-start=\"0\" data-end=\"81\"><strong data-start=\"3\" data-end=\"79\">\u201eKortyzol na Smyczy\u201d \u2013 Tw\u00f3j przewodnik do \u017cycia bez chronicznego stresu!<\/strong><\/p>\n<p class=\"\" data-start=\"83\" data-end=\"432\">Wiecie, jak to jest \u2013 codzienny p\u0119d, wieczny stres, brak energii i poczucie, \u017ce Twoje cia\u0142o dzia\u0142a przeciwko Tobie\u2026 Przerabia\u0142am to wszystko i wiem, jak trudno jest wyrwa\u0107 si\u0119 z tej spirali. Dlatego stworzy\u0142am <strong data-start=\"301\" data-end=\"325\">\u201eKortyzol na Smyczy\u201d<\/strong> , e-book, kt\u00f3ry poka\u017ce Ci, jak panowa\u0107 nad stresem i zadba\u0107 o Twoje zdrowie w naturalny spos\u00f3b.<\/p>\n<p class=\"\" data-start=\"434\" data-end=\"701\">W tym e-booku zebra\u0142am dla Ciebie <strong data-start=\"465\" data-end=\"505\">najwa\u017cniejsze informacje o kortyzolu<\/strong> \u2013 hormonie stresu, kt\u00f3ry po cichu niszczy Tw\u00f3j organizm . Ale spokojnie, to NIE jest nast\u0119pna teoria, tylko <strong data-start=\"629\" data-end=\"680\">praktyczne rozwi\u0105zania, kt\u00f3re naprawd\u0119 dzia\u0142aj\u0105<\/strong>\u00a0. Dowiesz si\u0119, jak:<\/p>\n<p class=\"\" data-start=\"703\" data-end=\"1015\">\u2705 Zrozumie\u0107 i kontrolowa\u0107 sw\u00f3j poziom kortyzolu, zamiast pozwala\u0107 mu kontrolowa\u0107 Twoje \u017cycia. <br data-start=\"793\" data-end=\"796\" \/>\u2705 Obni\u017cy\u0107 poziom kortyzolu naturalnymi sposobami.<br data-start=\"900\" data-end=\"903\" \/>\u2705 Wspiera\u0107 sw\u00f3j organizm diet\u0105, zio\u0142ami i rytua\u0142ami, kt\u00f3re sprzyjaj\u0105 Twojemu zdrowiu.<\/p>\n<p class=\"\" data-start=\"1597\" data-end=\"1732\">To nie jest kolejny e-book, kt\u00f3ry przeczytasz i zapomnisz. To <strong data-start=\"1659\" data-end=\"1677\">plan dzia\u0142ania<\/strong> , kt\u00f3ry pomo\u017ce Ci zmieni\u0107 Twoje \u017cycie na spokojne i zdrowe!<\/p>\n","protected":false},"featured_media":11536,"comment_status":"open","ping_status":"closed","template":"","meta":[],"product_brand":[],"product_cat":[91],"product_tag":[],"class_list":{"0":"post-11535","1":"product","2":"type-product","3":"status-publish","4":"has-post-thumbnail","6":"product_cat-e-booki","8":"first","9":"instock","10":"sale","11":"downloadable","12":"virtual","13":"taxable","14":"purchasable","15":"product-type-simple"},"_links":{"self":[{"href":"https:\/\/ziolazycia.com\/nowa\/wp-json\/wp\/v2\/product\/11535","targetHints":{"allow":["GET"]}}],"collection":[{"href":"https:\/\/ziolazycia.com\/nowa\/wp-json\/wp\/v2\/product"}],"about":[{"href":"https:\/\/ziolazycia.com\/nowa\/wp-json\/wp\/v2\/types\/product"}],"replies":[{"embeddable":true,"href":"https:\/\/ziolazycia.com\/nowa\/wp-json\/wp\/v2\/comments?post=11535"}],"wp:featuredmedia":[{"embeddable":true,"href":"https:\/\/ziolazycia.com\/nowa\/wp-json\/wp\/v2\/media\/11536"}],"wp:attachment":[{"href":"https:\/\/ziolazycia.com\/nowa\/wp-json\/wp\/v2\/media?parent=11535"}],"wp:term":[{"taxonomy":"product_brand","embeddable":true,"href":"https:\/\/ziolazycia.com\/nowa\/wp-json\/wp\/v2\/product_brand?post=11535"},{"taxonomy":"product_cat","embeddable":true,"href":"https:\/\/ziolazycia.com\/nowa\/wp-json\/wp\/v2\/product_cat?post=11535"},{"taxonomy":"product_tag","embeddable":true,"href":"https:\/\/ziolazycia.com\/nowa\/wp-json\/wp\/v2\/product_tag?post=11535"}],"curies":[{"name":"wp","href":"https:\/\/api.w.org\/{rel}","templated":true}]}}