{"id":1148,"date":"2023-11-29T18:19:20","date_gmt":"2023-11-29T17:19:20","guid":{"rendered":"https:\/\/ziolazycia.com\/nowa\/?post_type=product&#038;p=1148"},"modified":"2025-11-26T15:58:30","modified_gmt":"2025-11-26T14:58:30","slug":"shark-cartilage-chrzastka-rekina-750-mg-now-foods","status":"publish","type":"product","link":"https:\/\/ziolazycia.com\/nowa\/product\/shark-cartilage-chrzastka-rekina-750-mg-now-foods\/","title":{"rendered":"Shark Cartilage (Chrz\u0105stka rekina) 750 mg 100 kapsu\u0142ek"},"content":{"rendered":"<p>Dzi\u0119ki tym zwi\u0105zkom mo\u017ce by\u0107 \u015bwietnym budulcem dla staw\u00f3w, ko\u015bci i chrz\u0105stek.<\/p>\n<p>Ponadto wysoka zawarto\u015b\u0107 wapnia w suplemencie diety mo\u017ce przyczynia\u0107 si\u0119 do wzmocnienia uk\u0142adu odporno\u015bciowego oraz uzupe\u0142nienia elektrolit\u00f3w.<\/p>\n<p><strong>Zawarto\u015b\u0107 opakowania:<\/strong>\u00a0100 kapsu\u0142ek<\/p>\n<p><strong>Dzienne spo\u017cycie:<\/strong>\u00a06 kapsu\u0142ek<\/p>\n<p><strong>Sk\u0142adniki aktywne:<\/strong><\/p>\n<table width=\"100%\">\n<tbody>\n<tr>\n<td>&nbsp;<\/p>\n<table width=\"100%\">\n<thead>\n<tr>\n<td><\/td>\n<td width=\"23%\">1 kapsu\u0142ka<\/td>\n<\/tr>\n<\/thead>\n<tbody>\n<tr>\n<td>Chrz\u0105stka rekina (z naturalnych mukopolisacharyd\u00f3w)<\/td>\n<td width=\"23%\">750 mg<\/td>\n<\/tr>\n<\/tbody>\n<\/table>\n<\/td>\n<td width=\"23%\">&nbsp;<\/td>\n<td width=\"1%\"><\/td>\n<\/tr>\n<tr>\n<td>&nbsp;<\/td>\n<td width=\"23%\">&nbsp;<\/td>\n<td width=\"1%\"><\/td>\n<\/tr>\n<\/tbody>\n<\/table>\n<p><strong>Sk\u0142adniki:<\/strong> chrz\u0105stka rekina (z naturalnych mukopolisacharyd\u00f3w), \u017celatyna (kapsu\u0142ka), celuloza, stearynian magnezu (\u017ar\u00f3d\u0142o ro\u015blinne), kwas stearynowy (\u017ar\u00f3d\u0142o ro\u015blinne) oraz krzemionka.<\/p>\n<p><strong>Shark Cartilage 750 mg &#8211; spos\u00f3b u\u017cycia:<\/strong><\/p>\n<p>6 kapsu\u0142ek dziennie.<\/p>\n<p><strong>Nie przekracza\u0107 zalecanej porcji do spo\u017cycia w ci\u0105gu dnia. Produkt nie mo\u017ce by\u0107 stosowany jako substytut zr\u00f3\u017cnicowanej diety. Wa\u017cne jest stosowanie zr\u00f3\u017cnicowanej i zbilansowanej diety oraz prowadzenie zdrowego trybu \u017cycia.<\/strong><\/p>\n<p><strong>Przechowywanie:<\/strong><\/p>\n<p>Po otwarciu przechowywa\u0107 w lod\u00f3wce w celu zachowania maksymalnego poziomu skuteczno\u015bci preparatu. Przechowywa\u0107 w spos\u00f3b niedost\u0119pny dla ma\u0142ych dzieci.<\/p>\n<p><strong>Producent:<\/strong><\/p>\n<p>Now Foods<br \/>\n395 S. Glen Ellyn Road<br \/>\nIL 60108 Bloomingdale, Stany Zjednoczone<\/p>\n","protected":false},"excerpt":{"rendered":"<p><strong>Suplement diety<\/strong><\/p>\n<h2>Wsparcie funkcjonowania staw\u00f3w i ko\u015bci<\/h2>\n<p>G\u0142\u00f3wnym sk\u0142adnikiem suplementu diety <strong>Shark Cartilage 750 mg<\/strong> jest chrz\u0105stka rekina b\u0119d\u0105ca doskona\u0142ym \u017ar\u00f3d\u0142em wapnia oraz mukopolisacharyd\u00f3w (g\u0142.w postaci siarczanu chondroityny).<\/p>\n","protected":false},"featured_media":9491,"comment_status":"closed","ping_status":"closed","template":"","meta":[],"product_brand":[],"product_cat":[72],"product_tag":[],"class_list":{"0":"post-1148","1":"product","2":"type-product","3":"status-publish","4":"has-post-thumbnail","6":"product_cat-suplementy-diety","8":"first","9":"instock","10":"sale","11":"taxable","12":"shipping-taxable","13":"purchasable","14":"product-type-simple"},"_links":{"self":[{"href":"https:\/\/ziolazycia.com\/nowa\/wp-json\/wp\/v2\/product\/1148","targetHints":{"allow":["GET"]}}],"collection":[{"href":"https:\/\/ziolazycia.com\/nowa\/wp-json\/wp\/v2\/product"}],"about":[{"href":"https:\/\/ziolazycia.com\/nowa\/wp-json\/wp\/v2\/types\/product"}],"replies":[{"embeddable":true,"href":"https:\/\/ziolazycia.com\/nowa\/wp-json\/wp\/v2\/comments?post=1148"}],"wp:featuredmedia":[{"embeddable":true,"href":"https:\/\/ziolazycia.com\/nowa\/wp-json\/wp\/v2\/media\/9491"}],"wp:attachment":[{"href":"https:\/\/ziolazycia.com\/nowa\/wp-json\/wp\/v2\/media?parent=1148"}],"wp:term":[{"taxonomy":"product_brand","embeddable":true,"href":"https:\/\/ziolazycia.com\/nowa\/wp-json\/wp\/v2\/product_brand?post=1148"},{"taxonomy":"product_cat","embeddable":true,"href":"https:\/\/ziolazycia.com\/nowa\/wp-json\/wp\/v2\/product_cat?post=1148"},{"taxonomy":"product_tag","embeddable":true,"href":"https:\/\/ziolazycia.com\/nowa\/wp-json\/wp\/v2\/product_tag?post=1148"}],"curies":[{"name":"wp","href":"https:\/\/api.w.org\/{rel}","templated":true}]}}