{"id":1128,"date":"2023-11-29T18:07:22","date_gmt":"2023-11-29T17:07:22","guid":{"rendered":"https:\/\/ziolazycia.com\/nowa\/?post_type=product&#038;p=1128"},"modified":"2025-11-26T15:58:28","modified_gmt":"2025-11-26T14:58:28","slug":"omega-3-fish-oil-100-kapsulek-now-foods","status":"publish","type":"product","link":"https:\/\/ziolazycia.com\/nowa\/product\/omega-3-fish-oil-100-kapsulek-now-foods\/","title":{"rendered":"Omega 3 Fish Oil 100 kapsu\u0142ek"},"content":{"rendered":"<p>Kwasy Omega 3 s\u0105 \u017ar\u00f3d\u0142em energii i bior\u0105 udzia\u0142 w wielu wa\u017cnych procesach ustrojowych.<\/p>\n<p>Co wa\u017cne, naturalny koncentrat oleju rybiego zawarty w tym suplemencie diety, zosta\u0142 wytworzony w warunkach restrykcyjnej kontroli jako\u015bci. Testy, kt\u00f3rym zosta\u0142 poddany, wykluczy\u0142y obecno\u015b\u0107 niebezpiecznych zanieczyszcze\u0144 (takich jak: mied\u017a, metale ci\u0119\u017ckie, polichlorowane bifenyle (PCB \u2013 substancja rakotw\u00f3rcza), dioksyny, inne zanieczyszczenia).<\/p>\n<p>Suplement diety zawiera EPA (180 mg) oraz DHA (120 mg) w jednej kapsu\u0142ce<\/p>\n<p><strong>Zawarto\u015b\u0107 opakowania:<\/strong>\u00a0100 kapsu\u0142ek mi\u0119kkich<\/p>\n<p><strong>Dzienne spo\u017cycie:<\/strong>\u00a04 kapsu\u0142ki<\/p>\n<p><strong>Sk\u0142adniki aktywne:<\/strong><\/p>\n<table width=\"100%\">\n<thead>\n<tr>\n<td><\/td>\n<td width=\"23%\">1 kapsu\u0142ka<\/td>\n<td width=\"1%\"><\/td>\n<\/tr>\n<\/thead>\n<tbody>\n<tr>\n<td>\n<table>\n<tbody>\n<tr>\n<td>Witamina E (naturalny D-alfa-tokoferol)<\/p>\n<p>Naturalny koncentrat oleju z\u00a0ryb<\/td>\n<td><\/td>\n<\/tr>\n<tr>\n<td>Kwasy wielonienasycone OMEGA 3 w tym:<\/td>\n<td>:<\/td>\n<\/tr>\n<tr>\n<td>kwasy EPA<\/p>\n<p>kwasy DHA<\/p>\n<p>&nbsp;<\/td>\n<td>&nbsp;<\/td>\n<\/tr>\n<\/tbody>\n<\/table>\n<\/td>\n<td width=\"23%\">0,67 mg<\/p>\n<p>1000 mg<\/p>\n<p>340 mg<\/p>\n<p>180 mg<\/p>\n<p>120 mg<\/td>\n<td width=\"1%\"><\/td>\n<\/tr>\n<\/tbody>\n<\/table>\n<p><strong>Sk\u0142adniki:<\/strong> \u017belatyna (sk\u0142adnik kapsu\u0142ki), gliceryna (sk\u0142adnik kapsu\u0142ki), woda (sk\u0142adnik kapsu\u0142ki), witamina E pozyskana z\u00a0soi, olej pozyskany z\u00a0ryb(sardynki, makrela, anchovies).<\/p>\n<p><strong>Omega 3 Fish Oil &#8211; spos\u00f3b u\u017cycia: <\/strong><\/p>\n<p>2 kapsu\u0142ki do 2 razy dziennie<\/p>\n<p><strong>Nie przekracza\u0107 zalecanej porcji do spo\u017cycia w ci\u0105gu dnia. Produkt nie mo\u017ce by\u0107 stosowany jako substytut zr\u00f3\u017cnicowanej diety. Wa\u017cne jest stosowanie zr\u00f3\u017cnicowanej i zbilansowanej diety oraz prowadzenie zdrowego trybu \u017cycia.<\/strong><\/p>\n<p><strong>Przechowywanie:<\/strong><\/p>\n<p>Po otwarciu przechowywa\u0107 w suchym i ciemnym miejscu, z dala od ma\u0142ych dzieci.<\/p>\n<p><strong>Producent:<\/strong><\/p>\n<p>Now Foods<br \/>\n395 S. Glen Ellyn Road<br \/>\nIL 60108 Bloomingdale, Stany Zjednoczone<\/p>\n","protected":false},"excerpt":{"rendered":"<p><strong>Suplement diety<\/strong><\/p>\n<h2><strong>Wsparcie dla uk\u0142adu kr\u0105\u017cenia i pracy serca<\/strong><\/h2>\n<p>G\u0142\u00f3wnym sk\u0142adnikiem suplementu diety Omega 3 Fish Oil jest naturalny koncentrat oleju rybnego \u2013\u017ar\u00f3d\u0142o wielonienasyconych kwas\u00f3w typu Omega-3.<\/p>\n","protected":false},"featured_media":9476,"comment_status":"closed","ping_status":"closed","template":"","meta":[],"product_brand":[],"product_cat":[72],"product_tag":[],"class_list":{"0":"post-1128","1":"product","2":"type-product","3":"status-publish","4":"has-post-thumbnail","6":"product_cat-suplementy-diety","8":"first","9":"instock","10":"sale","11":"taxable","12":"shipping-taxable","13":"purchasable","14":"product-type-simple"},"_links":{"self":[{"href":"https:\/\/ziolazycia.com\/nowa\/wp-json\/wp\/v2\/product\/1128","targetHints":{"allow":["GET"]}}],"collection":[{"href":"https:\/\/ziolazycia.com\/nowa\/wp-json\/wp\/v2\/product"}],"about":[{"href":"https:\/\/ziolazycia.com\/nowa\/wp-json\/wp\/v2\/types\/product"}],"replies":[{"embeddable":true,"href":"https:\/\/ziolazycia.com\/nowa\/wp-json\/wp\/v2\/comments?post=1128"}],"wp:featuredmedia":[{"embeddable":true,"href":"https:\/\/ziolazycia.com\/nowa\/wp-json\/wp\/v2\/media\/9476"}],"wp:attachment":[{"href":"https:\/\/ziolazycia.com\/nowa\/wp-json\/wp\/v2\/media?parent=1128"}],"wp:term":[{"taxonomy":"product_brand","embeddable":true,"href":"https:\/\/ziolazycia.com\/nowa\/wp-json\/wp\/v2\/product_brand?post=1128"},{"taxonomy":"product_cat","embeddable":true,"href":"https:\/\/ziolazycia.com\/nowa\/wp-json\/wp\/v2\/product_cat?post=1128"},{"taxonomy":"product_tag","embeddable":true,"href":"https:\/\/ziolazycia.com\/nowa\/wp-json\/wp\/v2\/product_tag?post=1128"}],"curies":[{"name":"wp","href":"https:\/\/api.w.org\/{rel}","templated":true}]}}