{"id":11198,"date":"2025-03-05T14:48:30","date_gmt":"2025-03-05T13:48:30","guid":{"rendered":"https:\/\/ziolazycia.com\/nowa\/?post_type=product&#038;p=11198"},"modified":"2025-11-26T15:59:32","modified_gmt":"2025-11-26T14:59:32","slug":"kup-jako-prezent-%f0%9f%8e%81","status":"publish","type":"product","link":"https:\/\/ziolazycia.com\/nowa\/product\/kup-jako-prezent-%f0%9f%8e%81\/","title":{"rendered":"Kup jako prezent \ud83c\udf81"},"content":{"rendered":"","protected":false},"excerpt":{"rendered":"<p><strong>BON PODARUNKOWY<\/strong><\/p>\n<p class=\"cvGsUA direction-ltr align-start para-style-body\"><span class=\"OYPEnA font-feature-liga-off font-feature-clig-off font-feature-calt-off text-decoration-none text-strikethrough-none\">Wyj\u0105tkowy prezent dla bliskiej osoby na<\/span> <span class=\"OYPEnA font-feature-liga-off font-feature-clig-off font-feature-calt-off text-decoration-none text-strikethrough-none\">konsultacj\u0119 z Ann\u0105 Kosmal\u0105, do\u015bwiadczon\u0105 naturopatk\u0105, psychologiem, dietetyczk\u0105 oraz konsultantk\u0105 Ajurwedy.<\/span><\/p>\n<p class=\"cvGsUA direction-ltr align-start para-style-body\"><span class=\"OYPEnA font-feature-liga-off font-feature-clig-off font-feature-calt-off text-decoration-none text-strikethrough-none\">Podczas konsultacji na \u017cywo w gabinecie w \u0141odzi lub online, obdarowana osoba otrzyma spersonalizowane wsparcie, a w nim:<\/span><\/p>\n<p class=\"cvGsUA direction-ltr align-start para-style-body\"><span class=\"OYPEnA font-feature-liga-off font-feature-clig-off font-feature-calt-off text-decoration-none text-strikethrough-none\">\u2714\ufe0f indywidualne zalecenia dotycz\u0105ce zi\u00f3\u0142 i naturalnej suplementacji,<\/span><\/p>\n<p class=\"cvGsUA direction-ltr align-start para-style-body\"><span class=\"OYPEnA font-feature-liga-off font-feature-clig-off font-feature-calt-off text-decoration-none text-strikethrough-none\">\u2714\ufe0f wsparcie w zakresie zdrowego stylu \u017cycia i holistycznej profilaktyki,<\/span><\/p>\n<p class=\"cvGsUA direction-ltr align-start para-style-body\"><span class=\"OYPEnA font-feature-liga-off font-feature-clig-off font-feature-calt-off text-decoration-none text-strikethrough-none\">\u2714\ufe0f porady dotycz\u0105ce kompleksowego dbania o zdrowie i od\u017cywiania dopasowanego do indywidualnych potrzeb, a tak\u017ce r\u00f3wnowagi psychicznej i emocjonalnej,<\/span><\/p>\n<p class=\"cvGsUA direction-ltr align-start para-style-body\"><span class=\"OYPEnA font-feature-liga-off font-feature-clig-off font-feature-calt-off text-decoration-none text-strikethrough-none\">\u2714\ufe0f wskaz\u00f3wki na temat naturalnych metod wspierania organizmu.<\/span><\/p>\n","protected":false},"featured_media":11199,"comment_status":"open","ping_status":"closed","template":"","meta":[],"product_brand":[],"product_cat":[75],"product_tag":[],"class_list":{"0":"post-11198","1":"product","2":"type-product","3":"status-publish","4":"has-post-thumbnail","6":"product_cat-konsultacje","8":"first","9":"instock","10":"downloadable","11":"virtual","12":"taxable","13":"purchasable","14":"product-type-simple"},"_links":{"self":[{"href":"https:\/\/ziolazycia.com\/nowa\/wp-json\/wp\/v2\/product\/11198","targetHints":{"allow":["GET"]}}],"collection":[{"href":"https:\/\/ziolazycia.com\/nowa\/wp-json\/wp\/v2\/product"}],"about":[{"href":"https:\/\/ziolazycia.com\/nowa\/wp-json\/wp\/v2\/types\/product"}],"replies":[{"embeddable":true,"href":"https:\/\/ziolazycia.com\/nowa\/wp-json\/wp\/v2\/comments?post=11198"}],"wp:featuredmedia":[{"embeddable":true,"href":"https:\/\/ziolazycia.com\/nowa\/wp-json\/wp\/v2\/media\/11199"}],"wp:attachment":[{"href":"https:\/\/ziolazycia.com\/nowa\/wp-json\/wp\/v2\/media?parent=11198"}],"wp:term":[{"taxonomy":"product_brand","embeddable":true,"href":"https:\/\/ziolazycia.com\/nowa\/wp-json\/wp\/v2\/product_brand?post=11198"},{"taxonomy":"product_cat","embeddable":true,"href":"https:\/\/ziolazycia.com\/nowa\/wp-json\/wp\/v2\/product_cat?post=11198"},{"taxonomy":"product_tag","embeddable":true,"href":"https:\/\/ziolazycia.com\/nowa\/wp-json\/wp\/v2\/product_tag?post=11198"}],"curies":[{"name":"wp","href":"https:\/\/api.w.org\/{rel}","templated":true}]}}