{"id":1049,"date":"2023-11-29T16:41:26","date_gmt":"2023-11-29T15:41:26","guid":{"rendered":"https:\/\/ziolazycia.com\/nowa\/?post_type=product&#038;p=1049"},"modified":"2025-11-26T15:58:24","modified_gmt":"2025-11-26T14:58:24","slug":"cascara-sagrada-450-mg-100-kapsulek-now-foods","status":"publish","type":"product","link":"https:\/\/ziolazycia.com\/nowa\/product\/cascara-sagrada-450-mg-100-kapsulek-now-foods\/","title":{"rendered":"Cascara Sagrada 450 mg 100 kapsu\u0142ek"},"content":{"rendered":"<p><strong> Kruszyna ameryka\u0144ska<\/strong> <strong>(Rhamnus purshiana)<\/strong> mo\u017ce wykazywa\u0107 pozytywny wp\u0142yw na prac\u0119 \u017co\u0142\u0105dka, w\u0105troby i trzustki<\/p>\n<p><strong>Zawarto\u015b\u0107 opakowania<\/strong>:\u00a0100 kapsu\u0142ek r\u00f3wnie\u017c dla wegetarian<\/p>\n<p><strong>Dzienne spo\u017cycie<\/strong>:\u00a01 wege kapsu\u0142ka<\/p>\n<p>&nbsp;<\/p>\n<p><strong>Sk\u0142adniki aktywne:<\/strong><\/p>\n<table width=\"100%\">\n<thead>\n<tr>\n<td><\/td>\n<td width=\"23%\">1 kapsu\u0142ka<\/td>\n<td width=\"1%\"><\/td>\n<\/tr>\n<\/thead>\n<tbody>\n<tr>\n<td>Cascara sagrada (Rhamnus purshiana)(kora)<\/td>\n<td width=\"23%\">450 mg<\/td>\n<td width=\"1%\"><\/td>\n<\/tr>\n<\/tbody>\n<\/table>\n<p><strong>Sk\u0142adniki:<\/strong> Cascara sagrada sproszkowana kora szak\u0142aka lub inaczej kruszyny ameryka\u0144skiej (Rhamnus purshiana), substancja glazuruj\u0105ca (hydroksypropylometyloceluloza), substancja przeciwzbrylaj\u0105ca (kwasy t\u0142uszczowe).<\/p>\n<h2>Cascara Sagrada 450 mg &#8211; spos\u00f3b u\u017cycia:<\/h2>\n<p>1 kapsu\u0142ka raz dziennie przed snem, popijaj\u0105c pe\u0142n\u0105 szklank\u0105 wody.<\/p>\n<p>Nie przekracza\u0107 zalecanej porcji do spo\u017cycia w ci\u0105gu dnia. Produkt nie mo\u017ce by\u0107 stosowany jako substytut zr\u00f3\u017cnicowanej diety. Wa\u017cne jest stosowanie zr\u00f3\u017cnicowanej i zbilansowanej diety oraz prowadzenie zdrowego trybu \u017cycia.<\/p>\n<p><strong>Przechowywanie:<\/strong><\/p>\n<p>Przechowywa\u0107 w temperaturze pokojowej w suchym i ciemnym miejscu, z dala od ma\u0142ych dzieci. Nie u\u017cywa\u0107, je\u015bli opakowanie by\u0142o uszkodzone lub ze zdj\u0119t\u0105 foli\u0105.<\/p>\n<p><strong>Ostrze\u017cenie:<\/strong><\/p>\n<p>Kobiety ci\u0119\u017carne, karmi\u0105ce, osoby maj\u0105ce problemy z w\u0105trob\u0105, wrzody \u017co\u0142\u0105dka, cukrzyc\u0119, dn\u0119 moczanow\u0105 itp.) przed stosowaniem preparatu preparatu Cascara Sagrada 450 mg powinny skonsultowa\u0107 si\u0119 z lekarzem. Na pocz\u0105tku stosowania mog\u0105 wyst\u0105pi\u0107 przej\u015bciowe objawy ze strony przewodu pokarmowego. Je\u017celi objawy te nie ust\u0105pi\u0105, nale\u017cy skonsultowa\u0107 si\u0119 z lekarzem. Nie stosowa\u0107 przy rozwijaj\u0105cej si\u0119 biegunce, lu\u017anych stolcach, czy b\u00f3lach brzucha. Nie zwi\u0119ksza\u0107 zalecanej dawki. Do kr\u00f3tkotrwa\u0142ego u\u017cytku: w spos\u00f3b ci\u0105g\u0142y nie stosowa\u0107 d\u0142u\u017cej ni\u017c przez 1 tydzie\u0144.<\/p>\n<p><strong>Producent:<\/strong><\/p>\n<p>Now Foods<br \/>\n395 S. Glen Ellyn Road<br \/>\nIL 60108 Bloomingdale, Stany Zjednoczone<\/p>\n","protected":false},"excerpt":{"rendered":"<p><strong>Suplement diety<\/strong><\/p>\n<h2>Prawid\u0142owa praca jelit<\/h2>\n<p>Suplement diety, kt\u00f3rego g\u0142\u00f3wnym sk\u0142adnikiem jest sproszkowana kora szak\u0142aka ameryka\u0144skiego (Rhamnus purshiana).<\/p>\n","protected":false},"featured_media":9432,"comment_status":"closed","ping_status":"closed","template":"","meta":[],"product_brand":[],"product_cat":[72],"product_tag":[],"class_list":{"0":"post-1049","1":"product","2":"type-product","3":"status-publish","4":"has-post-thumbnail","6":"product_cat-suplementy-diety","8":"first","9":"instock","10":"sale","11":"taxable","12":"shipping-taxable","13":"purchasable","14":"product-type-simple"},"_links":{"self":[{"href":"https:\/\/ziolazycia.com\/nowa\/wp-json\/wp\/v2\/product\/1049","targetHints":{"allow":["GET"]}}],"collection":[{"href":"https:\/\/ziolazycia.com\/nowa\/wp-json\/wp\/v2\/product"}],"about":[{"href":"https:\/\/ziolazycia.com\/nowa\/wp-json\/wp\/v2\/types\/product"}],"replies":[{"embeddable":true,"href":"https:\/\/ziolazycia.com\/nowa\/wp-json\/wp\/v2\/comments?post=1049"}],"wp:featuredmedia":[{"embeddable":true,"href":"https:\/\/ziolazycia.com\/nowa\/wp-json\/wp\/v2\/media\/9432"}],"wp:attachment":[{"href":"https:\/\/ziolazycia.com\/nowa\/wp-json\/wp\/v2\/media?parent=1049"}],"wp:term":[{"taxonomy":"product_brand","embeddable":true,"href":"https:\/\/ziolazycia.com\/nowa\/wp-json\/wp\/v2\/product_brand?post=1049"},{"taxonomy":"product_cat","embeddable":true,"href":"https:\/\/ziolazycia.com\/nowa\/wp-json\/wp\/v2\/product_cat?post=1049"},{"taxonomy":"product_tag","embeddable":true,"href":"https:\/\/ziolazycia.com\/nowa\/wp-json\/wp\/v2\/product_tag?post=1049"}],"curies":[{"name":"wp","href":"https:\/\/api.w.org\/{rel}","templated":true}]}}